{"id":999,"date":"2019-02-05T09:35:27","date_gmt":"2019-02-05T11:35:27","guid":{"rendered":"http:\/\/personalbiker.com.br\/lojapb\/?post_type=product&#038;p=999"},"modified":"2019-12-24T09:17:21","modified_gmt":"2019-12-24T12:17:21","slug":"capacete-shiro-funny-sh-881","status":"publish","type":"product","link":"https:\/\/personalbiker.com.br\/lojapb\/produto\/capacete-shiro-funny-sh-881\/","title":{"rendered":"Capacete  SHIRO FUNNY Sh-881"},"content":{"rendered":"","protected":false},"excerpt":{"rendered":"<h3 class=\"item-title__primary \">O Funny foi inspirado nos grafites dos anos 80 das cidades europeias . As imagens, formas e palavras comp\u00f5em o design divertido que encanta quem \u00e9 apaixonado pela vida urbana. Praticamente \u00fanico em seu estilo, um modelo cartoon old school que \u00e9 sin\u00f4nimo de sucesso tamb\u00e9m fora do Brasil.<br \/>\nCASCO<br \/>\n\u2022 Moderno, leve, resistente e com excelente vis\u00e3o perif\u00e9rica.<br \/>\n\u2022 Confeccionado em resina termopl\u00e1stica ABS &#8211; HP (High Pressure ABS Technology).<br \/>\n\u2022 Base do casco desenhada para uma melhor prote\u00e7\u00e3o cervical.<br \/>\n\u2022 Design aerodin\u00e2mico.<br \/>\n\u2022 Excelente fluxo de ar (entrada e sa\u00edda).<br \/>\n\u2022 Pintura externa com prote\u00e7\u00e3o UV.<br \/>\nCASCO INTERNO (EPS)<br \/>\n\u2022 C\u00e2maras t\u00e9cnicas e canais que proporcionam a absor\u00e7\u00e3o do impacto e um fluxo de ar cont\u00ednuo.<\/h3>\n<p>Imagens meramente ilustrativas<\/p>\n","protected":false},"featured_media":1001,"template":"","meta":[],"product_brand":[],"product_cat":[95],"product_tag":[],"class_list":{"0":"post-999","1":"product","2":"type-product","3":"status-publish","4":"has-post-thumbnail","6":"product_cat-shiro","7":"pa_cor-branco","8":"pa_tamanho-74","9":"pa_tamanho-75","11":"first","12":"outofstock","13":"shipping-taxable","14":"purchasable","15":"product-type-variable"},"_links":{"self":[{"href":"https:\/\/personalbiker.com.br\/lojapb\/wp-json\/wp\/v2\/product\/999","targetHints":{"allow":["GET"]}}],"collection":[{"href":"https:\/\/personalbiker.com.br\/lojapb\/wp-json\/wp\/v2\/product"}],"about":[{"href":"https:\/\/personalbiker.com.br\/lojapb\/wp-json\/wp\/v2\/types\/product"}],"wp:featuredmedia":[{"embeddable":true,"href":"https:\/\/personalbiker.com.br\/lojapb\/wp-json\/wp\/v2\/media\/1001"}],"wp:attachment":[{"href":"https:\/\/personalbiker.com.br\/lojapb\/wp-json\/wp\/v2\/media?parent=999"}],"wp:term":[{"taxonomy":"product_brand","embeddable":true,"href":"https:\/\/personalbiker.com.br\/lojapb\/wp-json\/wp\/v2\/product_brand?post=999"},{"taxonomy":"product_cat","embeddable":true,"href":"https:\/\/personalbiker.com.br\/lojapb\/wp-json\/wp\/v2\/product_cat?post=999"},{"taxonomy":"product_tag","embeddable":true,"href":"https:\/\/personalbiker.com.br\/lojapb\/wp-json\/wp\/v2\/product_tag?post=999"}],"curies":[{"name":"wp","href":"https:\/\/api.w.org\/{rel}","templated":true}]}}