{"id":9936,"date":"2020-12-09T11:42:19","date_gmt":"2020-12-09T14:42:19","guid":{"rendered":"http:\/\/personalbiker.com.br\/lojapb\/?post_type=product&#038;p=9936"},"modified":"2022-08-17T15:27:48","modified_gmt":"2022-08-17T18:27:48","slug":"capacete-bicicleta-adulto-sinalizador-led-inmold-nero-absolute","status":"publish","type":"product","link":"https:\/\/personalbiker.com.br\/lojapb\/produto\/capacete-bicicleta-adulto-sinalizador-led-inmold-nero-absolute\/","title":{"rendered":"Capacete Bicicleta Adulto Sinalizador Led Inmold- Nero Absolute verde G"},"content":{"rendered":"","protected":false},"excerpt":{"rendered":"<p>CAPACETE CICLISMO ABSOLUTE NERO COM PISTA DE LED<\/p>\n<p>Marca: Absolute<\/p>\n<p>Modelo: Nero<\/p>\n<p>Material: Pol\u00edmero termopl\u00e1stico e EPS<\/p>\n<p>Tamanho G: (58cm \/ 62 cm)<\/p>\n<p>Cor: Verde<\/p>\n<p>Estilo: Mtb \/ Speed<\/p>\n<p>Peso: 200 g<\/p>\n<p>N\u00famero de aberturas: 20<\/p>\n<p>G\u00eanero: Unissex<\/p>\n<p>O forro remov\u00edvel e lav\u00e1vel para que se tenha um capacete por mais tempo.<\/p>\n<p>Sua viseira (aba) tamb\u00e9m \u00e9 remov\u00edvel<\/p>\n<p>Luz traseira (led\/pisca) com tr\u00eas fun\u00e7\u00f5es diferentes (cont\u00ednuo, pisca e strobo), acoplada ao produto, trazendo mais seguran\u00e7a ao ciclista durante os pedais noturnos.<\/p>\n<p>Fitas nas laterais com regulagem de tamanho, proporcionando um ajuste mais preciso, seguro e confort\u00e1vel.<\/p>\n","protected":false},"featured_media":9937,"template":"","meta":[],"product_brand":[],"product_cat":[341],"product_tag":[],"class_list":{"0":"post-9936","1":"product","2":"type-product","3":"status-publish","4":"has-post-thumbnail","6":"product_cat-capacete-ciclista","7":"pa_cor-verde","8":"pa_tamanho-g","10":"first","11":"instock","12":"shipping-taxable","13":"purchasable","14":"product-type-simple"},"_links":{"self":[{"href":"https:\/\/personalbiker.com.br\/lojapb\/wp-json\/wp\/v2\/product\/9936","targetHints":{"allow":["GET"]}}],"collection":[{"href":"https:\/\/personalbiker.com.br\/lojapb\/wp-json\/wp\/v2\/product"}],"about":[{"href":"https:\/\/personalbiker.com.br\/lojapb\/wp-json\/wp\/v2\/types\/product"}],"wp:featuredmedia":[{"embeddable":true,"href":"https:\/\/personalbiker.com.br\/lojapb\/wp-json\/wp\/v2\/media\/9937"}],"wp:attachment":[{"href":"https:\/\/personalbiker.com.br\/lojapb\/wp-json\/wp\/v2\/media?parent=9936"}],"wp:term":[{"taxonomy":"product_brand","embeddable":true,"href":"https:\/\/personalbiker.com.br\/lojapb\/wp-json\/wp\/v2\/product_brand?post=9936"},{"taxonomy":"product_cat","embeddable":true,"href":"https:\/\/personalbiker.com.br\/lojapb\/wp-json\/wp\/v2\/product_cat?post=9936"},{"taxonomy":"product_tag","embeddable":true,"href":"https:\/\/personalbiker.com.br\/lojapb\/wp-json\/wp\/v2\/product_tag?post=9936"}],"curies":[{"name":"wp","href":"https:\/\/api.w.org\/{rel}","templated":true}]}}