{"id":8500,"date":"2019-10-01T12:23:58","date_gmt":"2019-10-01T15:23:58","guid":{"rendered":"http:\/\/personalbiker.com.br\/lojapb\/?post_type=product&#038;p=8500"},"modified":"2022-03-10T11:27:29","modified_gmt":"2022-03-10T14:27:29","slug":"capacete-pro-tork-new-liberty-four","status":"publish","type":"product","link":"https:\/\/personalbiker.com.br\/lojapb\/produto\/capacete-pro-tork-new-liberty-four\/","title":{"rendered":"Capacete Pro Tork New Liberty FOUR"},"content":{"rendered":"","protected":false},"excerpt":{"rendered":"<p>O capacete New Liberty Four, inova em seu transfer e design, se mantendo l\u00edder de vendas no mercado, com novas tecnologias e modelo. Desenvolvido com mat\u00e9ria prima de alta qualidade, garante ao motociclista seguran\u00e7a e conforto.<br \/>\nPara reduzir custos e garantir a qualidade final dos produtos, a Pro Tork decidiu controlar todas as fases de produ\u00e7\u00e3o de uma motocicleta. Hoje a empresa, com sede em Siqueira Campos, \u00e9 a maior fabricante de moto pe\u00e7as da Am\u00e9rica Latina. Instru\u00e7\u00f5es e Cuidados: Manter a parte interna em local seco e arejado, principalmente ap\u00f3s o uso.<br \/>\n&#8211; Certificado pelo INMETRO<br \/>\nCor: Prata<br \/>\nCasco: Injetado em termopl\u00e1stico Abs<br \/>\nViseira: Transparente em policarbonato<br \/>\nEspessura &#8211; Viseira: 2 mm<br \/>\nCinta jugular: Sistema de fecho microm\u00e9trico<br \/>\nForro: Antial\u00e9rgico<br \/>\nSistema de ventila\u00e7\u00e3o: Frontal<br \/>\nIsopor interno: Aletas para absor\u00e7\u00e3o e dissipa\u00e7\u00e3o de choque<br \/>\nSelo INMETRO: 001695-2012 &#8211; Nbr 7471<br \/>\nMarca: Pro Tork<br \/>\nConte\u00fado da embalagem: 1 Capacete<br \/>\nDimens\u00f5es aproximadas do produto: 34 x 25 x 26 cm (A x L x P)<br \/>\nPeso aproximado do produto: 1,6 Kg<br \/>\nInforma\u00e7\u00f5es Adicionais: Design aerodin\u00e2mico arrojado<br \/>\nImagens meramente ilustrativas.<\/p>\n","protected":false},"featured_media":8502,"template":"","meta":[],"product_brand":[],"product_cat":[52],"product_tag":[],"class_list":{"0":"post-8500","1":"product","2":"type-product","3":"status-publish","4":"has-post-thumbnail","6":"product_cat-pro-tork","7":"pa_cor-prata","8":"pa_tamanho-74","10":"first","11":"outofstock","12":"shipping-taxable","13":"purchasable","14":"product-type-variable"},"_links":{"self":[{"href":"https:\/\/personalbiker.com.br\/lojapb\/wp-json\/wp\/v2\/product\/8500","targetHints":{"allow":["GET"]}}],"collection":[{"href":"https:\/\/personalbiker.com.br\/lojapb\/wp-json\/wp\/v2\/product"}],"about":[{"href":"https:\/\/personalbiker.com.br\/lojapb\/wp-json\/wp\/v2\/types\/product"}],"wp:featuredmedia":[{"embeddable":true,"href":"https:\/\/personalbiker.com.br\/lojapb\/wp-json\/wp\/v2\/media\/8502"}],"wp:attachment":[{"href":"https:\/\/personalbiker.com.br\/lojapb\/wp-json\/wp\/v2\/media?parent=8500"}],"wp:term":[{"taxonomy":"product_brand","embeddable":true,"href":"https:\/\/personalbiker.com.br\/lojapb\/wp-json\/wp\/v2\/product_brand?post=8500"},{"taxonomy":"product_cat","embeddable":true,"href":"https:\/\/personalbiker.com.br\/lojapb\/wp-json\/wp\/v2\/product_cat?post=8500"},{"taxonomy":"product_tag","embeddable":true,"href":"https:\/\/personalbiker.com.br\/lojapb\/wp-json\/wp\/v2\/product_tag?post=8500"}],"curies":[{"name":"wp","href":"https:\/\/api.w.org\/{rel}","templated":true}]}}

<p>O capacete New Liberty Four, inova em seu transfer e design, se mantendo líder de vendas no mercado, com novas tecnologias e modelo. Desenvolvido com matéria prima de alta qualidade, garante ao motociclista segurança e conforto.<br />
Para reduzir custos e garantir a qualidade final dos produtos, a Pro Tork decidiu controlar todas as fases de produção de uma motocicleta. Hoje a empresa, com sede em Siqueira Campos, é a maior fabricante de moto peças da América Latina. Instruções e Cuidados: Manter a parte interna em local seco e arejado, principalmente após o uso.<br />
&#8211; Certificado pelo INMETRO<br />
Cor: Prata<br />
Casco: Injetado em termoplástico Abs<br />
Viseira: Transparente em policarbonato<br />
Espessura &#8211; Viseira: 2 mm<br />
Cinta jugular: Sistema de fecho micrométrico<br />
Forro: Antialérgico<br />
Sistema de ventilação: Frontal<br />
Isopor interno: Aletas para absorção e dissipação de choque<br />
Selo INMETRO: 001695-2012 &#8211; Nbr 7471<br />
Marca: Pro Tork<br />
Conteúdo da embalagem: 1 Capacete<br />
Dimensões aproximadas do produto: 34 x 25 x 26 cm (A x L x P)<br />
Peso aproximado do produto: 1,6 Kg<br />
Informações Adicionais: Design aerodinâmico arrojado<br />
Imagens meramente ilustrativas.</p>
