{"id":8478,"date":"2019-09-30T15:48:12","date_gmt":"2019-09-30T18:48:12","guid":{"rendered":"http:\/\/personalbiker.com.br\/lojapb\/?post_type=product&#038;p=8478"},"modified":"2022-08-19T16:43:58","modified_gmt":"2022-08-19T19:43:58","slug":"cotoveleira-titanium-pro-tork","status":"publish","type":"product","link":"https:\/\/personalbiker.com.br\/lojapb\/produto\/cotoveleira-titanium-pro-tork\/","title":{"rendered":"Cotoveleira Titanium Pro Tork"},"content":{"rendered":"","protected":false},"excerpt":{"rendered":"<p>Os cotovelos s\u00e3o uma das partes que mais sofrem nas quedas, e \u00e9 importante possuir uma cotoveleira para protege-los, pensando nisso a Pro Tork desenvolve a \u00a0Cotoveleira Pro Tork Titaniun. Prote\u00e7\u00e3o no Motocross e na Trilha \u00e9 fundamental.<\/p>\n<p>Caracter\u00edsticas:<\/p>\n<p>Em pl\u00e1stico injetado;<br \/>\nEl\u00e1stico para o melhor ajuste;<br \/>\nPre\u00e7o referente ao PAR;<br \/>\nDispon\u00edvel nos tamanhos: G<br \/>\nGarantia de 30 dias contra defeito de fabrica\u00e7\u00e3o.<\/p>\n<p>Tamanho G: Comprimento 31 cm e Circunfer\u00eancia 33 cm<br \/>\nTamanho P: Comprimento 31 cm e Circunfer\u00eancia 30 cm<br \/>\nTamanho M: Comprimento 31 cm e Circunfer\u00eancia 31cm<\/p>\n","protected":false},"featured_media":8480,"template":"","meta":[],"product_brand":[],"product_cat":[27],"product_tag":[],"class_list":{"0":"post-8478","1":"product","2":"type-product","3":"status-publish","4":"has-post-thumbnail","6":"product_cat-jaquetas-calcas","7":"pa_tamanho-g","8":"pa_tamanho-gg","9":"pa_tamanho-m","10":"pa_tamanho-p","12":"first","13":"instock","14":"shipping-taxable","15":"purchasable","16":"product-type-variable"},"_links":{"self":[{"href":"https:\/\/personalbiker.com.br\/lojapb\/wp-json\/wp\/v2\/product\/8478","targetHints":{"allow":["GET"]}}],"collection":[{"href":"https:\/\/personalbiker.com.br\/lojapb\/wp-json\/wp\/v2\/product"}],"about":[{"href":"https:\/\/personalbiker.com.br\/lojapb\/wp-json\/wp\/v2\/types\/product"}],"wp:featuredmedia":[{"embeddable":true,"href":"https:\/\/personalbiker.com.br\/lojapb\/wp-json\/wp\/v2\/media\/8480"}],"wp:attachment":[{"href":"https:\/\/personalbiker.com.br\/lojapb\/wp-json\/wp\/v2\/media?parent=8478"}],"wp:term":[{"taxonomy":"product_brand","embeddable":true,"href":"https:\/\/personalbiker.com.br\/lojapb\/wp-json\/wp\/v2\/product_brand?post=8478"},{"taxonomy":"product_cat","embeddable":true,"href":"https:\/\/personalbiker.com.br\/lojapb\/wp-json\/wp\/v2\/product_cat?post=8478"},{"taxonomy":"product_tag","embeddable":true,"href":"https:\/\/personalbiker.com.br\/lojapb\/wp-json\/wp\/v2\/product_tag?post=8478"}],"curies":[{"name":"wp","href":"https:\/\/api.w.org\/{rel}","templated":true}]}}