{"id":8433,"date":"2019-09-30T10:36:05","date_gmt":"2019-09-30T13:36:05","guid":{"rendered":"http:\/\/personalbiker.com.br\/lojapb\/?post_type=product&#038;p=8433"},"modified":"2022-08-19T15:47:01","modified_gmt":"2022-08-19T18:47:01","slug":"cadeirinha-kid-bike-vb-traseira-ralf","status":"publish","type":"product","link":"https:\/\/personalbiker.com.br\/lojapb\/produto\/cadeirinha-kid-bike-vb-traseira-ralf\/","title":{"rendered":"Cadeirinha kid bike  traseira  kalf"},"content":{"rendered":"","protected":false},"excerpt":{"rendered":"<p><span class=\"style5\">FIXA\u00c7\u00c3O:<\/span><br \/>\nFixado sobre bagageiro, atr\u00e1s do condutor.<br \/>\n\u00c9 necess\u00e1ria a instala\u00e7\u00e3o do bagageiro previamente. O bagageiro n\u00e3o acompanha a cadeirinha.<br \/>\n<strong>ATEN\u00c7\u00c3O:<\/strong>Nem todos os bagageiros s\u00e3o compat\u00edveis. Verifique antes da compra. O limite de peso suportado pelo bagageiro varia de acordo com o fabricante. Consulte instru\u00e7\u00f5es do seu bagageiro antes de instalar a cadeirinha. A cadeirinha pesa 1,5Kg. Voc\u00ea dever\u00e1 somar os pesos da crian\u00e7a e da cadeirinha para verificar se o bagageiro suporta o peso total.<\/p>\n<p><span class=\"style5\">INDICA\u00c7\u00c3O:<\/span><br \/>\nDeve ser utilizado por crian\u00e7as que sejam capazes de sentar-se sozinhas (aproximadamente 9 meses), at\u00e9 crian\u00e7as com 25 Kg (aproximadamente 5 anos). Ser\u00e1 utilizada a maior parte do tempo por crian\u00e7as em torno de 2 anos.<\/p>\n<p><span class=\"style5\">SEGURAN\u00c7A:<\/span><br \/>\n&#8211; Cadeirinha robusta, produzida em pl\u00e1stico polipropileno (PP) de alta resist\u00eancia;<br \/>\n&#8211; Cinto de seguran\u00e7a de 3 pontos;<br \/>\n&#8211; Conjunto met\u00e1lico de fixa\u00e7\u00e3o;<br \/>\n&#8211; Talas laterais para prote\u00e7\u00e3o de pernas e p\u00e9s.<\/p>\n<p><span class=\"style5\">CONFORTO:<\/span><br \/>\n&#8211; Almofada de espuma (Poliuretano) no assento;<br \/>\n&#8211; Cadeirinha com formato anat\u00f4mico, com cantos arredondados;<br \/>\n&#8211; Possui manopla para apoio das m\u00e3os.<\/p>\n<p><span class=\"style5\">GARANTIA:<\/span><br \/>\n&#8211; Garantia de 1 ano contra defeitos de fabrica\u00e7\u00e3o.<\/p>\n<p><span class=\"style5\">AVISOS:<\/span><br \/>\n<strong>&#8211; ATEN\u00c7\u00c3O:\u00a0\u00a0<\/strong>Todas as fixa\u00e7\u00f5es dever\u00e3o ser examinadas com cuidado, a todo in\u00edcio de uso, para verificar se est\u00e3o firmemente fixados. Repita essa opera\u00e7\u00e3o sempre a cada in\u00edcio de uso. Verifique todos os parafusos, encaixes e o cinto de seguran\u00e7a. Dispositivos de seguran\u00e7a adicionais devem ser sempre bem ajustados.<br \/>\n<strong>&#8211; ATEN\u00c7\u00c3O:<\/strong>\u00a0Verifique se a crian\u00e7a n\u00e3o ter\u00e1 contato com partes pontiagudas, molas ou outras partes que poder\u00e3o machuc\u00e1-la, cobrindo as \u00e1reas e evitando o contato.<br \/>\n<strong>&#8211; ADVERT\u00caNCIA:<\/strong>\u00a0N\u00e3o instale duas ou mais cadeirinhas iguais na mesma bicicleta. Caso precise de uma cadeirinha a mais, fa\u00e7a a segunda instala\u00e7\u00e3o na extremidade oposta, sempre considerando condi\u00e7\u00f5es de peso, tamanho e idade da crian\u00e7a e o modelo apropriado de cadeirinha.<br \/>\n<strong>&#8211; AVISO:<\/strong>\u00a0N\u00e3o altere a cadeirinha, nem o modo normal de fixa\u00e7\u00e3o. N\u00e3o instale acess\u00f3rios ou objetos que n\u00e3o foram projetados para a cadeirinha.<br \/>\n<strong>&#8211; ATEN\u00c7\u00c3O:<\/strong>\u00a0Ao adormecer na cadeirinha, a crian\u00e7a passa a comportar-se aleatoriamente. Nesse momento o condutor dever\u00e1 redobrar a aten\u00e7\u00e3o para que a crian\u00e7a n\u00e3o se machuque, n\u00e3o se desprenda do cinto de seguran\u00e7a ou seja apertada por ele. A crian\u00e7a deve sempre usar capacete.<br \/>\n<strong>&#8211; ATEN\u00c7\u00c3O:<\/strong>\u00a0N\u00e3o use a cadeirinha se alguma parte estiver quebrada ou se a fixa\u00e7\u00e3o estiver danificada.<br \/>\n<strong>&#8211; ATEN\u00c7\u00c3O:<\/strong>\u00a0N\u00e3o deixe a crian\u00e7a sozinha na cadeirinha com sua bicicleta estacionada. \u00c9 necess\u00e1ria a supervis\u00e3o e o acompanhamento de um adulto ou respons\u00e1vel.<br \/>\n<strong>&#8211; ATEN\u00c7\u00c3O:<\/strong>\u00a0A bicicleta se comporta de maneira diferente com uma crian\u00e7a na cadeirinha. Verifique antes de utiliza-la com a crian\u00e7a.<\/p>\n<p>imagens meramente ilustrativas<\/p>\n","protected":false},"featured_media":8435,"template":"","meta":[],"product_brand":[],"product_cat":[281],"product_tag":[],"class_list":{"0":"post-8433","1":"product","2":"type-product","3":"status-publish","4":"has-post-thumbnail","6":"product_cat-cadeirinha-infantil-p-bikes","7":"pa_cor-preto","9":"first","10":"instock","11":"shipping-taxable","12":"purchasable","13":"product-type-simple"},"_links":{"self":[{"href":"https:\/\/personalbiker.com.br\/lojapb\/wp-json\/wp\/v2\/product\/8433","targetHints":{"allow":["GET"]}}],"collection":[{"href":"https:\/\/personalbiker.com.br\/lojapb\/wp-json\/wp\/v2\/product"}],"about":[{"href":"https:\/\/personalbiker.com.br\/lojapb\/wp-json\/wp\/v2\/types\/product"}],"wp:featuredmedia":[{"embeddable":true,"href":"https:\/\/personalbiker.com.br\/lojapb\/wp-json\/wp\/v2\/media\/8435"}],"wp:attachment":[{"href":"https:\/\/personalbiker.com.br\/lojapb\/wp-json\/wp\/v2\/media?parent=8433"}],"wp:term":[{"taxonomy":"product_brand","embeddable":true,"href":"https:\/\/personalbiker.com.br\/lojapb\/wp-json\/wp\/v2\/product_brand?post=8433"},{"taxonomy":"product_cat","embeddable":true,"href":"https:\/\/personalbiker.com.br\/lojapb\/wp-json\/wp\/v2\/product_cat?post=8433"},{"taxonomy":"product_tag","embeddable":true,"href":"https:\/\/personalbiker.com.br\/lojapb\/wp-json\/wp\/v2\/product_tag?post=8433"}],"curies":[{"name":"wp","href":"https:\/\/api.w.org\/{rel}","templated":true}]}}

<p><span class="style5">FIXAÇÃO:</span><br />
Fixado sobre bagageiro, atrás do condutor.<br />
É necessária a instalação do bagageiro previamente. O bagageiro não acompanha a cadeirinha.<br />
<strong>ATENÇÃO:</strong>Nem todos os bagageiros são compatíveis. Verifique antes da compra. O limite de peso suportado pelo bagageiro varia de acordo com o fabricante. Consulte instruções do seu bagageiro antes de instalar a cadeirinha. A cadeirinha pesa 1,5Kg. Você deverá somar os pesos da criança e da cadeirinha para verificar se o bagageiro suporta o peso total.</p>
<p><span class="style5">INDICAÇÃO:</span><br />
Deve ser utilizado por crianças que sejam capazes de sentar-se sozinhas (aproximadamente 9 meses), até crianças com 25 Kg (aproximadamente 5 anos). Será utilizada a maior parte do tempo por crianças em torno de 2 anos.</p>
<p><span class="style5">SEGURANÇA:</span><br />
&#8211; Cadeirinha robusta, produzida em plástico polipropileno (PP) de alta resistência;<br />
&#8211; Cinto de segurança de 3 pontos;<br />
&#8211; Conjunto metálico de fixação;<br />
&#8211; Talas laterais para proteção de pernas e pés.</p>
<p><span class="style5">CONFORTO:</span><br />
&#8211; Almofada de espuma (Poliuretano) no assento;<br />
&#8211; Cadeirinha com formato anatômico, com cantos arredondados;<br />
&#8211; Possui manopla para apoio das mãos.</p>
<p><span class="style5">GARANTIA:</span><br />
&#8211; Garantia de 1 ano contra defeitos de fabricação.</p>
<p><span class="style5">AVISOS:</span><br />
<strong>&#8211; ATENÇÃO:  </strong>Todas as fixações deverão ser examinadas com cuidado, a todo início de uso, para verificar se estão firmemente fixados. Repita essa operação sempre a cada início de uso. Verifique todos os parafusos, encaixes e o cinto de segurança. Dispositivos de segurança adicionais devem ser sempre bem ajustados.<br />
<strong>&#8211; ATENÇÃO:</strong> Verifique se a criança não terá contato com partes pontiagudas, molas ou outras partes que poderão machucá-la, cobrindo as áreas e evitando o contato.<br />
<strong>&#8211; ADVERTÊNCIA:</strong> Não instale duas ou mais cadeirinhas iguais na mesma bicicleta. Caso precise de uma cadeirinha a mais, faça a segunda instalação na extremidade oposta, sempre considerando condições de peso, tamanho e idade da criança e o modelo apropriado de cadeirinha.<br />
<strong>&#8211; AVISO:</strong> Não altere a cadeirinha, nem o modo normal de fixação. Não instale acessórios ou objetos que não foram projetados para a cadeirinha.<br />
<strong>&#8211; ATENÇÃO:</strong> Ao adormecer na cadeirinha, a criança passa a comportar-se aleatoriamente. Nesse momento o condutor deverá redobrar a atenção para que a criança não se machuque, não se desprenda do cinto de segurança ou seja apertada por ele. A criança deve sempre usar capacete.<br />
<strong>&#8211; ATENÇÃO:</strong> Não use a cadeirinha se alguma parte estiver quebrada ou se a fixação estiver danificada.<br />
<strong>&#8211; ATENÇÃO:</strong> Não deixe a criança sozinha na cadeirinha com sua bicicleta estacionada. É necessária a supervisão e o acompanhamento de um adulto ou responsável.<br />
<strong>&#8211; ATENÇÃO:</strong> A bicicleta se comporta de maneira diferente com uma criança na cadeirinha. Verifique antes de utiliza-la com a criança.</p>
<p>imagens meramente ilustrativas</p>
