{"id":8383,"date":"2019-09-17T15:13:02","date_gmt":"2019-09-17T18:13:02","guid":{"rendered":"http:\/\/personalbiker.com.br\/lojapb\/?post_type=product&#038;p=8383"},"modified":"2019-12-17T09:39:48","modified_gmt":"2019-12-17T12:39:48","slug":"walk-machine-millenium-2019-37cc","status":"publish","type":"product","link":"https:\/\/personalbiker.com.br\/lojapb\/produto\/walk-machine-millenium-2019-37cc\/","title":{"rendered":"Walk Machine Millenium 2019 37cc"},"content":{"rendered":"","protected":false},"excerpt":{"rendered":"<ul class=\"specs-list specs-list-primary specs-structure-medium\">\n<li class=\"specs-item specs-item-primary\"><strong>Marca <\/strong>Walk Machine<\/li>\n<li class=\"specs-item specs-item-primary\"><strong>Modelo <\/strong>37cc<\/li>\n<li class=\"specs-item specs-item-primary\"><strong>Tipo de patinete <\/strong>Patinete<\/li>\n<li class=\"specs-item specs-item-primary\"><strong>Material do patinete <\/strong>Metal<\/li>\n<li class=\"specs-item specs-item-primary\"><strong>Quantidade de rodas <\/strong>2<\/li>\n<li class=\"specs-item specs-item-primary\"><strong>Idade <\/strong>Crian\u00e7as<\/li>\n<li class=\"specs-item specs-item-primary\">Walk Machine Milennium, est\u00e1 com novo design, com novas cores, integrando chassis e carenagens, e o seu novo quadro mais robusto e alto do solo , proporciona uma maior dirigibilidade e efici\u00eancia, novo coxim flexibloco, reduzindo as vibra\u00e7\u00f5es e o novo sistema de refrigera\u00e7\u00e3o for\u00e7ada, diminuindo o aquecimento do motor, aumentando a sua vida \u00fatil.<\/li>\n<li>Walk Machine o original &#8211;<\/li>\n<li>\u00a0cor vermelha<\/li>\n<li>Motor Gasolina, 2 Tempos<\/li>\n<li>Cilindrada 37 cc<\/li>\n<li>Pot\u00eancia M\u00e1xima 1 HP @ 5.500 rpm<\/li>\n<li>Refrigera\u00e7\u00e3o A ar com aletas Ram Air e For\u00e7ada<\/li>\n<li>Igni\u00e7\u00e3o Eletr\u00f4nica, CDI<\/li>\n<li>Carburador Tipo pist\u00e3o ventury 14 mm<\/li>\n<li>Lubrifica\u00e7\u00e3o \u00d3leo 2 tempos; mistura 25:1, corresponde a 40 ml por litro Recomenda\u00e7\u00e3o do Fabricante Utilizar \u00f3leo 2 tempos Mineral Lubrax ou Ipiranga Importante N\u00e3o utilizar \u00f3leo sint\u00e9tico, semi sint\u00e9tico e gasolina aditivada Tra\u00e7\u00e3o Polias e correia, 1 velocidadeEmbreagem Centrifuga, autom\u00e1ticaPeso l\u00edquido 22 Kg sem acess\u00f3riosTanque de combust\u00edvel 2,5 litrosVelocidade m\u00e1xima&#8230;&#8230;&#8230;&#8230;&#8230;&#8230;&#8230;&#8230;&#8230;&#8230;&#8230;&#8230;&#8230;&#8230;&#8230;&#8230;&#8230;&#8230;&#8230;..35 Km\/hVelocidade normal&#8230;&#8230;&#8230;&#8230;&#8230;&#8230;&#8230;&#8230;&#8230;&#8230;&#8230;&#8230;&#8230;&#8230;&#8230;&#8230;&#8230;&#8230;&#8230;&#8230;.20 Km\/hCapacidade de carga&#8230;&#8230;&#8230;&#8230;&#8230;&#8230;&#8230;&#8230;&#8230;&#8230;&#8230;&#8230;&#8230;&#8230;&#8230;&#8230;&#8230;&#8230;&#8230;.100 KgPneus&#8230;&#8230;&#8230;&#8230;&#8230;&#8230;&#8230;&#8230;&#8230;&#8230;&#8230;&#8230;&#8230;&#8230;&#8230;&#8230;com c\u00e2mara 3,25&#215;6&#8242; especialPress\u00e3o dos Pneus&#8230;&#8230;&#8230;&#8230;&#8230;&#8230;&#8230;&#8230;..20 Lbs<\/li>\n<\/ul>\n","protected":false},"featured_media":9374,"template":"","meta":[],"product_brand":[],"product_cat":[318],"product_tag":[],"class_list":{"0":"post-8383","1":"product","2":"type-product","3":"status-publish","4":"has-post-thumbnail","6":"product_cat-walk-machine","7":"pa_cor-cereja","9":"first","10":"outofstock","11":"shipping-taxable","12":"purchasable","13":"product-type-variable"},"_links":{"self":[{"href":"https:\/\/personalbiker.com.br\/lojapb\/wp-json\/wp\/v2\/product\/8383","targetHints":{"allow":["GET"]}}],"collection":[{"href":"https:\/\/personalbiker.com.br\/lojapb\/wp-json\/wp\/v2\/product"}],"about":[{"href":"https:\/\/personalbiker.com.br\/lojapb\/wp-json\/wp\/v2\/types\/product"}],"wp:featuredmedia":[{"embeddable":true,"href":"https:\/\/personalbiker.com.br\/lojapb\/wp-json\/wp\/v2\/media\/9374"}],"wp:attachment":[{"href":"https:\/\/personalbiker.com.br\/lojapb\/wp-json\/wp\/v2\/media?parent=8383"}],"wp:term":[{"taxonomy":"product_brand","embeddable":true,"href":"https:\/\/personalbiker.com.br\/lojapb\/wp-json\/wp\/v2\/product_brand?post=8383"},{"taxonomy":"product_cat","embeddable":true,"href":"https:\/\/personalbiker.com.br\/lojapb\/wp-json\/wp\/v2\/product_cat?post=8383"},{"taxonomy":"product_tag","embeddable":true,"href":"https:\/\/personalbiker.com.br\/lojapb\/wp-json\/wp\/v2\/product_tag?post=8383"}],"curies":[{"name":"wp","href":"https:\/\/api.w.org\/{rel}","templated":true}]}}