{"id":8009,"date":"2019-08-20T15:09:55","date_gmt":"2019-08-20T18:09:55","guid":{"rendered":"http:\/\/personalbiker.com.br\/lojapb\/?post_type=product&#038;p=8009"},"modified":"2021-11-11T14:33:43","modified_gmt":"2021-11-11T17:33:43","slug":"pneu-quadriciclo-22-8-12-35j-4pr-m977","status":"publish","type":"product","link":"https:\/\/personalbiker.com.br\/lojapb\/produto\/pneu-quadriciclo-22-8-12-35j-4pr-m977\/","title":{"rendered":"Pneu Quadriciclo 24\/8-12 35J 4PR M977 MAXXIS"},"content":{"rendered":"","protected":false},"excerpt":{"rendered":"<p>Pneu Maxxis Aro 12\\&#8221; 24&#215;8 &#8211; 12 4PR M977 \u00a0&#8211; Pneu QuadricicloO Maxxis M977 apresenta padr\u00e3o de piso e a ampla pegada que conferem\u00a0uma tra\u00e7\u00e3o excepcional, e suas grandes al\u00e7as de ombro ajudam a proteger as paredes laterais. Com a constru\u00e7\u00e3o radial, os\u00a0pilotos de ATV apreciar\u00e3o imediatamente a qualidade e o conforto do passeio.<\/p>\n<p>DETALHES T\u00c9CNICOS:<\/p>\n<p>Marca: Maxxis<\/p>\n<p>Modelo: M977 \u00a0&#8211; Quadriciclo<\/p>\n<p>&nbsp;<\/p>\n<p>IMAGENS MERAMENTE ILUSTRATIVAS<\/p>\n","protected":false},"featured_media":8010,"template":"","meta":[],"product_brand":[],"product_cat":[63],"product_tag":[],"class_list":{"0":"post-8009","1":"product","2":"type-product","3":"status-publish","4":"has-post-thumbnail","6":"product_cat-pneu-quadriciclo","8":"first","9":"outofstock","10":"shipping-taxable","11":"purchasable","12":"product-type-simple"},"_links":{"self":[{"href":"https:\/\/personalbiker.com.br\/lojapb\/wp-json\/wp\/v2\/product\/8009","targetHints":{"allow":["GET"]}}],"collection":[{"href":"https:\/\/personalbiker.com.br\/lojapb\/wp-json\/wp\/v2\/product"}],"about":[{"href":"https:\/\/personalbiker.com.br\/lojapb\/wp-json\/wp\/v2\/types\/product"}],"wp:featuredmedia":[{"embeddable":true,"href":"https:\/\/personalbiker.com.br\/lojapb\/wp-json\/wp\/v2\/media\/8010"}],"wp:attachment":[{"href":"https:\/\/personalbiker.com.br\/lojapb\/wp-json\/wp\/v2\/media?parent=8009"}],"wp:term":[{"taxonomy":"product_brand","embeddable":true,"href":"https:\/\/personalbiker.com.br\/lojapb\/wp-json\/wp\/v2\/product_brand?post=8009"},{"taxonomy":"product_cat","embeddable":true,"href":"https:\/\/personalbiker.com.br\/lojapb\/wp-json\/wp\/v2\/product_cat?post=8009"},{"taxonomy":"product_tag","embeddable":true,"href":"https:\/\/personalbiker.com.br\/lojapb\/wp-json\/wp\/v2\/product_tag?post=8009"}],"curies":[{"name":"wp","href":"https:\/\/api.w.org\/{rel}","templated":true}]}}