{"id":7820,"date":"2019-08-09T12:50:18","date_gmt":"2019-08-09T15:50:18","guid":{"rendered":"http:\/\/personalbiker.com.br\/lojapb\/?post_type=product&#038;p=7820"},"modified":"2024-08-09T09:19:09","modified_gmt":"2024-08-09T12:19:09","slug":"pneu-bicicleta-26-1-95-excess-levorin","status":"publish","type":"product","link":"https:\/\/personalbiker.com.br\/lojapb\/produto\/pneu-bicicleta-26-1-95-excess-levorin\/","title":{"rendered":"Pneu Bicicleta 26 1.95 EXCESS LEVORIN"},"content":{"rendered":"","protected":false},"excerpt":{"rendered":"<p>Pneu Levorin Excess Ex \u00e9 o pneu mais vendido no mercado brasileiro pois atende os requisitos de seguran\u00e7a e durabilidade atrelado ao custo acess\u00edvel a popula\u00e7\u00e3o.<br \/>\nGrande produto!<\/p>\n<p>Marca: Levorin<br \/>\nModelo: Excess Ex<br \/>\nMedida: 26&#215;1.95 (50-559)<br \/>\nTPI: 28<br \/>\nPSI:50<br \/>\nPeso Aprox:. 880 gramas Unidade<\/p>\n<p>imagens meramente ilustrativas<\/p>\n","protected":false},"featured_media":7821,"template":"","meta":[],"product_brand":[],"product_cat":[276],"product_tag":[],"class_list":{"0":"post-7820","1":"product","2":"type-product","3":"status-publish","4":"has-post-thumbnail","6":"product_cat-pneu-bicicleta","8":"first","9":"instock","10":"shipping-taxable","11":"purchasable","12":"product-type-simple"},"_links":{"self":[{"href":"https:\/\/personalbiker.com.br\/lojapb\/wp-json\/wp\/v2\/product\/7820","targetHints":{"allow":["GET"]}}],"collection":[{"href":"https:\/\/personalbiker.com.br\/lojapb\/wp-json\/wp\/v2\/product"}],"about":[{"href":"https:\/\/personalbiker.com.br\/lojapb\/wp-json\/wp\/v2\/types\/product"}],"wp:featuredmedia":[{"embeddable":true,"href":"https:\/\/personalbiker.com.br\/lojapb\/wp-json\/wp\/v2\/media\/7821"}],"wp:attachment":[{"href":"https:\/\/personalbiker.com.br\/lojapb\/wp-json\/wp\/v2\/media?parent=7820"}],"wp:term":[{"taxonomy":"product_brand","embeddable":true,"href":"https:\/\/personalbiker.com.br\/lojapb\/wp-json\/wp\/v2\/product_brand?post=7820"},{"taxonomy":"product_cat","embeddable":true,"href":"https:\/\/personalbiker.com.br\/lojapb\/wp-json\/wp\/v2\/product_cat?post=7820"},{"taxonomy":"product_tag","embeddable":true,"href":"https:\/\/personalbiker.com.br\/lojapb\/wp-json\/wp\/v2\/product_tag?post=7820"}],"curies":[{"name":"wp","href":"https:\/\/api.w.org\/{rel}","templated":true}]}}