{"id":7732,"date":"2019-08-08T12:59:07","date_gmt":"2019-08-08T15:59:07","guid":{"rendered":"http:\/\/personalbiker.com.br\/lojapb\/?post_type=product&#038;p=7732"},"modified":"2022-08-22T16:20:59","modified_gmt":"2022-08-22T19:20:59","slug":"pneu-80-100-14-49-biz-trazeiro-dakar-evo-levorin","status":"publish","type":"product","link":"https:\/\/personalbiker.com.br\/lojapb\/produto\/pneu-80-100-14-49-biz-trazeiro-dakar-evo-levorin\/","title":{"rendered":"Pneu 80\/100 14 49 BIZ TRAZEIRO DAKAR EVO LEVORIN"},"content":{"rendered":"","protected":false},"excerpt":{"rendered":"<p>Tamanho do aro: 14<br \/>\nDimens\u00e3o: 80\/100<br \/>\nAcompanha c\u00e2mara de ar: N\u00e3o<br \/>\n\u00cdndice de carga: 49 ou 185 KG<br \/>\nVelocidade: L 120 KM\/H<br \/>\nGarantia: 5 anos<\/p>\n<p>O pneu de moto Dakar Evo Aro 14 traseiro \u00e9 especialmente para motos usadas no dia a dia, e para quem busca custo benef\u00edcio. O modelo fabricado pela Levorin conta com grande rendimento quilom\u00e9trico, e n\u00e3o deixa a desejar quando se fala de seguran\u00e7a, conforto e escoamento de \u00e1gua.<\/p>\n<p>APLICA\u00c7\u00c3O:<\/p>\n<p>HONDA BIZ STD 100 CC MOTO 100 CC STD &#8211; 1998 2013<br \/>\nHONDA BIZ STD 125 CC MOTO 125 CC STD &#8211; 2006 2017<br \/>\nHONDA BIZ KS 125 CC MOTO 125 CC KS &#8211; 2006 2012<br \/>\nHONDA BIZ ES 125 CC MOTO 125 CC ES &#8211; 2006 2017<br \/>\nHONDA BIZ EX 125 CC MOTO 125 CC EX &#8211; 2011 2016<br \/>\nHONDA POP STD 100 CC MOTO 100 CC STD &#8211; 2007 2017<br \/>\nKASINSKI WIN STD 110 CC MOTO 110 CC STD &#8211; 2006 2013<br \/>\nKASINSKI WIN ELECTRA 1000W STD 1000 W EL\u00c9TRICO MOTO 1000 W EL\u00c9TRICO STD &#8211; 2012 2013<br \/>\nTRAXX SKY 50 50 CC MOTO 50 CC 50 &#8211; 2014 2016<br \/>\nTRAXX SKY PLUS 50 CC MOTO 50 CC PLUS &#8211; 2016 2016<br \/>\nTRAXX SKY STD 125 CC MOTO 125 CC STD &#8211; 2012 2017<\/p>\n<p>IMAGENS MERAMENTE ILUSTRATIVAS<\/p>\n","protected":false},"featured_media":7737,"template":"","meta":[],"product_brand":[],"product_cat":[67],"product_tag":[],"class_list":{"0":"post-7732","1":"product","2":"type-product","3":"status-publish","4":"has-post-thumbnail","6":"product_cat-pneu-moto","8":"first","9":"outofstock","10":"shipping-taxable","11":"purchasable","12":"product-type-simple"},"_links":{"self":[{"href":"https:\/\/personalbiker.com.br\/lojapb\/wp-json\/wp\/v2\/product\/7732","targetHints":{"allow":["GET"]}}],"collection":[{"href":"https:\/\/personalbiker.com.br\/lojapb\/wp-json\/wp\/v2\/product"}],"about":[{"href":"https:\/\/personalbiker.com.br\/lojapb\/wp-json\/wp\/v2\/types\/product"}],"wp:featuredmedia":[{"embeddable":true,"href":"https:\/\/personalbiker.com.br\/lojapb\/wp-json\/wp\/v2\/media\/7737"}],"wp:attachment":[{"href":"https:\/\/personalbiker.com.br\/lojapb\/wp-json\/wp\/v2\/media?parent=7732"}],"wp:term":[{"taxonomy":"product_brand","embeddable":true,"href":"https:\/\/personalbiker.com.br\/lojapb\/wp-json\/wp\/v2\/product_brand?post=7732"},{"taxonomy":"product_cat","embeddable":true,"href":"https:\/\/personalbiker.com.br\/lojapb\/wp-json\/wp\/v2\/product_cat?post=7732"},{"taxonomy":"product_tag","embeddable":true,"href":"https:\/\/personalbiker.com.br\/lojapb\/wp-json\/wp\/v2\/product_tag?post=7732"}],"curies":[{"name":"wp","href":"https:\/\/api.w.org\/{rel}","templated":true}]}}