{"id":7560,"date":"2019-07-16T15:10:51","date_gmt":"2019-07-16T18:10:51","guid":{"rendered":"http:\/\/personalbiker.com.br\/lojapb\/?post_type=product&#038;p=7560"},"modified":"2024-09-26T08:43:36","modified_gmt":"2024-09-26T11:43:36","slug":"capacete-pro-tork-attack-tri-color","status":"publish","type":"product","link":"https:\/\/personalbiker.com.br\/lojapb\/produto\/capacete-pro-tork-attack-tri-color\/","title":{"rendered":"Capacete PRO TORK ATTACK TRI COLOR"},"content":{"rendered":"","protected":false},"excerpt":{"rendered":"<p><strong>Caracter\u00cdSticas:<\/strong><br \/>\n&#8211; Possui 2 viseiras, uma em cristal e a outra interna fum\u00ea;<br \/>\n&#8211; O capacete \u00e9 fabricado em Abs, com revestimento de prote\u00e7\u00e3o em Eps;<br \/>\n&#8211; Novo forro em camur\u00e7a antial\u00e9rgico e antimofo oferece maior sensa\u00e7\u00e3o de conforto;<br \/>\n&#8211; O fecho microm\u00e9trico \u00e9 extremamente pratico;<br \/>\n&#8211; Conta ainda com estradas de ar.<\/p>\n<p>IMAGENS MERAMENTE ILUSTRATIVAS<\/p>\n","protected":false},"featured_media":7561,"template":"","meta":[],"product_brand":[],"product_cat":[52],"product_tag":[],"class_list":{"0":"post-7560","1":"product","2":"type-product","3":"status-publish","4":"has-post-thumbnail","6":"product_cat-pro-tork","7":"pa_cor-tri-color","8":"pa_tamanho-73","10":"first","11":"outofstock","12":"shipping-taxable","13":"purchasable","14":"product-type-variable"},"_links":{"self":[{"href":"https:\/\/personalbiker.com.br\/lojapb\/wp-json\/wp\/v2\/product\/7560","targetHints":{"allow":["GET"]}}],"collection":[{"href":"https:\/\/personalbiker.com.br\/lojapb\/wp-json\/wp\/v2\/product"}],"about":[{"href":"https:\/\/personalbiker.com.br\/lojapb\/wp-json\/wp\/v2\/types\/product"}],"wp:featuredmedia":[{"embeddable":true,"href":"https:\/\/personalbiker.com.br\/lojapb\/wp-json\/wp\/v2\/media\/7561"}],"wp:attachment":[{"href":"https:\/\/personalbiker.com.br\/lojapb\/wp-json\/wp\/v2\/media?parent=7560"}],"wp:term":[{"taxonomy":"product_brand","embeddable":true,"href":"https:\/\/personalbiker.com.br\/lojapb\/wp-json\/wp\/v2\/product_brand?post=7560"},{"taxonomy":"product_cat","embeddable":true,"href":"https:\/\/personalbiker.com.br\/lojapb\/wp-json\/wp\/v2\/product_cat?post=7560"},{"taxonomy":"product_tag","embeddable":true,"href":"https:\/\/personalbiker.com.br\/lojapb\/wp-json\/wp\/v2\/product_tag?post=7560"}],"curies":[{"name":"wp","href":"https:\/\/api.w.org\/{rel}","templated":true}]}}

<p><strong>CaracterÍSticas:</strong><br />
&#8211; Possui 2 viseiras, uma em cristal e a outra interna fumê;<br />
&#8211; O capacete é fabricado em Abs, com revestimento de proteção em Eps;<br />
&#8211; Novo forro em camurça antialérgico e antimofo oferece maior sensação de conforto;<br />
&#8211; O fecho micrométrico é extremamente pratico;<br />
&#8211; Conta ainda com estradas de ar.</p>
<p>IMAGENS MERAMENTE ILUSTRATIVAS</p>
