{"id":7537,"date":"2019-07-16T13:46:58","date_gmt":"2019-07-16T16:46:58","guid":{"rendered":"http:\/\/personalbiker.com.br\/lojapb\/?post_type=product&#038;p=7537"},"modified":"2024-09-26T08:44:05","modified_gmt":"2024-09-26T11:44:05","slug":"capacete-pro-tork-attack-evo","status":"publish","type":"product","link":"https:\/\/personalbiker.com.br\/lojapb\/produto\/capacete-pro-tork-attack-evo\/","title":{"rendered":"Capacete Pro Tork Attack Evo"},"content":{"rendered":"","protected":false},"excerpt":{"rendered":"<p>Capacete Pro Tork Attack Evo!<\/p>\n<p>Uma revolu\u00e7\u00e3o na linha de escamote\u00e1veis.<\/p>\n<p>O capacete Pro Tork Attack Evo permite que seu conjunto frontal seja aberto de duas formas:<\/p>\n<p>parcialmente, levantado a viseira, ou totalmente, atrav\u00e9s do acionamento de um \u00fanico bot\u00e3o central,<\/p>\n<p>que move todo o conjunto frontal para cima, tornando-se um capacete aberto.<\/p>\n<p>Este acionamento \u00e9 o mais moderno e pr\u00e1tico do mercado, pois possibilita que o motociclista \u00a0fa\u00e7a a abertura com apenas uma das m\u00e3os, sem que seja necess\u00e1rio para a moto.<\/p>\n<p>imagens meramente ilustrativas<\/p>\n<p>&nbsp;<\/p>\n","protected":false},"featured_media":7548,"template":"","meta":[],"product_brand":[],"product_cat":[52],"product_tag":[],"class_list":{"0":"post-7537","1":"product","2":"type-product","3":"status-publish","4":"has-post-thumbnail","6":"product_cat-pro-tork","7":"pa_cor-preto-fosco-cinza","8":"pa_cor-preto-fosco-rosa","9":"pa_tamanho-73","10":"pa_tamanho-74","11":"pa_tamanho-75","13":"first","14":"outofstock","15":"shipping-taxable","16":"purchasable","17":"product-type-variable"},"_links":{"self":[{"href":"https:\/\/personalbiker.com.br\/lojapb\/wp-json\/wp\/v2\/product\/7537","targetHints":{"allow":["GET"]}}],"collection":[{"href":"https:\/\/personalbiker.com.br\/lojapb\/wp-json\/wp\/v2\/product"}],"about":[{"href":"https:\/\/personalbiker.com.br\/lojapb\/wp-json\/wp\/v2\/types\/product"}],"wp:featuredmedia":[{"embeddable":true,"href":"https:\/\/personalbiker.com.br\/lojapb\/wp-json\/wp\/v2\/media\/7548"}],"wp:attachment":[{"href":"https:\/\/personalbiker.com.br\/lojapb\/wp-json\/wp\/v2\/media?parent=7537"}],"wp:term":[{"taxonomy":"product_brand","embeddable":true,"href":"https:\/\/personalbiker.com.br\/lojapb\/wp-json\/wp\/v2\/product_brand?post=7537"},{"taxonomy":"product_cat","embeddable":true,"href":"https:\/\/personalbiker.com.br\/lojapb\/wp-json\/wp\/v2\/product_cat?post=7537"},{"taxonomy":"product_tag","embeddable":true,"href":"https:\/\/personalbiker.com.br\/lojapb\/wp-json\/wp\/v2\/product_tag?post=7537"}],"curies":[{"name":"wp","href":"https:\/\/api.w.org\/{rel}","templated":true}]}}

<p>Capacete Pro Tork Attack Evo!</p>
<p>Uma revolução na linha de escamoteáveis.</p>
<p>O capacete Pro Tork Attack Evo permite que seu conjunto frontal seja aberto de duas formas:</p>
<p>parcialmente, levantado a viseira, ou totalmente, através do acionamento de um único botão central,</p>
<p>que move todo o conjunto frontal para cima, tornando-se um capacete aberto.</p>
<p>Este acionamento é o mais moderno e prático do mercado, pois possibilita que o motociclista  faça a abertura com apenas uma das mãos, sem que seja necessário para a moto.</p>
<p>imagens meramente ilustrativas</p>
<p>&nbsp;</p>
