{"id":7527,"date":"2019-07-16T11:48:29","date_gmt":"2019-07-16T14:48:29","guid":{"rendered":"http:\/\/personalbiker.com.br\/lojapb\/?post_type=product&#038;p=7527"},"modified":"2024-09-26T08:43:08","modified_gmt":"2024-09-26T11:43:08","slug":"capacete-pro-tork-new-liberty-4-racing","status":"publish","type":"product","link":"https:\/\/personalbiker.com.br\/lojapb\/produto\/capacete-pro-tork-new-liberty-4-racing\/","title":{"rendered":"Capacete Pro Tork new Liberty 4 Racing"},"content":{"rendered":"","protected":false},"excerpt":{"rendered":"<p>Capacete Moto Protork New Liberty 4 RacingCaracter\u00edsticas do Produto:Design aerodin\u00e2mico arrojado<br \/>\nCasco injetado em Termopl\u00e1stico Abs de alta resist\u00eancia<br \/>\nViseira transparente em policarbonato com 2mm de espessura<br \/>\nViseira Cromada em policarbonato com 2mm de espessura<br \/>\nCinta jugular com sistema de fecho micro-m\u00e9trico<br \/>\nForro antial\u00e9rgico<br \/>\nSistema de ventila\u00e7\u00e3o frontal<br \/>\nIsopor interno com aletas para absor\u00e7\u00e3o e dissipa\u00e7\u00e3o de choque<br \/>\nPeso aproximado: 1,200 g<br \/>\nEstilo: Street uso Urbano<br \/>\nDispon\u00edvel nos tamanhos: 56, 58 e 60<br \/>\nAdesivos refletivos<br \/>\nCapacete Aprovado pelo Inmetro<br \/>\nFabricante: Pro Tork<br \/>\nGarantia de 90 dias contra defeito de fabrica\u00e7\u00e3o<\/p>\n<p>.Acerte no tamanho!<\/p>\n<p>Para escolher o tamanho ideal do seu capacete<\/p>\n<p>utilize uma fita m\u00e9trica para medir a circunfer\u00eancia da cabe\u00e7a, passando na horizontal um dedo acima da sobrancelha e acima das orelhas, a fita m\u00e9trica deve estar confort\u00e1vel na cabe\u00e7a, sem apertar demais.Essa medida \u00e9 o tamanho do capacete que voc\u00ea precisa, caso aconte\u00e7a de ficar entre algum tamanho de prefer\u00eancia para o tamanho menor primeiro.\u00c9 importante escolher um capacete bem justo, pois a tend\u00eancia \u00e9 que ele se ajuste com o uso. Portanto, se a sua medida \u00e9 56 ou 57 cm, escolha um 56 sem medo. A sensa\u00e7\u00e3o de desconforto no inicio \u00e9 normal, mas logo ele tomar\u00e1 a forma da sua cabe\u00e7a e ficar\u00e1 mais confort\u00e1vel.<\/p>\n<p>imagens meramente ilustrativas<\/p>\n","protected":false},"featured_media":10038,"template":"","meta":[],"product_brand":[],"product_cat":[52],"product_tag":[],"class_list":{"0":"post-7527","1":"product","2":"type-product","3":"status-publish","4":"has-post-thumbnail","6":"product_cat-pro-tork","7":"pa_cor-branco-azul-e-vermelho","8":"pa_cor-branco-azul-verde","9":"pa_tamanho-73","11":"first","12":"outofstock","13":"shipping-taxable","14":"product-type-simple"},"_links":{"self":[{"href":"https:\/\/personalbiker.com.br\/lojapb\/wp-json\/wp\/v2\/product\/7527","targetHints":{"allow":["GET"]}}],"collection":[{"href":"https:\/\/personalbiker.com.br\/lojapb\/wp-json\/wp\/v2\/product"}],"about":[{"href":"https:\/\/personalbiker.com.br\/lojapb\/wp-json\/wp\/v2\/types\/product"}],"wp:featuredmedia":[{"embeddable":true,"href":"https:\/\/personalbiker.com.br\/lojapb\/wp-json\/wp\/v2\/media\/10038"}],"wp:attachment":[{"href":"https:\/\/personalbiker.com.br\/lojapb\/wp-json\/wp\/v2\/media?parent=7527"}],"wp:term":[{"taxonomy":"product_brand","embeddable":true,"href":"https:\/\/personalbiker.com.br\/lojapb\/wp-json\/wp\/v2\/product_brand?post=7527"},{"taxonomy":"product_cat","embeddable":true,"href":"https:\/\/personalbiker.com.br\/lojapb\/wp-json\/wp\/v2\/product_cat?post=7527"},{"taxonomy":"product_tag","embeddable":true,"href":"https:\/\/personalbiker.com.br\/lojapb\/wp-json\/wp\/v2\/product_tag?post=7527"}],"curies":[{"name":"wp","href":"https:\/\/api.w.org\/{rel}","templated":true}]}}

<p>Capacete Moto Protork New Liberty 4 RacingCaracterísticas do Produto:Design aerodinâmico arrojado<br />
Casco injetado em Termoplástico Abs de alta resistência<br />
Viseira transparente em policarbonato com 2mm de espessura<br />
Viseira Cromada em policarbonato com 2mm de espessura<br />
Cinta jugular com sistema de fecho micro-métrico<br />
Forro antialérgico<br />
Sistema de ventilação frontal<br />
Isopor interno com aletas para absorção e dissipação de choque<br />
Peso aproximado: 1,200 g<br />
Estilo: Street uso Urbano<br />
Disponível nos tamanhos: 56, 58 e 60<br />
Adesivos refletivos<br />
Capacete Aprovado pelo Inmetro<br />
Fabricante: Pro Tork<br />
Garantia de 90 dias contra defeito de fabricação</p>
<p>.Acerte no tamanho!</p>
<p>Para escolher o tamanho ideal do seu capacete</p>
<p>utilize uma fita métrica para medir a circunferência da cabeça, passando na horizontal um dedo acima da sobrancelha e acima das orelhas, a fita métrica deve estar confortável na cabeça, sem apertar demais.Essa medida é o tamanho do capacete que você precisa, caso aconteça de ficar entre algum tamanho de preferência para o tamanho menor primeiro.É importante escolher um capacete bem justo, pois a tendência é que ele se ajuste com o uso. Portanto, se a sua medida é 56 ou 57 cm, escolha um 56 sem medo. A sensação de desconforto no inicio é normal, mas logo ele tomará a forma da sua cabeça e ficará mais confortável.</p>
<p>imagens meramente ilustrativas</p>
