{"id":7514,"date":"2019-07-16T09:58:10","date_gmt":"2019-07-16T12:58:10","guid":{"rendered":"http:\/\/personalbiker.com.br\/lojapb\/?post_type=product&#038;p=7514"},"modified":"2022-02-11T11:20:26","modified_gmt":"2022-02-11T14:20:26","slug":"capacete-pro-tork-evolution-788-g7-caveira-mexican-skull-fosco","status":"publish","type":"product","link":"https:\/\/personalbiker.com.br\/lojapb\/produto\/capacete-pro-tork-evolution-788-g7-caveira-mexican-skull-fosco\/","title":{"rendered":"Capacete Pro Tork  Evolution  788 G7  Caveira Mexican Skull Fosco"},"content":{"rendered":"","protected":false},"excerpt":{"rendered":"<ul class=\"specs-list specs-list-primary specs-structure-medium\">\n<li class=\"specs-item specs-item-primary\"><strong>Marca <\/strong>Pro Tork<\/li>\n<li class=\"specs-item specs-item-primary\"><strong>Modelo <\/strong>Evolution G7<\/li>\n<li class=\"specs-item specs-item-primary\"><strong>Tipo de capacete <\/strong>Integral<\/li>\n<\/ul>\n<p>&nbsp;<\/p>\n<p>Fabricante : Pro Tork<\/p>\n<p>Projeto com design arrojado e caso injetado em abs de alto impacto, sem abrir m\u00e3o da caracter\u00edstica principal da empresa, que \u00e9 oferecer a melhor rela\u00e7\u00e3o custo\/benef\u00edcio do mercado.<br \/>\nSuas linhas aerodin\u00e2micas se complementam com o aerof\u00f3lio em um desenho perfeito, trazendo maior estabilidade.<br \/>\nOutra caracter\u00edstica \u00e9 o sistema de ventila\u00e7\u00e3o com entradas e sa\u00eddas de ar que mant\u00e9m o capacete sempre arejado.<br \/>\nJ\u00e1 o fecho microm\u00e9trico traz mais seguran\u00e7a para o dia a dia.<br \/>\nViseira de dupla curvatura em policarbonato em 2mm de espessura.<\/p>\n<p>Produzido nos Tamanhos: 56 &#8211; 58 &#8211; 60<\/p>\n<p>imagens meramente ilustrativas<\/p>\n","protected":false},"featured_media":10022,"template":"","meta":[],"product_brand":[],"product_cat":[52],"product_tag":[],"class_list":{"0":"post-7514","1":"product","2":"type-product","3":"status-publish","4":"has-post-thumbnail","6":"product_cat-pro-tork","7":"pa_cor-preto-fosco","8":"pa_tamanho-74","9":"pa_tamanho-75","11":"first","12":"outofstock","13":"shipping-taxable","14":"purchasable","15":"product-type-variable"},"_links":{"self":[{"href":"https:\/\/personalbiker.com.br\/lojapb\/wp-json\/wp\/v2\/product\/7514","targetHints":{"allow":["GET"]}}],"collection":[{"href":"https:\/\/personalbiker.com.br\/lojapb\/wp-json\/wp\/v2\/product"}],"about":[{"href":"https:\/\/personalbiker.com.br\/lojapb\/wp-json\/wp\/v2\/types\/product"}],"wp:featuredmedia":[{"embeddable":true,"href":"https:\/\/personalbiker.com.br\/lojapb\/wp-json\/wp\/v2\/media\/10022"}],"wp:attachment":[{"href":"https:\/\/personalbiker.com.br\/lojapb\/wp-json\/wp\/v2\/media?parent=7514"}],"wp:term":[{"taxonomy":"product_brand","embeddable":true,"href":"https:\/\/personalbiker.com.br\/lojapb\/wp-json\/wp\/v2\/product_brand?post=7514"},{"taxonomy":"product_cat","embeddable":true,"href":"https:\/\/personalbiker.com.br\/lojapb\/wp-json\/wp\/v2\/product_cat?post=7514"},{"taxonomy":"product_tag","embeddable":true,"href":"https:\/\/personalbiker.com.br\/lojapb\/wp-json\/wp\/v2\/product_tag?post=7514"}],"curies":[{"name":"wp","href":"https:\/\/api.w.org\/{rel}","templated":true}]}}

<ul class="specs-list specs-list-primary specs-structure-medium">
<li class="specs-item specs-item-primary"><strong>Marca </strong>Pro Tork</li>
<li class="specs-item specs-item-primary"><strong>Modelo </strong>Evolution G7</li>
<li class="specs-item specs-item-primary"><strong>Tipo de capacete </strong>Integral</li>
</ul>
<p>&nbsp;</p>
<p>Fabricante : Pro Tork</p>
<p>Projeto com design arrojado e caso injetado em abs de alto impacto, sem abrir mão da característica principal da empresa, que é oferecer a melhor relação custo/benefício do mercado.<br />
Suas linhas aerodinâmicas se complementam com o aerofólio em um desenho perfeito, trazendo maior estabilidade.<br />
Outra característica é o sistema de ventilação com entradas e saídas de ar que mantém o capacete sempre arejado.<br />
Já o fecho micrométrico traz mais segurança para o dia a dia.<br />
Viseira de dupla curvatura em policarbonato em 2mm de espessura.</p>
<p>Produzido nos Tamanhos: 56 &#8211; 58 &#8211; 60</p>
<p>imagens meramente ilustrativas</p>
