{"id":7476,"date":"2019-07-13T11:50:38","date_gmt":"2019-07-13T14:50:38","guid":{"rendered":"http:\/\/personalbiker.com.br\/lojapb\/?post_type=product&#038;p=7476"},"modified":"2022-08-16T15:10:03","modified_gmt":"2022-08-16T18:10:03","slug":"suporte-gps-tomate-com-carregador-aberto-usb","status":"publish","type":"product","link":"https:\/\/personalbiker.com.br\/lojapb\/produto\/suporte-gps-tomate-com-carregador-aberto-usb\/","title":{"rendered":"Suporte GPS TOMATE COM CARREGADOR ABERTO USB 3072"},"content":{"rendered":"","protected":false},"excerpt":{"rendered":"<p>SUPORTE PARA GARANTIR QUE SEU TELEFONE FIQUE FIRME<br \/>\nVISUALIZA\u00c7\u00c3O VERS\u00c1TIL<br \/>\nF\u00c1CIL INSTALA\u00c7\u00c3O.<\/p>\n<p>FERRO COM ACABAMENTO BORRACHA \/ BORRACHA SEGURAN\u00c7A<\/p>\n<p>NO RETROVISOR ROSCA 8\/10MM<\/p>\n<p>imagens meramente ilustrativas<\/p>\n","protected":false},"featured_media":7478,"template":"","meta":[],"product_brand":[],"product_cat":[260],"product_tag":[],"class_list":{"0":"post-7476","1":"product","2":"type-product","3":"status-publish","4":"has-post-thumbnail","6":"product_cat-bolsa-pochetes-acessorios","8":"first","9":"instock","10":"shipping-taxable","11":"purchasable","12":"product-type-simple"},"_links":{"self":[{"href":"https:\/\/personalbiker.com.br\/lojapb\/wp-json\/wp\/v2\/product\/7476","targetHints":{"allow":["GET"]}}],"collection":[{"href":"https:\/\/personalbiker.com.br\/lojapb\/wp-json\/wp\/v2\/product"}],"about":[{"href":"https:\/\/personalbiker.com.br\/lojapb\/wp-json\/wp\/v2\/types\/product"}],"wp:featuredmedia":[{"embeddable":true,"href":"https:\/\/personalbiker.com.br\/lojapb\/wp-json\/wp\/v2\/media\/7478"}],"wp:attachment":[{"href":"https:\/\/personalbiker.com.br\/lojapb\/wp-json\/wp\/v2\/media?parent=7476"}],"wp:term":[{"taxonomy":"product_brand","embeddable":true,"href":"https:\/\/personalbiker.com.br\/lojapb\/wp-json\/wp\/v2\/product_brand?post=7476"},{"taxonomy":"product_cat","embeddable":true,"href":"https:\/\/personalbiker.com.br\/lojapb\/wp-json\/wp\/v2\/product_cat?post=7476"},{"taxonomy":"product_tag","embeddable":true,"href":"https:\/\/personalbiker.com.br\/lojapb\/wp-json\/wp\/v2\/product_tag?post=7476"}],"curies":[{"name":"wp","href":"https:\/\/api.w.org\/{rel}","templated":true}]}}