{"id":7471,"date":"2019-07-13T11:36:19","date_gmt":"2019-07-13T14:36:19","guid":{"rendered":"http:\/\/personalbiker.com.br\/lojapb\/?post_type=product&#038;p=7471"},"modified":"2019-07-13T11:42:53","modified_gmt":"2019-07-13T14:42:53","slug":"suporte-gps-tomate","status":"publish","type":"product","link":"https:\/\/personalbiker.com.br\/lojapb\/produto\/suporte-gps-tomate\/","title":{"rendered":"Suporte GPS TOMATE"},"content":{"rendered":"","protected":false},"excerpt":{"rendered":"<h2 class=\"description__product-title\">Suporte moto\u00a0 tomate<\/h2>\n<p>DESCRI\u00c7\u00c3O<\/p>\n<p>SUPORTE DE CELULAR PARA MOTOS E BIKES<\/p>\n<p>&#8211; F\u00c1CIL INSTALA\u00c7\u00c3O<\/p>\n<p>&#8211; FIXADO NO GUID\u00c3O<\/p>\n<p>&#8211; COMPAT\u00cdVEL COM TODOS OS CELULARES<\/p>\n<p>&#8211; COR: PRETO<\/p>\n<p>&#8211; MATERIAL: PL\u00c1STICO<\/p>\n<p>IMAGENS MERAMENTE ILUSTRATIVAS<\/p>\n","protected":false},"featured_media":7472,"template":"","meta":[],"product_brand":[],"product_cat":[260],"product_tag":[],"class_list":{"0":"post-7471","1":"product","2":"type-product","3":"status-publish","4":"has-post-thumbnail","6":"product_cat-bolsa-pochetes-acessorios","8":"first","9":"instock","10":"shipping-taxable","11":"purchasable","12":"product-type-simple"},"_links":{"self":[{"href":"https:\/\/personalbiker.com.br\/lojapb\/wp-json\/wp\/v2\/product\/7471","targetHints":{"allow":["GET"]}}],"collection":[{"href":"https:\/\/personalbiker.com.br\/lojapb\/wp-json\/wp\/v2\/product"}],"about":[{"href":"https:\/\/personalbiker.com.br\/lojapb\/wp-json\/wp\/v2\/types\/product"}],"wp:featuredmedia":[{"embeddable":true,"href":"https:\/\/personalbiker.com.br\/lojapb\/wp-json\/wp\/v2\/media\/7472"}],"wp:attachment":[{"href":"https:\/\/personalbiker.com.br\/lojapb\/wp-json\/wp\/v2\/media?parent=7471"}],"wp:term":[{"taxonomy":"product_brand","embeddable":true,"href":"https:\/\/personalbiker.com.br\/lojapb\/wp-json\/wp\/v2\/product_brand?post=7471"},{"taxonomy":"product_cat","embeddable":true,"href":"https:\/\/personalbiker.com.br\/lojapb\/wp-json\/wp\/v2\/product_cat?post=7471"},{"taxonomy":"product_tag","embeddable":true,"href":"https:\/\/personalbiker.com.br\/lojapb\/wp-json\/wp\/v2\/product_tag?post=7471"}],"curies":[{"name":"wp","href":"https:\/\/api.w.org\/{rel}","templated":true}]}}