{"id":7424,"date":"2019-07-11T14:13:44","date_gmt":"2019-07-11T17:13:44","guid":{"rendered":"http:\/\/personalbiker.com.br\/lojapb\/?post_type=product&#038;p=7424"},"modified":"2020-10-10T10:57:22","modified_gmt":"2020-10-10T13:57:22","slug":"bicicleta-south-aro-29-mtb-21m-masc-new-south-freio-disco","status":"publish","type":"product","link":"https:\/\/personalbiker.com.br\/lojapb\/produto\/bicicleta-south-aro-29-mtb-21m-masc-new-south-freio-disco\/","title":{"rendered":"Bicicleta South aro 29 21M  New South Freios Hidr\u00e1ulicos"},"content":{"rendered":"","protected":false},"excerpt":{"rendered":"<p>MTB &#8211; Aro 29 &#8211; Aluminio &#8211; 3&#215;7 Marchas &#8211; Cambios Shimano &#8211; Freios Hidraulicos<\/p>\n<p>Bicicleta aro 29 New south 21 velocidades \u00e9 a combina\u00e7\u00e3o perfeita com seus passeios e trilhas. Garantindo todo o conforto e seguran\u00e7a.<\/p>\n<ul class=\"attributes\">\n<li><strong>Nome:<\/strong> Bicicleta New South Aro 29\u00a0 21 Marchas<\/li>\n<li><strong>G\u00eanero:<\/strong>\u00a0Unissex<\/li>\n<li><strong>Aro:<\/strong>\u00a029<\/li>\n<li><strong>Marchas:<\/strong>\u00a021<\/li>\n<li><strong>Tipo de Freio:<\/strong> Freios hidr\u00e1ulicos<\/li>\n<\/ul>\n<p>imagens meramente ilustrativas<\/p>\n<p>&nbsp;<\/p>\n","protected":false},"featured_media":9743,"template":"","meta":[],"product_brand":[],"product_cat":[319],"product_tag":[],"class_list":{"0":"post-7424","1":"product","2":"type-product","3":"status-publish","4":"has-post-thumbnail","6":"product_cat-bicicletas-em-geral","7":"pa_cor-preto-vermelho","9":"first","10":"outofstock","11":"shipping-taxable","12":"purchasable","13":"product-type-simple"},"_links":{"self":[{"href":"https:\/\/personalbiker.com.br\/lojapb\/wp-json\/wp\/v2\/product\/7424","targetHints":{"allow":["GET"]}}],"collection":[{"href":"https:\/\/personalbiker.com.br\/lojapb\/wp-json\/wp\/v2\/product"}],"about":[{"href":"https:\/\/personalbiker.com.br\/lojapb\/wp-json\/wp\/v2\/types\/product"}],"wp:featuredmedia":[{"embeddable":true,"href":"https:\/\/personalbiker.com.br\/lojapb\/wp-json\/wp\/v2\/media\/9743"}],"wp:attachment":[{"href":"https:\/\/personalbiker.com.br\/lojapb\/wp-json\/wp\/v2\/media?parent=7424"}],"wp:term":[{"taxonomy":"product_brand","embeddable":true,"href":"https:\/\/personalbiker.com.br\/lojapb\/wp-json\/wp\/v2\/product_brand?post=7424"},{"taxonomy":"product_cat","embeddable":true,"href":"https:\/\/personalbiker.com.br\/lojapb\/wp-json\/wp\/v2\/product_cat?post=7424"},{"taxonomy":"product_tag","embeddable":true,"href":"https:\/\/personalbiker.com.br\/lojapb\/wp-json\/wp\/v2\/product_tag?post=7424"}],"curies":[{"name":"wp","href":"https:\/\/api.w.org\/{rel}","templated":true}]}}