{"id":7264,"date":"2019-06-24T10:02:25","date_gmt":"2019-06-24T13:02:25","guid":{"rendered":"http:\/\/personalbiker.com.br\/lojapb\/?post_type=product&#038;p=7264"},"modified":"2020-10-10T10:26:52","modified_gmt":"2020-10-10T13:26:52","slug":"oculos-cross-urban-1213a-azul","status":"publish","type":"product","link":"https:\/\/personalbiker.com.br\/lojapb\/produto\/oculos-cross-urban-1213a-azul\/","title":{"rendered":"\u00d3culos Cross Urban 1213"},"content":{"rendered":"","protected":false},"excerpt":{"rendered":"<p>\u00d3culos Para Motocross E Uso Urbano Com El\u00e1stico E Lente Transparente Polivisor<\/p>\n<p>Detalhes<\/p>\n<p>\u00d3culos protetores\u00a0s\u00e3o important\u00edssimos na condu\u00e7\u00e3o de uma motocicleta. Se o seu capacete n\u00e3o possui viseira \u00e9 imprescind\u00edvel o uso \u00f3culos protetor. Tanto no uso urbano como nas trilhas ou motocross, n\u00e3o deixe de usar seu \u00f3culos Urban Cross da Polivisor.<\/p>\n<p>O\u00a0\u00d3culos Urban Cross Polivisor\u00a0protege seus olhos da poeira, pedras e insetos. Possui design arrojado com lentes em poliuretano e\u00a0tratamento anti-risco\u00a0que auxiliar\u00e1 na perfeita visibilidade do condutor.<\/p>\n<p>Suas tiras de el\u00e1stico\u00a0 dar\u00e3o\u00a0maior estabilidade\u00a0ao capacete, evitando assim que seus \u00f3culos saiam do lugar. Disp\u00f5e tamb\u00e9m de microporos para ventila\u00e7\u00e3o que n\u00e3o deixam a lente emba\u00e7ar e espumas para absor\u00e7\u00e3o do suor.<\/p>\n<p>Precis\u00e3o e Qualidade<\/p>\n<p>Os produtos Polivisor s\u00e3o fabricados seguindo os mais altos padr\u00f5es de qualidade. S\u00e3o extremamente precisos e oferecem total seguran\u00e7a durante o uso. Produtos com lentes de policarbonato de excelente qualidade e pl\u00e1sticos super resistentes.<\/p>\n<p>Qualidade Polivisor<\/p>\n<p>A Polivisor foi criada em 1995. \u00c9\u00a0uma empresa genuinamente nacional e o maior fabricante de viseiras para capacetes do Brasil.A linha Polivisor possui pe\u00e7as de alto padr\u00e3o de qualidade e excelente custo\/benef\u00edcio.<\/p>\n<p>Caracter\u00edsticas<\/p>\n<p>C\u00f3digo: 1808<br \/>\nRefer\u00eancia: 1213<br \/>\nModelo: Urban Cross<br \/>\nMarca: Polivisor<br \/>\nCores: Azul\/ Amarelo\/ Branco\/ Preto\/ Rosa\/ Verde\/ Vermelho\/ Prata<br \/>\nAltura: 2.5 cm<br \/>\nLargura: 4 cm<br \/>\nComprimento: 42 cm (m\u00e1ximo)<\/p>\n<p>Peso: 0.15 Kg<\/p>\n<p>Aplica\u00e7\u00e3o: Universal. Pode ser usado com motos, bicicletas, skate, e qualquer tipo de atividade que necessite de prote\u00e7\u00e3o para os olhos contra poeira, pedras ou bichos<\/p>\n<p>Dimens\u00f5es da embalagem<\/p>\n<p>Altura: 5 cm<\/p>\n<p>Largura: 11 cm<br \/>\nComprimento: 16 cm<br \/>\nPeso: 0.3 kg<\/p>\n<p>imagens meramente ilustrativas<\/p>\n","protected":false},"featured_media":7265,"template":"","meta":[],"product_brand":[],"product_cat":[21],"product_tag":[],"class_list":{"0":"post-7264","1":"product","2":"type-product","3":"status-publish","4":"has-post-thumbnail","6":"product_cat-acessorios","7":"pa_cor-azul","8":"pa_cor-preto","9":"pa_cor-vermelho","11":"first","12":"outofstock","13":"shipping-taxable","14":"purchasable","15":"product-type-variable"},"_links":{"self":[{"href":"https:\/\/personalbiker.com.br\/lojapb\/wp-json\/wp\/v2\/product\/7264","targetHints":{"allow":["GET"]}}],"collection":[{"href":"https:\/\/personalbiker.com.br\/lojapb\/wp-json\/wp\/v2\/product"}],"about":[{"href":"https:\/\/personalbiker.com.br\/lojapb\/wp-json\/wp\/v2\/types\/product"}],"wp:featuredmedia":[{"embeddable":true,"href":"https:\/\/personalbiker.com.br\/lojapb\/wp-json\/wp\/v2\/media\/7265"}],"wp:attachment":[{"href":"https:\/\/personalbiker.com.br\/lojapb\/wp-json\/wp\/v2\/media?parent=7264"}],"wp:term":[{"taxonomy":"product_brand","embeddable":true,"href":"https:\/\/personalbiker.com.br\/lojapb\/wp-json\/wp\/v2\/product_brand?post=7264"},{"taxonomy":"product_cat","embeddable":true,"href":"https:\/\/personalbiker.com.br\/lojapb\/wp-json\/wp\/v2\/product_cat?post=7264"},{"taxonomy":"product_tag","embeddable":true,"href":"https:\/\/personalbiker.com.br\/lojapb\/wp-json\/wp\/v2\/product_tag?post=7264"}],"curies":[{"name":"wp","href":"https:\/\/api.w.org\/{rel}","templated":true}]}}