{"id":6314,"date":"2019-05-09T14:04:31","date_gmt":"2019-05-09T17:04:31","guid":{"rendered":"http:\/\/personalbiker.com.br\/lojapb\/?post_type=product&#038;p=6314"},"modified":"2023-09-11T10:14:31","modified_gmt":"2023-09-11T13:14:31","slug":"capacete-shark-s700-xl-replica-arma-scot","status":"publish","type":"product","link":"https:\/\/personalbiker.com.br\/lojapb\/produto\/capacete-shark-s700-xl-replica-arma-scot\/","title":{"rendered":"Capacete Shark S700  XL REPLICA ARMA-SCOT"},"content":{"rendered":"","protected":false},"excerpt":{"rendered":"<p>Caracter\u00edsticas: &#8211;<\/p>\n<p>Capacete R\u00e9plica &#8211;<\/p>\n<p>Casco feito de resina termopl\u00e1stica injetada;<\/p>\n<p>Absor\u00e7\u00e3o interna de choques multi-elementos com densidades variadas;<\/p>\n<p>&#8211; Entradas de ar com controle de abertura;<\/p>\n<p>&#8211; Acabamento externo em verniz anti-UV;<\/p>\n<p>&#8211; Viseira 2.2mm antirrisco;<\/p>\n<p>&#8211; Viseira com sistema Slide Lock de abertura r\u00e1pida;<\/p>\n<p>&#8211; Entrada de ar no queixo;<\/p>\n<p>&#8211; Extratores de ar: efeito Venturi para maior conforto ao pilotar; &#8211;<\/p>\n<p>Forro morfom\u00e9trico otimizado remov\u00edvel e lav\u00e1vel;<\/p>\n<p>&#8211; Interior com tratamento hidrost\u00e1tico e bactericida;<\/p>\n<p>&#8211; Jugular com trava engate r\u00e1pido microlock;<\/p>\n<p>&#8211; \u00d3tima qualidade no acabamento;<\/p>\n<p>&#8211; Narigueira para maior prote\u00e7\u00e3o.<\/p>\n<p>IMAGENS MERAMENTE ILUSTRATIVAS<\/p>\n","protected":false},"featured_media":6322,"template":"","meta":[],"product_brand":[],"product_cat":[49],"product_tag":[],"class_list":{"0":"post-6314","1":"product","2":"type-product","3":"status-publish","4":"has-post-thumbnail","6":"product_cat-shark","7":"pa_cor-preto","8":"pa_tamanho-76","10":"first","11":"outofstock","12":"shipping-taxable","13":"product-type-simple"},"_links":{"self":[{"href":"https:\/\/personalbiker.com.br\/lojapb\/wp-json\/wp\/v2\/product\/6314","targetHints":{"allow":["GET"]}}],"collection":[{"href":"https:\/\/personalbiker.com.br\/lojapb\/wp-json\/wp\/v2\/product"}],"about":[{"href":"https:\/\/personalbiker.com.br\/lojapb\/wp-json\/wp\/v2\/types\/product"}],"wp:featuredmedia":[{"embeddable":true,"href":"https:\/\/personalbiker.com.br\/lojapb\/wp-json\/wp\/v2\/media\/6322"}],"wp:attachment":[{"href":"https:\/\/personalbiker.com.br\/lojapb\/wp-json\/wp\/v2\/media?parent=6314"}],"wp:term":[{"taxonomy":"product_brand","embeddable":true,"href":"https:\/\/personalbiker.com.br\/lojapb\/wp-json\/wp\/v2\/product_brand?post=6314"},{"taxonomy":"product_cat","embeddable":true,"href":"https:\/\/personalbiker.com.br\/lojapb\/wp-json\/wp\/v2\/product_cat?post=6314"},{"taxonomy":"product_tag","embeddable":true,"href":"https:\/\/personalbiker.com.br\/lojapb\/wp-json\/wp\/v2\/product_tag?post=6314"}],"curies":[{"name":"wp","href":"https:\/\/api.w.org\/{rel}","templated":true}]}}