{"id":6258,"date":"2019-05-09T09:24:18","date_gmt":"2019-05-09T12:24:18","guid":{"rendered":"http:\/\/personalbiker.com.br\/lojapb\/?post_type=product&#038;p=6258"},"modified":"2022-08-17T15:43:20","modified_gmt":"2022-08-17T18:43:20","slug":"capacete-vaz-m14-v14-betha-arrow","status":"publish","type":"product","link":"https:\/\/personalbiker.com.br\/lojapb\/produto\/capacete-vaz-m14-v14-betha-arrow\/","title":{"rendered":"Capacete Moto Vaz 14V Preto Brilh. Arrow Azul c\/ Sun Visor"},"content":{"rendered":"","protected":false},"excerpt":{"rendered":"<p>Capacete certificado conforme a portaria 456 do Inmetro e NBR 7471;<\/p>\n<p>-Capacete aerodin\u00e2mico, em resina termopl\u00e1stica ABS + PC (policarbonato) com alta absor\u00e7\u00e3o de impacto;<\/p>\n<p>-As tr\u00eas entradas de ar proporcionam ventila\u00e7\u00e3o na medida certa, direcionando o fluxo para o interior do capacete, afim de amenizar a temperatura interna;<\/p>\n<p>-Sa\u00edda de ar traseira garante ainda mais ventila\u00e7\u00e3o e direcionamento do fluxo de ar;<\/p>\n<p>-A estrutura em PoliEX VAZ, permite o encaixe correto do capacete, deixando-o mais firme ao vestir;<br \/>\nO pr\u00e1tico engate microm\u00e9trico (Fast Safety);<\/p>\n<p>-Dutos especialmente desenhados para que o ar circule com facilidade, permitindo que o forro se acomode melhor, trazendo mais conforto;<\/p>\n<p>-O EPS desenvolvido em dupla densidade torna o capacete mais resistente a absor\u00e7\u00e3o de impactos;<br \/>\nCapacete com veda\u00e7\u00e3o por todo o casco;<\/p>\n<p>-Pel\u00edcula de borracha, que envolve o mecanismo da viseira, protegendo e evitando a penetra\u00e7\u00e3o de ru\u00eddos para dentro do casco;<\/p>\n<p>-Design moderno e aerodin\u00e2mico \u00e0 correta veda\u00e7\u00e3o, elementos que conferem baixo ru\u00eddo, sob qualquer velocidade e condi\u00e7\u00e3o de uso.<\/p>\n<p>imagens meramente ilustrativas<\/p>\n","protected":false},"featured_media":9932,"template":"","meta":[],"product_brand":[],"product_cat":[54],"product_tag":[],"class_list":{"0":"post-6258","1":"product","2":"type-product","3":"status-publish","4":"has-post-thumbnail","6":"product_cat-vaz","7":"pa_cor-azul","8":"pa_tamanho-76","10":"first","11":"outofstock","12":"shipping-taxable","13":"purchasable","14":"product-type-variable"},"_links":{"self":[{"href":"https:\/\/personalbiker.com.br\/lojapb\/wp-json\/wp\/v2\/product\/6258","targetHints":{"allow":["GET"]}}],"collection":[{"href":"https:\/\/personalbiker.com.br\/lojapb\/wp-json\/wp\/v2\/product"}],"about":[{"href":"https:\/\/personalbiker.com.br\/lojapb\/wp-json\/wp\/v2\/types\/product"}],"wp:featuredmedia":[{"embeddable":true,"href":"https:\/\/personalbiker.com.br\/lojapb\/wp-json\/wp\/v2\/media\/9932"}],"wp:attachment":[{"href":"https:\/\/personalbiker.com.br\/lojapb\/wp-json\/wp\/v2\/media?parent=6258"}],"wp:term":[{"taxonomy":"product_brand","embeddable":true,"href":"https:\/\/personalbiker.com.br\/lojapb\/wp-json\/wp\/v2\/product_brand?post=6258"},{"taxonomy":"product_cat","embeddable":true,"href":"https:\/\/personalbiker.com.br\/lojapb\/wp-json\/wp\/v2\/product_cat?post=6258"},{"taxonomy":"product_tag","embeddable":true,"href":"https:\/\/personalbiker.com.br\/lojapb\/wp-json\/wp\/v2\/product_tag?post=6258"}],"curies":[{"name":"wp","href":"https:\/\/api.w.org\/{rel}","templated":true}]}}

<p>Capacete certificado conforme a portaria 456 do Inmetro e NBR 7471;</p>
<p>-Capacete aerodinâmico, em resina termoplástica ABS + PC (policarbonato) com alta absorção de impacto;</p>
<p>-As três entradas de ar proporcionam ventilação na medida certa, direcionando o fluxo para o interior do capacete, afim de amenizar a temperatura interna;</p>
<p>-Saída de ar traseira garante ainda mais ventilação e direcionamento do fluxo de ar;</p>
<p>-A estrutura em PoliEX VAZ, permite o encaixe correto do capacete, deixando-o mais firme ao vestir;<br />
O prático engate micrométrico (Fast Safety);</p>
<p>-Dutos especialmente desenhados para que o ar circule com facilidade, permitindo que o forro se acomode melhor, trazendo mais conforto;</p>
<p>-O EPS desenvolvido em dupla densidade torna o capacete mais resistente a absorção de impactos;<br />
Capacete com vedação por todo o casco;</p>
<p>-Película de borracha, que envolve o mecanismo da viseira, protegendo e evitando a penetração de ruídos para dentro do casco;</p>
<p>-Design moderno e aerodinâmico à correta vedação, elementos que conferem baixo ruído, sob qualquer velocidade e condição de uso.</p>
<p>imagens meramente ilustrativas</p>
