{"id":5986,"date":"2019-05-03T09:26:55","date_gmt":"2019-05-03T12:26:55","guid":{"rendered":"http:\/\/personalbiker.com.br\/lojapb\/?post_type=product&#038;p=5986"},"modified":"2019-08-23T15:27:40","modified_gmt":"2019-08-23T18:27:40","slug":"capacete-mt-blade-airbone-silver","status":"publish","type":"product","link":"https:\/\/personalbiker.com.br\/lojapb\/produto\/capacete-mt-blade-airbone-silver\/","title":{"rendered":"Capacete MT BLADE AIRBONE SILVER"},"content":{"rendered":"","protected":false},"excerpt":{"rendered":"<p>Airborne &#8211; Silver \u2022 Casco Aerodin\u00e2mico Em Abs-P, Possui Policarbonato Em Sua Composi\u00e7\u00e3o Que Proporciona Maior Absor\u00e7\u00e3o De Impacto, Al\u00e9m De Deixar O Casco Mais Leve;<\/p>\n<p>\u2022 02 Tamanhos De Casco, Sendo Um Para Os Tamanhos 54 Ao 58 E Outro Maior Para Os Tamanhos 60 Ao 64. Possibilitando Um Peso Ainda Menor, Maior Conforto E Melhor Est\u00e9tica;<\/p>\n<p>\u2022 3 Entradas De Ar Frontais E 2 Sa\u00eddas De Ar Traseiras, Que Criam Uma \u00d3tima Ventila\u00e7\u00e3o Interna;<\/p>\n<p>\u2022 Forro Extremamente Confort\u00e1vel, Composto Por M\u00faltiplas Densidades De Tecidos, Al\u00e9m De Ser Remov\u00edvel E Lav\u00e1vel;<\/p>\n<p>\u2022 Viseira Em Policarbonato De 2,2 Mm, Com Prote\u00e7\u00e3o Anti-Risco E Uv Que Protege Contra Os Raios Ultravioleta;<\/p>\n<p>\u2022 Sistema De Troca R\u00e1pida Da Viseira, Para Facilitar O Uso Das Viseiras Recomendadas Em Situa\u00e7\u00f5es Diurnas E Noturnas;<\/p>\n<p>\u2022 Cinta Jugular Com Engate Microm\u00e9trico Para Maior Praticidade, Conforto E Seguran\u00e7a;<\/p>\n<p>\u2022 Narigueira Remov\u00edvel, Item Que Auxilia Na Redu\u00e7\u00e3o Do Emba\u00e7amento Na Viseira, Evitando Que O Ar Quente Da Respira\u00e7\u00e3o Se Choque Diretamente Na Viseira;<\/p>\n<p>\u2022 Bavete Remov\u00edvel, Item Indispens\u00e1vel Na Redu\u00e7\u00e3o Do Vento Interno, Proporciona Maior Conforto.<\/p>\n<p>IMAGENS MERAMENTE ILUSTRATIVAS<\/p>\n","protected":false},"featured_media":5994,"template":"","meta":[],"product_brand":[],"product_cat":[53],"product_tag":[],"class_list":{"0":"post-5986","1":"product","2":"type-product","3":"status-publish","4":"has-post-thumbnail","6":"product_cat-mt","7":"pa_cor-branco-grafite","8":"pa_tamanho-58m","10":"first","11":"outofstock","12":"shipping-taxable","13":"purchasable","14":"product-type-variable"},"_links":{"self":[{"href":"https:\/\/personalbiker.com.br\/lojapb\/wp-json\/wp\/v2\/product\/5986","targetHints":{"allow":["GET"]}}],"collection":[{"href":"https:\/\/personalbiker.com.br\/lojapb\/wp-json\/wp\/v2\/product"}],"about":[{"href":"https:\/\/personalbiker.com.br\/lojapb\/wp-json\/wp\/v2\/types\/product"}],"wp:featuredmedia":[{"embeddable":true,"href":"https:\/\/personalbiker.com.br\/lojapb\/wp-json\/wp\/v2\/media\/5994"}],"wp:attachment":[{"href":"https:\/\/personalbiker.com.br\/lojapb\/wp-json\/wp\/v2\/media?parent=5986"}],"wp:term":[{"taxonomy":"product_brand","embeddable":true,"href":"https:\/\/personalbiker.com.br\/lojapb\/wp-json\/wp\/v2\/product_brand?post=5986"},{"taxonomy":"product_cat","embeddable":true,"href":"https:\/\/personalbiker.com.br\/lojapb\/wp-json\/wp\/v2\/product_cat?post=5986"},{"taxonomy":"product_tag","embeddable":true,"href":"https:\/\/personalbiker.com.br\/lojapb\/wp-json\/wp\/v2\/product_tag?post=5986"}],"curies":[{"name":"wp","href":"https:\/\/api.w.org\/{rel}","templated":true}]}}

<p>Airborne &#8211; Silver • Casco Aerodinâmico Em Abs-P, Possui Policarbonato Em Sua Composição Que Proporciona Maior Absorção De Impacto, Além De Deixar O Casco Mais Leve;</p>
<p>• 02 Tamanhos De Casco, Sendo Um Para Os Tamanhos 54 Ao 58 E Outro Maior Para Os Tamanhos 60 Ao 64. Possibilitando Um Peso Ainda Menor, Maior Conforto E Melhor Estética;</p>
<p>• 3 Entradas De Ar Frontais E 2 Saídas De Ar Traseiras, Que Criam Uma Ótima Ventilação Interna;</p>
<p>• Forro Extremamente Confortável, Composto Por Múltiplas Densidades De Tecidos, Além De Ser Removível E Lavável;</p>
<p>• Viseira Em Policarbonato De 2,2 Mm, Com Proteção Anti-Risco E Uv Que Protege Contra Os Raios Ultravioleta;</p>
<p>• Sistema De Troca Rápida Da Viseira, Para Facilitar O Uso Das Viseiras Recomendadas Em Situações Diurnas E Noturnas;</p>
<p>• Cinta Jugular Com Engate Micrométrico Para Maior Praticidade, Conforto E Segurança;</p>
<p>• Narigueira Removível, Item Que Auxilia Na Redução Do Embaçamento Na Viseira, Evitando Que O Ar Quente Da Respiração Se Choque Diretamente Na Viseira;</p>
<p>• Bavete Removível, Item Indispensável Na Redução Do Vento Interno, Proporciona Maior Conforto.</p>
<p>IMAGENS MERAMENTE ILUSTRATIVAS</p>
