{"id":591,"date":"2018-02-28T15:01:00","date_gmt":"2018-02-28T15:01:00","guid":{"rendered":"http:\/\/personalbiker.com.br\/lojapb\/?product=v10"},"modified":"2024-05-07T11:40:07","modified_gmt":"2024-05-07T14:40:07","slug":"v10","status":"publish","type":"product","link":"https:\/\/personalbiker.com.br\/lojapb\/produto\/v10\/","title":{"rendered":"180 bella"},"content":{"rendered":"","protected":false},"excerpt":{"rendered":"<p>Capacete com Viseira de Cristal<\/p>\n<p>Vers\u00e3o especialmente desenvolvida para elas. Flores e borboletas<\/p>\n<p>estampam o casco do feminino capacete V10 Femme.<\/p>\n<p>fotos meramente ilustrativas<\/p>\n<p>Vers\u00e3o especialmente desenvolvida para elas. Flores e borboletas estampam o casco do feminino capacete V10 Femme.<\/p>\n<p>Produzido em resina termopl\u00e1stica ABS + PC (policarbonato) de alta absor\u00e7\u00e3o de impacto o que significa mais seguran\u00e7a para voc\u00ea. O sistema de ventila\u00e7\u00e3o melhora a circula\u00e7\u00e3o de ar gra\u00e7a as entradas frontais.<\/p>\n<p>A forra\u00e7\u00e3o, em tecido Vaz Dry Confort 100% poli\u00e9ster higienizado e antibacteriano, \u00e9 facilmente remov\u00edvel e lav\u00e1vel. A cinta jugular tem um pr\u00e1tico engate microm\u00e9trico (Fast Safety), conferindo mais conforto ao motociclista.<\/p>\n<p>O conjunto \u00f3ptico \u00e9 composto pela viseira em policarbonato Optical Quality, com 2mm de espessura e alta flexibilidade, apresenta sistema simples e f\u00e1cil de fixa\u00e7\u00e3o e troca.<\/p>\n<p><strong>::: CARACTER\u00cdSTICAS :::<\/strong><\/p>\n<p>SISTEMA ERGONO FIT<br \/>\nA estrutura em PoliEX VAZ, permite o encaixe correto do capacete, deixando-o mais firme ao vestir. Segue o padr\u00e3o nacional de numera\u00e7\u00e3o (56, 58, 60 e 62).<\/p>\n<p>CURV PROTECTION<br \/>\nA base dos capacetes tem uma curva mais ergon\u00f4mica, resultando em conforto e mobilidade.<\/p>\n<p>ALTA VEDA\u00c7\u00c3O<br \/>\nO termopl\u00e1stico aletado entre o casco e a viseira resulta em maior veda\u00e7\u00e3o, deixando de fora a \u00e1gua e o ru\u00eddo, conferindo em mais conforto.<\/p>\n<p>NOISE REDUCTION<br \/>\nCapacete com redu\u00e7\u00e3o de ru\u00eddo, devido as partes aletadas e tecidos t\u00e9cnicos.<\/p>\n<p>AERO DINAMIC<br \/>\nCapacete aerodin\u00e2mico, em resina termopl\u00e1stica ABS + PC (policarbonato) com alta absor\u00e7\u00e3o de impacto. Alia design moderno e aerodin\u00e2mico \u00e0 correta veda\u00e7\u00e3o, elementos que conferem baixo ru\u00eddo, sob qualquer velocidade e condi\u00e7\u00e3o de uso.<\/p>\n<p>AIR ON<br \/>\nAs tr\u00eas entradas de ar proporcionam ventila\u00e7\u00e3o na medida certa, direcionando o fluxo para o interior do capacete, a fim de amenizar a temperatura interna.<\/p>\n<p>A2i (ALTA ABSOR\u00c7\u00c3O DE IMPACTO)<br \/>\nDentre as propriedades do novo PoliEX VAZ est\u00e1 a comprovada alta absor\u00e7\u00e3o a impactos, devido a sua dupla densidade.<\/p>\n<p>FECHO MICROM\u00c9TRICO<br \/>\nComprovadamente entre os mais resistentes do mundo, tem pe\u00e7as em inox e alto teor de elast\u00f4mero. Seguran\u00e7a, conforto, praticidade e um ajuste perfeito.<\/p>\n<p>TECIDO ANTIMOFO (VDL)<br \/>\nA forra\u00e7\u00e3o interna \u00e9 toda em tecido VAZ DRY LINING (VDL), que combina os benef\u00edcios de ser antimofo e antibact\u00e9ria, inibindo o ac\u00famulo de poeira e suor.<\/p>\n<p>FORRO REMOV\u00cdVEL<br \/>\nPara garantir a praticidade na manuten\u00e7\u00e3o dos capacetes VAZ, a forra\u00e7\u00e3o \u00e9 remov\u00edvel.<\/p>\n<p><strong>::: SEGURAN\u00c7A :::<\/strong><\/p>\n<p>Destaca-se na VAZ o seu laborat\u00f3rio, onde s\u00e3o testadas e avaliadas as mat\u00e9rias-primas, o processo de fabrica\u00e7\u00e3o, a qualidade e o desempenho dos produtos. Todas as etapas de produ\u00e7\u00e3o s\u00e3o monitoradas e para homologar os itens gerados, a empresa disp\u00f5e de equipamentos para ensaios de performance, stress, ensaios de tra\u00e7\u00e3o, repetibilidade, compress\u00e3o, fadiga e ensaios de corros\u00e3o (salt spray).<\/p>\n<p>Nossos capacetes superam as exig\u00eancias de qualidade e seguran\u00e7a das normas brasileiras e europeias, para oferecer aos clientes modelos atuais, com o melhor em seguran\u00e7a, conforto t\u00e9rmico e auditivo.<\/p>\n<p>Produto certificado conforme a Portaria n.\u00ba456 do INMETRO.<br \/>\nA fabrica\u00e7\u00e3o esta de acordo com a norma brasileira NBR 7471 exigida pelo Conselho Nacional de Tr\u00e2nsito \u2013 CONTRAN. Todos os capacetes VAZ e Beta Series possuem o selo de certifica\u00e7\u00e3o. Segundo norma do CONTRAN todos os capacetes VAZ e Beta Series saem de f\u00e1brica apenas Viseira Cristal.<\/p>\n<p>Para saber o tamanho adequado, medir circunfer\u00eancia da<br \/>\ncabe\u00e7a na altura da testa.<br \/>\nOBS: Em caso de troca por tamanho o frete \u00e9 por conta do cliente.<\/p>\n","protected":false},"featured_media":1453,"template":"","meta":[],"product_brand":[],"product_cat":[25,54],"product_tag":[],"class_list":{"0":"post-591","1":"product","2":"type-product","3":"status-publish","4":"has-post-thumbnail","6":"product_cat-capacetes","7":"product_cat-vaz","8":"pa_cor-branco-rosa","9":"pa_tamanho-73","10":"pa_tamanho-75","12":"first","13":"outofstock","14":"featured","15":"purchasable","16":"product-type-variable"},"_links":{"self":[{"href":"https:\/\/personalbiker.com.br\/lojapb\/wp-json\/wp\/v2\/product\/591","targetHints":{"allow":["GET"]}}],"collection":[{"href":"https:\/\/personalbiker.com.br\/lojapb\/wp-json\/wp\/v2\/product"}],"about":[{"href":"https:\/\/personalbiker.com.br\/lojapb\/wp-json\/wp\/v2\/types\/product"}],"wp:featuredmedia":[{"embeddable":true,"href":"https:\/\/personalbiker.com.br\/lojapb\/wp-json\/wp\/v2\/media\/1453"}],"wp:attachment":[{"href":"https:\/\/personalbiker.com.br\/lojapb\/wp-json\/wp\/v2\/media?parent=591"}],"wp:term":[{"taxonomy":"product_brand","embeddable":true,"href":"https:\/\/personalbiker.com.br\/lojapb\/wp-json\/wp\/v2\/product_brand?post=591"},{"taxonomy":"product_cat","embeddable":true,"href":"https:\/\/personalbiker.com.br\/lojapb\/wp-json\/wp\/v2\/product_cat?post=591"},{"taxonomy":"product_tag","embeddable":true,"href":"https:\/\/personalbiker.com.br\/lojapb\/wp-json\/wp\/v2\/product_tag?post=591"}],"curies":[{"name":"wp","href":"https:\/\/api.w.org\/{rel}","templated":true}]}}

<p>Capacete com Viseira de Cristal</p>
<p>Versão especialmente desenvolvida para elas. Flores e borboletas</p>
<p>estampam o casco do feminino capacete V10 Femme.</p>
<p>fotos meramente ilustrativas</p>
<p>Versão especialmente desenvolvida para elas. Flores e borboletas estampam o casco do feminino capacete V10 Femme.</p>
<p>Produzido em resina termoplástica ABS + PC (policarbonato) de alta absorção de impacto o que significa mais segurança para você. O sistema de ventilação melhora a circulação de ar graça as entradas frontais.</p>
<p>A forração, em tecido Vaz Dry Confort 100% poliéster higienizado e antibacteriano, é facilmente removível e lavável. A cinta jugular tem um prático engate micrométrico (Fast Safety), conferindo mais conforto ao motociclista.</p>
<p>O conjunto óptico é composto pela viseira em policarbonato Optical Quality, com 2mm de espessura e alta flexibilidade, apresenta sistema simples e fácil de fixação e troca.</p>
<p><strong>::: CARACTERÍSTICAS :::</strong></p>
<p>SISTEMA ERGONO FIT<br />
A estrutura em PoliEX VAZ, permite o encaixe correto do capacete, deixando-o mais firme ao vestir. Segue o padrão nacional de numeração (56, 58, 60 e 62).</p>
<p>CURV PROTECTION<br />
A base dos capacetes tem uma curva mais ergonômica, resultando em conforto e mobilidade.</p>
<p>ALTA VEDAÇÃO<br />
O termoplástico aletado entre o casco e a viseira resulta em maior vedação, deixando de fora a água e o ruído, conferindo em mais conforto.</p>
<p>NOISE REDUCTION<br />
Capacete com redução de ruído, devido as partes aletadas e tecidos técnicos.</p>
<p>AERO DINAMIC<br />
Capacete aerodinâmico, em resina termoplástica ABS + PC (policarbonato) com alta absorção de impacto. Alia design moderno e aerodinâmico à correta vedação, elementos que conferem baixo ruído, sob qualquer velocidade e condição de uso.</p>
<p>AIR ON<br />
As três entradas de ar proporcionam ventilação na medida certa, direcionando o fluxo para o interior do capacete, a fim de amenizar a temperatura interna.</p>
<p>A2i (ALTA ABSORÇÃO DE IMPACTO)<br />
Dentre as propriedades do novo PoliEX VAZ está a comprovada alta absorção a impactos, devido a sua dupla densidade.</p>
<p>FECHO MICROMÉTRICO<br />
Comprovadamente entre os mais resistentes do mundo, tem peças em inox e alto teor de elastômero. Segurança, conforto, praticidade e um ajuste perfeito.</p>
<p>TECIDO ANTIMOFO (VDL)<br />
A forração interna é toda em tecido VAZ DRY LINING (VDL), que combina os benefícios de ser antimofo e antibactéria, inibindo o acúmulo de poeira e suor.</p>
<p>FORRO REMOVÍVEL<br />
Para garantir a praticidade na manutenção dos capacetes VAZ, a forração é removível.</p>
<p><strong>::: SEGURANÇA :::</strong></p>
<p>Destaca-se na VAZ o seu laboratório, onde são testadas e avaliadas as matérias-primas, o processo de fabricação, a qualidade e o desempenho dos produtos. Todas as etapas de produção são monitoradas e para homologar os itens gerados, a empresa dispõe de equipamentos para ensaios de performance, stress, ensaios de tração, repetibilidade, compressão, fadiga e ensaios de corrosão (salt spray).</p>
<p>Nossos capacetes superam as exigências de qualidade e segurança das normas brasileiras e europeias, para oferecer aos clientes modelos atuais, com o melhor em segurança, conforto térmico e auditivo.</p>
<p>Produto certificado conforme a Portaria n.º456 do INMETRO.<br />
A fabricação esta de acordo com a norma brasileira NBR 7471 exigida pelo Conselho Nacional de Trânsito – CONTRAN. Todos os capacetes VAZ e Beta Series possuem o selo de certificação. Segundo norma do CONTRAN todos os capacetes VAZ e Beta Series saem de fábrica apenas Viseira Cristal.</p>
<p>Para saber o tamanho adequado, medir circunferência da<br />
cabeça na altura da testa.<br />
OBS: Em caso de troca por tamanho o frete é por conta do cliente.</p>
