{"id":589,"date":"2018-02-28T14:58:16","date_gmt":"2018-02-28T14:58:16","guid":{"rendered":"http:\/\/personalbiker.com.br\/lojapb\/?product=vaz-180"},"modified":"2023-09-11T10:12:30","modified_gmt":"2023-09-11T13:12:30","slug":"vaz-180","status":"publish","type":"product","link":"https:\/\/personalbiker.com.br\/lojapb\/produto\/vaz-180\/","title":{"rendered":"Capacete Vaz 180  Bella"},"content":{"rendered":"","protected":false},"excerpt":{"rendered":"<p>CAPACETESVAZ : A VAZ Capacetes caracteriza-se por ser inovadora e oferecer ao mercado modelos atuais, que valorizam o design e conforto. Outra caracter\u00edstica marcante \u00e9 a versatilidade, seja qual for o estilo do motociclista, h\u00e1 sempre uma op\u00e7\u00e3o com modernos recursos, grafismos exclusivos e acabamento de qualidade. DESIGN Projetados no Brasil, os capacetes VAZ superam as exig\u00eancias de qualidade e seguran\u00e7a das normas brasileiras e europeias, para oferecer aos clientes modelos atuais, com o melhor em seguran\u00e7a, conforto t\u00e9rmico e auditivo. SEGURAN\u00c7A Produzidos e certificados no Brasil, conforme as exig\u00eancias da norma brasileira, os capacetes VAZ s\u00e3o desenvolvidos e avaliados em laborat\u00f3rios certificados. Al\u00e9m disso, s\u00e3o realizados criteriosos sistemas de controle de qualidade. CONFORTO Todos os capacetes t\u00eam forra\u00e7\u00e3o produzida em tecido com tratamento antibactericida e varia\u00e7\u00e3o, conforme o modelo, do tipo e gramatura; al\u00e9m de ser remov\u00edvel e lav\u00e1vel. Esta forra\u00e7\u00e3o \u00e9 projetada para manter o fluxo correto de ar interno durante o uso, priorizando a prote\u00e7\u00e3o auditiva e o correto isolamento t\u00e9rmico. VEDA\u00c7\u00c3O Em termopl\u00e1stico, garante menos ru\u00eddo e impede a entrada de \u00e1gua e detritos inconvenientes. TINTA ESPECIAL Do Tipo A, resistente aos raios UV, com alta maleabilidade, conferindo mais durabilidade. MAT\u00c9RIA-PRIMA Apesar da VAZ reciclar 100% dos seus detritos advindos dos processos de produ\u00e7\u00e3o, n\u00e3o reutiliza o ABS dos cascos e o Policarbonato das viseiras, fazendo uso sempre de mat\u00e9rias-primas virgens. CINTA JUGULAR Em tecido High Streech e Chacharrel forrado com dupla camada em 100% poli\u00e9ster, al\u00e9m da seguran\u00e7a evita a irrita\u00e7\u00e3o da pele. H\u00e1 duas vers\u00f5es de sistema de fecho, que variam conforme o modelo do capacete: Anel Duplo:para capacetes de alta performance em a\u00e7o inox com dupla al\u00e7a. Fecho Microm\u00e9trico:com novos componentes em inox e elast\u00f4meros, que al\u00e9m de proporcionar conforto e um perfeito ajuste, est\u00e1 entre um dos mais seguros do mundo. PRODUZIDO NO BRASIL , POR BRASILEIROS.<\/p>\n<p>Para saber o tamanho adequado, medir circunfer\u00eancia da<br \/>\ncabe\u00e7a na altura da testa.<br \/>\nOBS: Em caso de troca por tamanho o frete \u00e9 por conta do cliente.<\/p>\n<p>imagens meramente ilustrativas<\/p>\n","protected":false},"featured_media":6272,"template":"","meta":[],"product_brand":[],"product_cat":[25,54],"product_tag":[],"class_list":{"0":"post-589","1":"product","2":"type-product","3":"status-publish","4":"has-post-thumbnail","6":"product_cat-capacetes","7":"product_cat-vaz","8":"pa_cor-branco-vermelho-2","9":"pa_tamanho-75","11":"first","12":"outofstock","13":"featured","14":"purchasable","15":"product-type-simple"},"_links":{"self":[{"href":"https:\/\/personalbiker.com.br\/lojapb\/wp-json\/wp\/v2\/product\/589","targetHints":{"allow":["GET"]}}],"collection":[{"href":"https:\/\/personalbiker.com.br\/lojapb\/wp-json\/wp\/v2\/product"}],"about":[{"href":"https:\/\/personalbiker.com.br\/lojapb\/wp-json\/wp\/v2\/types\/product"}],"wp:featuredmedia":[{"embeddable":true,"href":"https:\/\/personalbiker.com.br\/lojapb\/wp-json\/wp\/v2\/media\/6272"}],"wp:attachment":[{"href":"https:\/\/personalbiker.com.br\/lojapb\/wp-json\/wp\/v2\/media?parent=589"}],"wp:term":[{"taxonomy":"product_brand","embeddable":true,"href":"https:\/\/personalbiker.com.br\/lojapb\/wp-json\/wp\/v2\/product_brand?post=589"},{"taxonomy":"product_cat","embeddable":true,"href":"https:\/\/personalbiker.com.br\/lojapb\/wp-json\/wp\/v2\/product_cat?post=589"},{"taxonomy":"product_tag","embeddable":true,"href":"https:\/\/personalbiker.com.br\/lojapb\/wp-json\/wp\/v2\/product_tag?post=589"}],"curies":[{"name":"wp","href":"https:\/\/api.w.org\/{rel}","templated":true}]}}

<p>CAPACETESVAZ : A VAZ Capacetes caracteriza-se por ser inovadora e oferecer ao mercado modelos atuais, que valorizam o design e conforto. Outra característica marcante é a versatilidade, seja qual for o estilo do motociclista, há sempre uma opção com modernos recursos, grafismos exclusivos e acabamento de qualidade. DESIGN Projetados no Brasil, os capacetes VAZ superam as exigências de qualidade e segurança das normas brasileiras e europeias, para oferecer aos clientes modelos atuais, com o melhor em segurança, conforto térmico e auditivo. SEGURANÇA Produzidos e certificados no Brasil, conforme as exigências da norma brasileira, os capacetes VAZ são desenvolvidos e avaliados em laboratórios certificados. Além disso, são realizados criteriosos sistemas de controle de qualidade. CONFORTO Todos os capacetes têm forração produzida em tecido com tratamento antibactericida e variação, conforme o modelo, do tipo e gramatura; além de ser removível e lavável. Esta forração é projetada para manter o fluxo correto de ar interno durante o uso, priorizando a proteção auditiva e o correto isolamento térmico. VEDAÇÃO Em termoplástico, garante menos ruído e impede a entrada de água e detritos inconvenientes. TINTA ESPECIAL Do Tipo A, resistente aos raios UV, com alta maleabilidade, conferindo mais durabilidade. MATÉRIA-PRIMA Apesar da VAZ reciclar 100% dos seus detritos advindos dos processos de produção, não reutiliza o ABS dos cascos e o Policarbonato das viseiras, fazendo uso sempre de matérias-primas virgens. CINTA JUGULAR Em tecido High Streech e Chacharrel forrado com dupla camada em 100% poliéster, além da segurança evita a irritação da pele. Há duas versões de sistema de fecho, que variam conforme o modelo do capacete: Anel Duplo:para capacetes de alta performance em aço inox com dupla alça. Fecho Micrométrico:com novos componentes em inox e elastômeros, que além de proporcionar conforto e um perfeito ajuste, está entre um dos mais seguros do mundo. PRODUZIDO NO BRASIL , POR BRASILEIROS.</p>
<p>Para saber o tamanho adequado, medir circunferência da<br />
cabeça na altura da testa.<br />
OBS: Em caso de troca por tamanho o frete é por conta do cliente.</p>
<p>imagens meramente ilustrativas</p>
