{"id":587,"date":"2018-02-15T10:55:24","date_gmt":"2018-02-15T10:55:24","guid":{"rendered":"http:\/\/personalbiker.com.br\/lojapb\/?product=cabo-embreagem-moskito"},"modified":"2022-08-16T13:40:01","modified_gmt":"2022-08-16T16:40:01","slug":"cabo-embreagem-moskito","status":"publish","type":"product","link":"https:\/\/personalbiker.com.br\/lojapb\/produto\/cabo-embreagem-moskito\/","title":{"rendered":"Cabo Embreagem Moskito 1063"},"content":{"rendered":"","protected":false},"excerpt":{"rendered":"<p>\u00e9 um produto original que oferece a voc\u00ea m\u00e1xima qualidade e durabilidade<\/p>\n<p>pois os processos de fabrica\u00e7\u00e3o de seus produtos est\u00e3o inseridos dentro da mais alta tecnologia de fabrica\u00e7\u00e3o.<\/p>\n<p>imagens meramente ilustrativas<\/p>\n","protected":false},"featured_media":1272,"template":"","meta":[],"product_brand":[],"product_cat":[41],"product_tag":[],"class_list":{"0":"post-587","1":"product","2":"type-product","3":"status-publish","4":"has-post-thumbnail","6":"product_cat-pecas-moskito","8":"first","9":"outofstock","10":"purchasable","11":"product-type-simple"},"_links":{"self":[{"href":"https:\/\/personalbiker.com.br\/lojapb\/wp-json\/wp\/v2\/product\/587","targetHints":{"allow":["GET"]}}],"collection":[{"href":"https:\/\/personalbiker.com.br\/lojapb\/wp-json\/wp\/v2\/product"}],"about":[{"href":"https:\/\/personalbiker.com.br\/lojapb\/wp-json\/wp\/v2\/types\/product"}],"wp:featuredmedia":[{"embeddable":true,"href":"https:\/\/personalbiker.com.br\/lojapb\/wp-json\/wp\/v2\/media\/1272"}],"wp:attachment":[{"href":"https:\/\/personalbiker.com.br\/lojapb\/wp-json\/wp\/v2\/media?parent=587"}],"wp:term":[{"taxonomy":"product_brand","embeddable":true,"href":"https:\/\/personalbiker.com.br\/lojapb\/wp-json\/wp\/v2\/product_brand?post=587"},{"taxonomy":"product_cat","embeddable":true,"href":"https:\/\/personalbiker.com.br\/lojapb\/wp-json\/wp\/v2\/product_cat?post=587"},{"taxonomy":"product_tag","embeddable":true,"href":"https:\/\/personalbiker.com.br\/lojapb\/wp-json\/wp\/v2\/product_tag?post=587"}],"curies":[{"name":"wp","href":"https:\/\/api.w.org\/{rel}","templated":true}]}}