{"id":5867,"date":"2019-04-30T16:50:53","date_gmt":"2019-04-30T19:50:53","guid":{"rendered":"http:\/\/personalbiker.com.br\/lojapb\/?post_type=product&#038;p=5867"},"modified":"2022-08-17T16:30:57","modified_gmt":"2022-08-17T19:30:57","slug":"capacete-pro-tork-cross-th1-vision-new-adventure","status":"publish","type":"product","link":"https:\/\/personalbiker.com.br\/lojapb\/produto\/capacete-pro-tork-cross-th1-vision-new-adventure\/","title":{"rendered":"Capacete Pro Tork Cross TH1 VISION NEW ADVENTURE"},"content":{"rendered":"","protected":false},"excerpt":{"rendered":"<p>Capacete Motocross TH1 New Adventure<\/p>\n<p>\u2022 Casco injetado em ABS;<br \/>\n\u2022 Totalmente projetado para seguran\u00e7a e conforto;<br \/>\n\u2022 Viseira iridium com 2mm de espessura;<br \/>\n\u2022 Entrada de ar frontal;<br \/>\n\u2022 Produto de alta performance com visual inovador;<br \/>\n\u2022 Cinta jugular com sistema de engate r\u00e1pido microm\u00e9trico;<br \/>\n\u2022 Capacete aprovado pelo INMETRO;<br \/>\n\u2022 Estilo: Off-Road;<br \/>\n\u2022 Acompanha adesivo refletivo;<br \/>\n\u2022 Garantia de 90 dias contra defeito de fabrica\u00e7\u00e3o;<br \/>\n\u2022 Fabricante: Pro Tork.<br \/>\n\u2022 N\u00c3O ACOMPANHA VISEIRA CRISTAL!<\/p>\n<p>Caracter\u00edsticas da Viseira:<\/p>\n<p>\u2022 Retirar prote\u00e7\u00e3o da viseira antes de us\u00e1-la;<br \/>\n\u2022 Fabricado em policarbonato;<br \/>\n\u2022 Espessura de 2mm;<br \/>\n\u2022 Fabricante: Pro Tork.<\/p>\n<p><img decoding=\"async\" src=\"https:\/\/encrypted-tbn0.gstatic.com\/images?q=tbn:ANd9GcQfzNcmUxUkK3YM2H00-pCcvXKluOOkWdIUdMAqiVOrpDmpj7Fc\" alt=\"Resultado de imagem para Capacete Pro Tork Evolution 788 G6 PRO S\u00c3\u0083\u00c2\u0089RIES TECH GRAFITE\" \/><\/p>\n<p>imagens meramente\u00a0 ilustrativas SE DESEJAR COM A VISEIRA IRIDIUM SOLICITAR<\/p>\n","protected":false},"featured_media":6045,"template":"","meta":[],"product_brand":[],"product_cat":[52],"product_tag":[],"class_list":{"0":"post-5867","1":"product","2":"type-product","3":"status-publish","4":"has-post-thumbnail","6":"product_cat-pro-tork","7":"pa_cor-branco-vermelho-2","8":"pa_cor-branco-azul","9":"pa_tamanho-75","11":"first","12":"outofstock","13":"shipping-taxable","14":"purchasable","15":"product-type-variable"},"_links":{"self":[{"href":"https:\/\/personalbiker.com.br\/lojapb\/wp-json\/wp\/v2\/product\/5867","targetHints":{"allow":["GET"]}}],"collection":[{"href":"https:\/\/personalbiker.com.br\/lojapb\/wp-json\/wp\/v2\/product"}],"about":[{"href":"https:\/\/personalbiker.com.br\/lojapb\/wp-json\/wp\/v2\/types\/product"}],"wp:featuredmedia":[{"embeddable":true,"href":"https:\/\/personalbiker.com.br\/lojapb\/wp-json\/wp\/v2\/media\/6045"}],"wp:attachment":[{"href":"https:\/\/personalbiker.com.br\/lojapb\/wp-json\/wp\/v2\/media?parent=5867"}],"wp:term":[{"taxonomy":"product_brand","embeddable":true,"href":"https:\/\/personalbiker.com.br\/lojapb\/wp-json\/wp\/v2\/product_brand?post=5867"},{"taxonomy":"product_cat","embeddable":true,"href":"https:\/\/personalbiker.com.br\/lojapb\/wp-json\/wp\/v2\/product_cat?post=5867"},{"taxonomy":"product_tag","embeddable":true,"href":"https:\/\/personalbiker.com.br\/lojapb\/wp-json\/wp\/v2\/product_tag?post=5867"}],"curies":[{"name":"wp","href":"https:\/\/api.w.org\/{rel}","templated":true}]}}

<p>Capacete Motocross TH1 New Adventure</p>
<p>• Casco injetado em ABS;<br />
• Totalmente projetado para segurança e conforto;<br />
• Viseira iridium com 2mm de espessura;<br />
• Entrada de ar frontal;<br />
• Produto de alta performance com visual inovador;<br />
• Cinta jugular com sistema de engate rápido micrométrico;<br />
• Capacete aprovado pelo INMETRO;<br />
• Estilo: Off-Road;<br />
• Acompanha adesivo refletivo;<br />
• Garantia de 90 dias contra defeito de fabricação;<br />
• Fabricante: Pro Tork.<br />
• NÃO ACOMPANHA VISEIRA CRISTAL!</p>
<p>Características da Viseira:</p>
<p>• Retirar proteção da viseira antes de usá-la;<br />
• Fabricado em policarbonato;<br />
• Espessura de 2mm;<br />
• Fabricante: Pro Tork.</p>
<p><img decoding="async" src="https://encrypted-tbn0.gstatic.com/images?q=tbn:ANd9GcQfzNcmUxUkK3YM2H00-pCcvXKluOOkWdIUdMAqiVOrpDmpj7Fc" alt="Resultado de imagem para Capacete Pro Tork Evolution 788 G6 PRO SÃÂRIES TECH GRAFITE" /></p>
<p>imagens meramente  ilustrativas SE DESEJAR COM A VISEIRA IRIDIUM SOLICITAR</p>
