{"id":5746,"date":"2019-04-29T14:51:20","date_gmt":"2019-04-29T17:51:20","guid":{"rendered":"http:\/\/personalbiker.com.br\/lojapb\/?post_type=product&#038;p=5746"},"modified":"2022-08-19T16:30:46","modified_gmt":"2022-08-19T19:30:46","slug":"calca-infantil-pro-tork-mod-insane-4","status":"publish","type":"product","link":"https:\/\/personalbiker.com.br\/lojapb\/produto\/calca-infantil-pro-tork-mod-insane-4\/","title":{"rendered":"Cal\u00e7a Infantil Pro Tork  Mod. Insane AZUL"},"content":{"rendered":"","protected":false},"excerpt":{"rendered":"<p>CAL\u00c7A MOTOCROSS \/ TRILHA INSANE ADULTO PRO TORK<br \/>\nAZUL\/PRETO\/CINZA<br \/>\nA CAL\u00c7A PRO TORK INSANE \u00e9 desenvolvida com materiais de qualidade e garante um excelente custo x benef\u00edcio.<br \/>\nCaracter\u00edsticas:<br \/>\nConfeccionada em poli\u00e9ster.<br \/>\nDesenvolvido com design inovador e radical.<br \/>\nPossui faixas de silicone internas na cintura para melhor fixa\u00e7\u00e3o.<br \/>\nGrafismos sublimados, pads de borracha que n\u00e3o aderem ao barro.<br \/>\nConta com logos emborrachados estrategicamente posicionados.<br \/>\nRegulagem na cintura.<br \/>\nBainha com ribana.<\/p>\n<p>Design Esportivo<br \/>\n\u2022 Indicada para Motocross e Trilha<br \/>\n\u2022 Regulagem em Velcro na Cintura<br \/>\n\u2022 Totalmente Forrada Internamente<br \/>\n\u2022 Possui Costura Refor\u00e7ada nas \u00c1reas Mais Exigidas<br \/>\n\u2022 Tecido El\u00e1stico na Barra para Melhor Fechamento nas Pernas<br \/>\n\u2022 Tecido Aero Space que Proporciona Excelente Ventila\u00e7\u00e3o para as Pernas<\/p>\n<p>Testado e aprovado pela Pro Tork Racing Team.<br \/>\nMarca: Pro Tork<\/p>\n<p>Dimens\u00f5es Aproximadas:<br \/>\n(Cintura x Quadril x Comprimento)<br \/>\n\u2022 38: 40x54x100cm<br \/>\n\u2022 42: 44x59x104cm<br \/>\n\u2022 44: 44x61x106cm<br \/>\n\u2022 46: 48x62x107cm<br \/>\n\u2022 48: 50x64x110cm<br \/>\n\u2022 50: 52x66x110cm<br \/>\n\u2022 52: 52x67x110cm<br \/>\n\u2022 54: 54x68x110cm<br \/>\n\u2022 56: 56x70x110cm<\/p>\n<p>Imagem meramente ilustrativa.<\/p>\n","protected":false},"featured_media":5753,"template":"","meta":[],"product_brand":[],"product_cat":[18,21],"product_tag":[],"class_list":{"0":"post-5746","1":"product","2":"type-product","3":"status-publish","4":"has-post-thumbnail","6":"product_cat-infantil","7":"product_cat-acessorios","8":"pa_cor-azul","9":"pa_tamanho-126","10":"pa_tamanho-p","12":"first","13":"instock","14":"shipping-taxable","15":"purchasable","16":"product-type-variable"},"_links":{"self":[{"href":"https:\/\/personalbiker.com.br\/lojapb\/wp-json\/wp\/v2\/product\/5746","targetHints":{"allow":["GET"]}}],"collection":[{"href":"https:\/\/personalbiker.com.br\/lojapb\/wp-json\/wp\/v2\/product"}],"about":[{"href":"https:\/\/personalbiker.com.br\/lojapb\/wp-json\/wp\/v2\/types\/product"}],"wp:featuredmedia":[{"embeddable":true,"href":"https:\/\/personalbiker.com.br\/lojapb\/wp-json\/wp\/v2\/media\/5753"}],"wp:attachment":[{"href":"https:\/\/personalbiker.com.br\/lojapb\/wp-json\/wp\/v2\/media?parent=5746"}],"wp:term":[{"taxonomy":"product_brand","embeddable":true,"href":"https:\/\/personalbiker.com.br\/lojapb\/wp-json\/wp\/v2\/product_brand?post=5746"},{"taxonomy":"product_cat","embeddable":true,"href":"https:\/\/personalbiker.com.br\/lojapb\/wp-json\/wp\/v2\/product_cat?post=5746"},{"taxonomy":"product_tag","embeddable":true,"href":"https:\/\/personalbiker.com.br\/lojapb\/wp-json\/wp\/v2\/product_tag?post=5746"}],"curies":[{"name":"wp","href":"https:\/\/api.w.org\/{rel}","templated":true}]}}