{"id":5387,"date":"2019-04-23T16:21:58","date_gmt":"2019-04-23T19:21:58","guid":{"rendered":"http:\/\/personalbiker.com.br\/lojapb\/?post_type=product&#038;p=5387"},"modified":"2021-03-30T10:14:18","modified_gmt":"2021-03-30T13:14:18","slug":"pneu-2-75-18-48s-city-pro-tt-michelin-dianteiro-titan","status":"publish","type":"product","link":"https:\/\/personalbiker.com.br\/lojapb\/produto\/pneu-2-75-18-48s-city-pro-tt-michelin-dianteiro-titan\/","title":{"rendered":"Pneu 2.75 18 48S CITY PRO TT MICHELIN DIANTEIRO TITAN"},"content":{"rendered":"","protected":false},"excerpt":{"rendered":"<p>O pneu Michelin City Pro tem \u00f3tima ader\u00eancia em piso seco ou molhado, proporciona \u00f3tima durabilidade e a maior resist\u00eancia a perfura\u00e7\u00f5es do mercado, tornando-se tamb\u00e9m altamente confi\u00e1vel para o uso constante. Seu poder de ader\u00eancia \u00e9 muito importante para a sensa\u00e7\u00e3o de seguran\u00e7a ao guiar, pois com a motocicleta sobre controle, fica muito mais f\u00e1cil e confort\u00e1vel realizar mudan\u00e7as de dire\u00e7\u00e3o, mesmo em situa\u00e7\u00f5es de emerg\u00eancia.<\/p>\n<p>IMAGENS MERAMENTE ILUSTRATIVAS<\/p>\n","protected":false},"featured_media":5390,"template":"","meta":[],"product_brand":[],"product_cat":[67],"product_tag":[],"class_list":{"0":"post-5387","1":"product","2":"type-product","3":"status-publish","4":"has-post-thumbnail","6":"product_cat-pneu-moto","8":"first","9":"outofstock","10":"shipping-taxable","11":"purchasable","12":"product-type-simple"},"_links":{"self":[{"href":"https:\/\/personalbiker.com.br\/lojapb\/wp-json\/wp\/v2\/product\/5387","targetHints":{"allow":["GET"]}}],"collection":[{"href":"https:\/\/personalbiker.com.br\/lojapb\/wp-json\/wp\/v2\/product"}],"about":[{"href":"https:\/\/personalbiker.com.br\/lojapb\/wp-json\/wp\/v2\/types\/product"}],"wp:featuredmedia":[{"embeddable":true,"href":"https:\/\/personalbiker.com.br\/lojapb\/wp-json\/wp\/v2\/media\/5390"}],"wp:attachment":[{"href":"https:\/\/personalbiker.com.br\/lojapb\/wp-json\/wp\/v2\/media?parent=5387"}],"wp:term":[{"taxonomy":"product_brand","embeddable":true,"href":"https:\/\/personalbiker.com.br\/lojapb\/wp-json\/wp\/v2\/product_brand?post=5387"},{"taxonomy":"product_cat","embeddable":true,"href":"https:\/\/personalbiker.com.br\/lojapb\/wp-json\/wp\/v2\/product_cat?post=5387"},{"taxonomy":"product_tag","embeddable":true,"href":"https:\/\/personalbiker.com.br\/lojapb\/wp-json\/wp\/v2\/product_tag?post=5387"}],"curies":[{"name":"wp","href":"https:\/\/api.w.org\/{rel}","templated":true}]}}