{"id":5361,"date":"2019-04-23T15:17:09","date_gmt":"2019-04-23T18:17:09","guid":{"rendered":"http:\/\/personalbiker.com.br\/lojapb\/?post_type=product&#038;p=5361"},"modified":"2022-05-05T14:03:41","modified_gmt":"2022-05-05T17:03:41","slug":"pneu-120-80-18-dual-sport-levorin-traseiro-xre","status":"publish","type":"product","link":"https:\/\/personalbiker.com.br\/lojapb\/produto\/pneu-120-80-18-dual-sport-levorin-traseiro-xre\/","title":{"rendered":"Pneu 120\/80 18 DUAL SPORT LEVORIN TRASEIRO XRE"},"content":{"rendered":"","protected":false},"excerpt":{"rendered":"<p>Caracter\u00edsticas<br \/>\nTamanho<br \/>\n120\/80 R18<br \/>\nLargura de sec\u00e7\u00e3o<br \/>\n120 mm<br \/>\nRela\u00e7\u00e3o de aspecto<br \/>\n80<br \/>\nDi\u00e2metro da roda<br \/>\n18 &#8221;<\/p>\n<p>Pneu Levorin Dual Sport 120\/80-18 62S<br \/>\nInformac\u00f5es T\u00e9cnicas : Pneu original homologado pelas principais montadoras para motos On\/Off road at\u00e9 150 cc, podendo ser utilizado em motocicletas de at\u00e9 660cc<br \/>\nInformac\u00f5es T\u00e9cnicas : Uso predominante em estradas asfaltadas, onde oferece excelente ader\u00eancia em pisos secos e molhados Seu desenho \u00fanico proporciona precis\u00e3o de trajet\u00f3ria e controle, al\u00e9m de regularidade do desgaste e \u00f3timo rendimento quilom\u00e9trico<br \/>\nInformac\u00f5es T\u00e9cnicas : Lado Montagem:Traseiro<br \/>\nInformac\u00f5es T\u00e9cnicas : Carga M\u00e1xima(kg): 265<br \/>\nInformac\u00f5es T\u00e9cnicas : Velocidade M\u00e1xima (km\/h): 180<br \/>\nInformac\u00f5es T\u00e9cnicas : Press\u00e3o M\u00e1xima (PSI): 36<br \/>\nInformac\u00f5es T\u00e9cnicas : Camara de ar: MSA 18<br \/>\nAplica\u00e7\u00e3o: XR 250 TORNADO \/ XRE 300\/ XTZ 250 LANDER\/ TENERE \/ DR 400 Z.<\/p>\n<p>IMAGENS MERAMENTE ILUSTRATIVAS<\/p>\n","protected":false},"featured_media":5365,"template":"","meta":[],"product_brand":[],"product_cat":[67],"product_tag":[],"class_list":{"0":"post-5361","1":"product","2":"type-product","3":"status-publish","4":"has-post-thumbnail","6":"product_cat-pneu-moto","8":"first","9":"outofstock","10":"shipping-taxable","11":"purchasable","12":"product-type-simple"},"_links":{"self":[{"href":"https:\/\/personalbiker.com.br\/lojapb\/wp-json\/wp\/v2\/product\/5361","targetHints":{"allow":["GET"]}}],"collection":[{"href":"https:\/\/personalbiker.com.br\/lojapb\/wp-json\/wp\/v2\/product"}],"about":[{"href":"https:\/\/personalbiker.com.br\/lojapb\/wp-json\/wp\/v2\/types\/product"}],"wp:featuredmedia":[{"embeddable":true,"href":"https:\/\/personalbiker.com.br\/lojapb\/wp-json\/wp\/v2\/media\/5365"}],"wp:attachment":[{"href":"https:\/\/personalbiker.com.br\/lojapb\/wp-json\/wp\/v2\/media?parent=5361"}],"wp:term":[{"taxonomy":"product_brand","embeddable":true,"href":"https:\/\/personalbiker.com.br\/lojapb\/wp-json\/wp\/v2\/product_brand?post=5361"},{"taxonomy":"product_cat","embeddable":true,"href":"https:\/\/personalbiker.com.br\/lojapb\/wp-json\/wp\/v2\/product_cat?post=5361"},{"taxonomy":"product_tag","embeddable":true,"href":"https:\/\/personalbiker.com.br\/lojapb\/wp-json\/wp\/v2\/product_tag?post=5361"}],"curies":[{"name":"wp","href":"https:\/\/api.w.org\/{rel}","templated":true}]}}