{"id":5331,"date":"2019-04-23T13:35:35","date_gmt":"2019-04-23T16:35:35","guid":{"rendered":"http:\/\/personalbiker.com.br\/lojapb\/?post_type=product&#038;p=5331"},"modified":"2022-08-23T14:03:59","modified_gmt":"2022-08-23T17:03:59","slug":"pneu-110-70-17-54s-pilot-street-front-michelin","status":"publish","type":"product","link":"https:\/\/personalbiker.com.br\/lojapb\/produto\/pneu-110-70-17-54s-pilot-street-front-michelin\/","title":{"rendered":"Pneu 110\/70-17 54S PILOT STREET FRONT  MICHELIN"},"content":{"rendered":"","protected":false},"excerpt":{"rendered":"<p>Pneu Moto Michelin Pilot Street Dianteiro 110\/70 17 (54S)<\/p>\n<p>MICHELIN Pilot Street possui novo desenho derivado dos pneus de alta performance, al\u00e9m de estrutura refor\u00e7ada, o pneu se mant\u00e9m firme no asfalto e a melhor durabilidade.<\/p>\n<p>Novo desenho derivado diretamente dos pneus de alta performance.<\/p>\n<p>Estrutura refor\u00e7ada, projetada dentro dos padr\u00f5es de desempenho Michelin.<\/p>\n<p>Pneu que se mant\u00e9m firme no asfalto: Seguran\u00e7a e ader\u00eancia em m\u00e1s condi\u00e7\u00f5es de condu\u00e7\u00e3o.<\/p>\n<p>A melhor durabilidade: M\u00ednimo de 30% a mais de vida \u00fatil quando comparado ao principal concorrente.<\/p>\n<p>Desenho otimizado para um perfeito equil\u00edbrio entre ader\u00eancia em piso molhado e longa vida do pneu.<\/p>\n<p>Pneu Dianteiro para: Twister 250, Cb 300, Fazer 250, Dafra Next, Ninja 250 e 300, R3 e Lander 250x.<\/p>\n<p>IMAGENS MERAMENTE ILUSTRATIVAS<\/p>\n","protected":false},"featured_media":5334,"template":"","meta":[],"product_brand":[],"product_cat":[67],"product_tag":[],"class_list":{"0":"post-5331","1":"product","2":"type-product","3":"status-publish","4":"has-post-thumbnail","6":"product_cat-pneu-moto","8":"first","9":"outofstock","10":"shipping-taxable","11":"purchasable","12":"product-type-simple"},"_links":{"self":[{"href":"https:\/\/personalbiker.com.br\/lojapb\/wp-json\/wp\/v2\/product\/5331","targetHints":{"allow":["GET"]}}],"collection":[{"href":"https:\/\/personalbiker.com.br\/lojapb\/wp-json\/wp\/v2\/product"}],"about":[{"href":"https:\/\/personalbiker.com.br\/lojapb\/wp-json\/wp\/v2\/types\/product"}],"wp:featuredmedia":[{"embeddable":true,"href":"https:\/\/personalbiker.com.br\/lojapb\/wp-json\/wp\/v2\/media\/5334"}],"wp:attachment":[{"href":"https:\/\/personalbiker.com.br\/lojapb\/wp-json\/wp\/v2\/media?parent=5331"}],"wp:term":[{"taxonomy":"product_brand","embeddable":true,"href":"https:\/\/personalbiker.com.br\/lojapb\/wp-json\/wp\/v2\/product_brand?post=5331"},{"taxonomy":"product_cat","embeddable":true,"href":"https:\/\/personalbiker.com.br\/lojapb\/wp-json\/wp\/v2\/product_cat?post=5331"},{"taxonomy":"product_tag","embeddable":true,"href":"https:\/\/personalbiker.com.br\/lojapb\/wp-json\/wp\/v2\/product_tag?post=5331"}],"curies":[{"name":"wp","href":"https:\/\/api.w.org\/{rel}","templated":true}]}}