{"id":521,"date":"2017-03-21T11:33:47","date_gmt":"2017-03-21T11:33:47","guid":{"rendered":"http:\/\/personalbiker.com.br\/lojapb\/?product=mbr-7-bs-pioneiro"},"modified":"2022-12-21T11:49:55","modified_gmt":"2022-12-21T14:49:55","slug":"mbr-7-bs-pioneiro","status":"publish","type":"product","link":"https:\/\/personalbiker.com.br\/lojapb\/produto\/mbr-7-bs-pioneiro\/","title":{"rendered":"BATERIAS 7AH MBR7BS &#8211; Pioneiro"},"content":{"rendered":"","protected":false},"excerpt":{"rendered":"<p><strong>Especifica\u00e7\u00f5es:<\/strong><br \/>\nModelo: Mbr 7-Bs;<br \/>\nRef: YTX7-Bs;<br \/>\nTens\u00e3o Nominal (V): 12;<br \/>\nC10 (Ah): 7;<br \/>\nCca -10\u00b0C Corrente (A): 70;<br \/>\nTempo at\u00e9 6V (Seg): 70;<br \/>\nCarga lenta: 0,7 Ax 5~10h;<br \/>\nCarga r\u00e1pida: 3,5 A x 1h;<br \/>\nPeso (Kg) (+\/- 5%): 2,39;<br \/>\nConforme Abnt: 127B067F3D;<br \/>\nDimens\u00f5es(cm): 11,4\u00a0x 7,1 x 13,1 (Comp. x Larg. x Alt.);<br \/>\n<strong>Vantagens da bateria Pioneiro:<\/strong><\/p>\n<p>Pronta para o uso, ativada e testada na f\u00e1brica;<br \/>\nN\u00e3o requer manuseio do \u00e1cido pelo usu\u00e1rio;<br \/>\nBateria selada com solu\u00e7\u00e3o \u00e1cida imobilizada;<br \/>\nTotalmente livre de manuten\u00e7\u00e3o;<br \/>\nLigas de chumbo especialmente desenvolvidas para melhorar o rendimento e a durabilidade;<br \/>\nSeparador de fbra de vidro Agm e pastilha antichamas;<br \/>\nFunciona em qualquer posi\u00e7\u00e3o (horizontal ou vertical);<br \/>\nMaior resist\u00eancia a impactos e vibra\u00e7\u00f5es;<br \/>\nMaior corrente de partida;<br \/>\nMelhor retorno de carga e menor auto descarga da bateria;<br \/>\nMaterial pl\u00e1stico com resist\u00eancia superior.<br \/>\n<strong>Tecnologia Separador Agm:<\/strong><\/p>\n<p>Agm (Absorbent Glass Mat) \u00e9 o separador de fbra de vidro altamente absorvente, com a fun\u00e7\u00e3o de imobilizar a solu\u00e7\u00e3o \u00e1cida que comprime internamente as placas positivas e negativas, impedindo o deslocamento do material ativo durante a vibra\u00e7\u00e3o, aumentando a capacidade e a durabilidade.<\/p>\n<p><strong>Tecnologia Vrla:<\/strong><\/p>\n<p>Vrla (Valve Regulated Lead Acid) \u00e9 o mecanismo de v\u00e1lvula e pastilha antichamas, que permite a bateria selada manter os gases na press\u00e3o ideal para ocorrer a recombina\u00e7\u00e3o de hidrog\u00eanio e oxig\u00eanio eliminando o risco de explos\u00f5es, evitando o processo de sobrecarga e fazendo com que a bateria funcione com a performance ideal, diferenciando-se das demais baterias existentes no mercado.<br \/>\n<strong>Apresenta\u00e7\u00e3o das Baterias Pioneiro:<\/strong><\/p>\n<p>H\u00e1 quase tr\u00eas d\u00e9cadas a Pioneiro investe e acredita nas pessoas. Atuando no mercado nacional e internacional, a empresa preza sempre pelos melhores resultados, apresentando hoje uma das maiores f\u00e1bricas de acumuladores el\u00e9tricos do Brasil, atuando ainda em alguns pa\u00edses da Am\u00e9rica Latina, l\u00edder em tecnologia e refer\u00eancia na qualidade de seus processos e produtos. Foram criados requisitos de avalia\u00e7\u00e3o, focando a seguran\u00e7a do usu\u00e1rio e o desempenho do produto.<br \/>\nTodas as baterias e acumuladores el\u00e9tricos chumbo \u00e1cido, com tens\u00e3o nominal de 12V, destinados \u00e0 autom\u00f3veis, caminhonetas, comerciais leves, caminh\u00f5es, \u00f4nibus, micro \u00f4nibus, motocicletas, ciclomotores e triciclos devem estar em conformidade com as normas estabelecidas.<\/p>\n<p>IMAGENS MERAMENTE ILUSTRATIVAS<\/p>\n","protected":false},"featured_media":520,"template":"","meta":[],"product_brand":[],"product_cat":[36],"product_tag":[],"class_list":{"0":"post-521","1":"product","2":"type-product","3":"status-publish","4":"has-post-thumbnail","6":"product_cat-baterias","8":"first","9":"outofstock","10":"purchasable","11":"product-type-simple"},"_links":{"self":[{"href":"https:\/\/personalbiker.com.br\/lojapb\/wp-json\/wp\/v2\/product\/521","targetHints":{"allow":["GET"]}}],"collection":[{"href":"https:\/\/personalbiker.com.br\/lojapb\/wp-json\/wp\/v2\/product"}],"about":[{"href":"https:\/\/personalbiker.com.br\/lojapb\/wp-json\/wp\/v2\/types\/product"}],"wp:featuredmedia":[{"embeddable":true,"href":"https:\/\/personalbiker.com.br\/lojapb\/wp-json\/wp\/v2\/media\/520"}],"wp:attachment":[{"href":"https:\/\/personalbiker.com.br\/lojapb\/wp-json\/wp\/v2\/media?parent=521"}],"wp:term":[{"taxonomy":"product_brand","embeddable":true,"href":"https:\/\/personalbiker.com.br\/lojapb\/wp-json\/wp\/v2\/product_brand?post=521"},{"taxonomy":"product_cat","embeddable":true,"href":"https:\/\/personalbiker.com.br\/lojapb\/wp-json\/wp\/v2\/product_cat?post=521"},{"taxonomy":"product_tag","embeddable":true,"href":"https:\/\/personalbiker.com.br\/lojapb\/wp-json\/wp\/v2\/product_tag?post=521"}],"curies":[{"name":"wp","href":"https:\/\/api.w.org\/{rel}","templated":true}]}}