{"id":517,"date":"2017-03-21T09:51:42","date_gmt":"2017-03-21T09:51:42","guid":{"rendered":"http:\/\/personalbiker.com.br\/lojapb\/?product=capacete-zeus-813"},"modified":"2025-01-06T13:38:39","modified_gmt":"2025-01-06T16:38:39","slug":"capacete-zeus-813","status":"publish","type":"product","link":"https:\/\/personalbiker.com.br\/lojapb\/produto\/capacete-zeus-813\/","title":{"rendered":"Capacete Zeus 813 MATT"},"content":{"rendered":"","protected":false},"excerpt":{"rendered":"<p>A nova linha 2017 da Zeus oferece ao motociclista in\u00fameras vantagens pois os novos modelos se diferencia pela qualidade tecnol\u00f3gica sem abrir m\u00e3o da beleza. O Zeus 813 tem uma grande variedade de grafismos e combina\u00e7\u00f5es de cores, extremamente modernos e com um design inovador, possui casco leve e viseira solar interna. Al\u00e9m disso, a qualidade do produto \u00e9 excelente, incluindo forro, que \u00e9 confort\u00e1vel e remov\u00edvel e tamb\u00e9m o novo sistema de aerof\u00f3lio testado em t\u00fanel de vento que proporciona ao piloto mais estabilidade.<br \/>\nA viseira solar \u00e9 operada com um bot\u00e3o externo f\u00e1cil de manusear, podendo abrir ou fechar a viseira com uma das m\u00e3os. Al\u00e9m da narigueira que mudou para melhor! Mais esportiva e com novo design.<br \/>\nUma novidade que a linha \u00e9 o aerof\u00f3lio, testado em t\u00fanel de vento. O novo designer do 813 proporciona ao piloto mais estabilidade e confian\u00e7a na hora da pilotagem, com isso o capacete se destaca sendo uma novidade para 2017.<\/p>\n<p>imagens meramente ilustrativas<br \/>\nO Zeus 813 \u00e9 um capacete extremamente diferenciado e o \u00fanico da categoria que apresenta tantas inova\u00e7\u00f5es! Compare e compre!<\/p>\n<p>Caracter\u00edsticas:<br \/>\nCasco aerodin\u00e2mico em resina termopl\u00e1stica injetada;<br \/>\nGrafismos especiais;<br \/>\nViseira de 2mm em policarbonato de alta resist\u00eancia com tratamento antirriscos;<br \/>\nViseira de f\u00e1cil remo\u00e7\u00e3o;<br \/>\nVentila\u00e7\u00e3o multiponto com condutores superiores e inferiores;<br \/>\nEngate r\u00e1pido na cinta jugular, para um fechamento pr\u00e1tico e r\u00e1pido;<br \/>\nTecido interior antial\u00e9rgico, t\u00e9rmico e remov\u00edvel;<br \/>\nAerof\u00f3lio traseiro para maior aerodin\u00e2mica.<\/p>\n<p>Capacete certificado com Selo do Inmetro e faixas refletivas.<\/p>\n<p>imagens meramente ilustrativas<\/p>\n","protected":false},"featured_media":6197,"template":"","meta":[],"product_brand":[],"product_cat":[50],"product_tag":[],"class_list":{"0":"post-517","1":"product","2":"type-product","3":"status-publish","4":"has-post-thumbnail","6":"product_cat-zeus","7":"pa_cor-preto-fosco","9":"first","10":"outofstock","11":"purchasable","12":"product-type-variable"},"_links":{"self":[{"href":"https:\/\/personalbiker.com.br\/lojapb\/wp-json\/wp\/v2\/product\/517","targetHints":{"allow":["GET"]}}],"collection":[{"href":"https:\/\/personalbiker.com.br\/lojapb\/wp-json\/wp\/v2\/product"}],"about":[{"href":"https:\/\/personalbiker.com.br\/lojapb\/wp-json\/wp\/v2\/types\/product"}],"wp:featuredmedia":[{"embeddable":true,"href":"https:\/\/personalbiker.com.br\/lojapb\/wp-json\/wp\/v2\/media\/6197"}],"wp:attachment":[{"href":"https:\/\/personalbiker.com.br\/lojapb\/wp-json\/wp\/v2\/media?parent=517"}],"wp:term":[{"taxonomy":"product_brand","embeddable":true,"href":"https:\/\/personalbiker.com.br\/lojapb\/wp-json\/wp\/v2\/product_brand?post=517"},{"taxonomy":"product_cat","embeddable":true,"href":"https:\/\/personalbiker.com.br\/lojapb\/wp-json\/wp\/v2\/product_cat?post=517"},{"taxonomy":"product_tag","embeddable":true,"href":"https:\/\/personalbiker.com.br\/lojapb\/wp-json\/wp\/v2\/product_tag?post=517"}],"curies":[{"name":"wp","href":"https:\/\/api.w.org\/{rel}","templated":true}]}}