{"id":471,"date":"2016-07-14T15:57:31","date_gmt":"2016-07-14T15:57:31","guid":{"rendered":"http:\/\/personalbiker.com.br\/lojapb\/?product=mochila-isobag-pizza-45-lts"},"modified":"2019-08-14T17:28:51","modified_gmt":"2019-08-14T20:28:51","slug":"mochila-isobag-pizza-45-lts","status":"publish","type":"product","link":"https:\/\/personalbiker.com.br\/lojapb\/produto\/mochila-isobag-pizza-45-lts\/","title":{"rendered":"MOCHILA  PIZZA  45 lts (35 CM) Nylon com Isopor"},"content":{"rendered":"","protected":false},"excerpt":{"rendered":"<p>Especifica\u00e7\u00e3o T\u00e9cnica:<br \/>\nBolsa Confeccionada em Nylon<br \/>\nAcabamento na Cor Vermelha<br \/>\nCapacidade da Caixa de Isopor: 45 Litros<br \/>\nPl\u00e1stico Frontal Transparente para Endere\u00e7os e Panfletos<br \/>\nAl\u00e7as Ajust\u00e1veis com Fecho de Engate R\u00e1pido<br \/>\nPossui Bolsos Laterais para Garrafas e Porta Documentos<br \/>\nFechamento Atrav\u00e9s de Z\u00edper<\/p>\n<p>imagens meramente ilustrativas<\/p>\n<p>&nbsp;<\/p>\n","protected":false},"featured_media":470,"template":"","meta":[],"product_brand":[],"product_cat":[48],"product_tag":[],"class_list":{"0":"post-471","1":"product","2":"type-product","3":"status-publish","4":"has-post-thumbnail","6":"product_cat-mochilas-e-alforge","7":"pa_cor-vermelho","8":"pa_tamanho-45l-35cm","10":"first","11":"outofstock","12":"purchasable","13":"product-type-variable"},"_links":{"self":[{"href":"https:\/\/personalbiker.com.br\/lojapb\/wp-json\/wp\/v2\/product\/471","targetHints":{"allow":["GET"]}}],"collection":[{"href":"https:\/\/personalbiker.com.br\/lojapb\/wp-json\/wp\/v2\/product"}],"about":[{"href":"https:\/\/personalbiker.com.br\/lojapb\/wp-json\/wp\/v2\/types\/product"}],"wp:featuredmedia":[{"embeddable":true,"href":"https:\/\/personalbiker.com.br\/lojapb\/wp-json\/wp\/v2\/media\/470"}],"wp:attachment":[{"href":"https:\/\/personalbiker.com.br\/lojapb\/wp-json\/wp\/v2\/media?parent=471"}],"wp:term":[{"taxonomy":"product_brand","embeddable":true,"href":"https:\/\/personalbiker.com.br\/lojapb\/wp-json\/wp\/v2\/product_brand?post=471"},{"taxonomy":"product_cat","embeddable":true,"href":"https:\/\/personalbiker.com.br\/lojapb\/wp-json\/wp\/v2\/product_cat?post=471"},{"taxonomy":"product_tag","embeddable":true,"href":"https:\/\/personalbiker.com.br\/lojapb\/wp-json\/wp\/v2\/product_tag?post=471"}],"curies":[{"name":"wp","href":"https:\/\/api.w.org\/{rel}","templated":true}]}}