{"id":4347,"date":"2019-04-10T09:33:09","date_gmt":"2019-04-10T12:33:09","guid":{"rendered":"http:\/\/personalbiker.com.br\/lojapb\/?post_type=product&#038;p=4347"},"modified":"2019-09-25T16:27:56","modified_gmt":"2019-09-25T19:27:56","slug":"capa-motos-shanna","status":"publish","type":"product","link":"https:\/\/personalbiker.com.br\/lojapb\/produto\/capa-motos-shanna\/","title":{"rendered":"CAPA MOTOS SHANNA GG G M P"},"content":{"rendered":"","protected":false},"excerpt":{"rendered":"<p>N\u00e3o Risca a Pintura da Moto<br \/>\n\u2022 Ideal para Quem N\u00e3o Possui Garagem Coberta<br \/>\n\u2022 F\u00e1cil Aplica\u00e7\u00e3o com El\u00e1stico<\/p>\n<p>&nbsp;<\/p>\n<p>ATEN\u00c7\u00c3O N\u00c3O COLOCAR A CAPA COM O MOTOR QUENTE<\/p>\n<p>IMAGENS MERAMENTE ILUSTRATIVAS<\/p>\n","protected":false},"featured_media":7689,"template":"","meta":[],"product_brand":[],"product_cat":[220],"product_tag":[],"class_list":{"0":"post-4347","1":"product","2":"type-product","3":"status-publish","4":"has-post-thumbnail","6":"product_cat-capa-para-motos","7":"pa_cor-cinza","8":"pa_tamanho-g","9":"pa_tamanho-gg","10":"pa_tamanho-m","11":"pa_tamanho-p","13":"first","14":"instock","15":"shipping-taxable","16":"purchasable","17":"product-type-variable"},"_links":{"self":[{"href":"https:\/\/personalbiker.com.br\/lojapb\/wp-json\/wp\/v2\/product\/4347","targetHints":{"allow":["GET"]}}],"collection":[{"href":"https:\/\/personalbiker.com.br\/lojapb\/wp-json\/wp\/v2\/product"}],"about":[{"href":"https:\/\/personalbiker.com.br\/lojapb\/wp-json\/wp\/v2\/types\/product"}],"wp:featuredmedia":[{"embeddable":true,"href":"https:\/\/personalbiker.com.br\/lojapb\/wp-json\/wp\/v2\/media\/7689"}],"wp:attachment":[{"href":"https:\/\/personalbiker.com.br\/lojapb\/wp-json\/wp\/v2\/media?parent=4347"}],"wp:term":[{"taxonomy":"product_brand","embeddable":true,"href":"https:\/\/personalbiker.com.br\/lojapb\/wp-json\/wp\/v2\/product_brand?post=4347"},{"taxonomy":"product_cat","embeddable":true,"href":"https:\/\/personalbiker.com.br\/lojapb\/wp-json\/wp\/v2\/product_cat?post=4347"},{"taxonomy":"product_tag","embeddable":true,"href":"https:\/\/personalbiker.com.br\/lojapb\/wp-json\/wp\/v2\/product_tag?post=4347"}],"curies":[{"name":"wp","href":"https:\/\/api.w.org\/{rel}","templated":true}]}}

<p>Não Risca a Pintura da Moto<br />
• Ideal para Quem Não Possui Garagem Coberta<br />
• Fácil Aplicação com Elástico</p>
<p>&nbsp;</p>
<p>ATENÇÃO NÃO COLOCAR A CAPA COM O MOTOR QUENTE</p>
<p>IMAGENS MERAMENTE ILUSTRATIVAS</p>
