{"id":367,"date":"2016-04-22T14:36:09","date_gmt":"2016-04-22T14:36:09","guid":{"rendered":"http:\/\/personalbiker.com.br\/lojapb\/?product=11ah-ma11-e"},"modified":"2022-08-12T16:49:02","modified_gmt":"2022-08-12T19:49:02","slug":"11ah-ma11-e","status":"publish","type":"product","link":"https:\/\/personalbiker.com.br\/lojapb\/produto\/11ah-ma11-e\/","title":{"rendered":"BATERIA 11Ah MA11-E"},"content":{"rendered":"<p><strong style=\"font-weight: bold;color: #000000;font-family: 'Open Sans', sans-serif;font-size: 16px;font-style: normal;letter-spacing: normal;text-align: left;text-indent: 0px;background-color: #ffffff\">Especifica\u00e7\u00f5es:<\/strong><br style=\"color: #000000;font-family: 'Open Sans', sans-serif;font-size: 16px;font-style: normal;font-weight: normal;letter-spacing: normal;text-align: left;text-indent: 0px;background-color: #ffffff\" \/><span style=\"color: #000000;font-family: 'Open Sans', sans-serif;font-size: 16px;font-style: normal;font-weight: normal;letter-spacing: normal;text-align: left;text-indent: 0px;background-color: #ffffff;float: none\">&#8211; Tens\u00e3o Nominal\/ Voltagem: 12 Volts;<\/span><br style=\"color: #000000;font-family: 'Open Sans', sans-serif;font-size: 16px;font-style: normal;font-weight: normal;letter-spacing: normal;text-align: left;text-indent: 0px;background-color: #ffffff\" \/><span style=\"color: #000000;font-family: 'Open Sans', sans-serif;font-size: 16px;font-style: normal;font-weight: normal;letter-spacing: normal;text-align: left;text-indent: 0px;background-color: #ffffff;float: none\">\u00a0&#8211; Capacidade Nominal: 11Ah\/Hora;<\/span><br style=\"color: #000000;font-family: 'Open Sans', sans-serif;font-size: 16px;font-style: normal;font-weight: normal;letter-spacing: normal;text-align: left;text-indent: 0px;background-color: #ffffff\" \/><span style=\"color: #000000;font-family: 'Open Sans', sans-serif;font-size: 16px;font-style: normal;font-weight: normal;letter-spacing: normal;text-align: left;text-indent: 0px;background-color: #ffffff;float: none\">\u00a0&#8211; Dimens\u00f5es(cm): 15,0 x 6,9 x 13,0 (Comp. x Larg. x Alt.);<\/span><br style=\"color: #000000;font-family: 'Open Sans', sans-serif;font-size: 16px;font-style: normal;font-weight: normal;letter-spacing: normal;text-align: left;text-indent: 0px;background-color: #ffffff\" \/><span style=\"color: #000000;font-family: 'Open Sans', sans-serif;font-size: 16px;font-style: normal;font-weight: normal;letter-spacing: normal;text-align: left;text-indent: 0px;background-color: #ffffff;float: none\">\u00a0&#8211; P\u00f3lo Positivo: Esquerdo;<\/span><\/p>\n<p><strong style=\"font-weight: bold;color: #000000;font-family: 'Open Sans', sans-serif;font-size: 16px;font-style: normal;letter-spacing: normal;text-align: left;text-indent: 0px;background-color: #ffffff\">Principais Aplica\u00e7\u00f5es:<\/strong><br style=\"color: #000000;font-family: 'Open Sans', sans-serif;font-size: 16px;font-style: normal;font-weight: normal;letter-spacing: normal;text-align: left;text-indent: 0px;background-color: #ffffff\" \/><span style=\"color: #000000;font-family: 'Open Sans', sans-serif;font-size: 16px;font-style: normal;font-weight: normal;letter-spacing: normal;text-align: left;text-indent: 0px;background-color: #ffffff;float: none\">DUCATI 1098 2007-2009<\/span><br style=\"color: #000000;font-family: 'Open Sans', sans-serif;font-size: 16px;font-style: normal;font-weight: normal;letter-spacing: normal;text-align: left;text-indent: 0px;background-color: #ffffff\" \/><span style=\"color: #000000;font-family: 'Open Sans', sans-serif;font-size: 16px;font-style: normal;font-weight: normal;letter-spacing: normal;text-align: left;text-indent: 0px;background-color: #ffffff;float: none\">DUCATI 1198 2009-2011<\/span><br style=\"color: #000000;font-family: 'Open Sans', sans-serif;font-size: 16px;font-style: normal;font-weight: normal;letter-spacing: normal;text-align: left;text-indent: 0px;background-color: #ffffff\" \/><span style=\"color: #000000;font-family: 'Open Sans', sans-serif;font-size: 16px;font-style: normal;font-weight: normal;letter-spacing: normal;text-align: left;text-indent: 0px;background-color: #ffffff;float: none\">DUCATI 848 2008-2011<\/span><br style=\"color: #000000;font-family: 'Open Sans', sans-serif;font-size: 16px;font-style: normal;font-weight: normal;letter-spacing: normal;text-align: left;text-indent: 0px;background-color: #ffffff\" \/><span style=\"color: #000000;font-family: 'Open Sans', sans-serif;font-size: 16px;font-style: normal;font-weight: normal;letter-spacing: normal;text-align: left;text-indent: 0px;background-color: #ffffff;float: none\">DUCATI DESMOSEDICI RR 2008-2009<\/span><br style=\"color: #000000;font-family: 'Open Sans', sans-serif;font-size: 16px;font-style: normal;font-weight: normal;letter-spacing: normal;text-align: left;text-indent: 0px;background-color: #ffffff\" \/><span style=\"color: #000000;font-family: 'Open Sans', sans-serif;font-size: 16px;font-style: normal;font-weight: normal;letter-spacing: normal;text-align: left;text-indent: 0px;background-color: #ffffff;float: none\">DUCATI GT1000 (Thru 2009)<\/span><br style=\"color: #000000;font-family: 'Open Sans', sans-serif;font-size: 16px;font-style: normal;font-weight: normal;letter-spacing: normal;text-align: left;text-indent: 0px;background-color: #ffffff\" \/><span style=\"color: #000000;font-family: 'Open Sans', sans-serif;font-size: 16px;font-style: normal;font-weight: normal;letter-spacing: normal;text-align: left;text-indent: 0px;background-color: #ffffff;float: none\">DUCATI Hypermotard 2007-2011 (1100cc)<\/span><br style=\"color: #000000;font-family: 'Open Sans', sans-serif;font-size: 16px;font-style: normal;font-weight: normal;letter-spacing: normal;text-align: left;text-indent: 0px;background-color: #ffffff\" \/><span style=\"color: #000000;font-family: 'Open Sans', sans-serif;font-size: 16px;font-style: normal;font-weight: normal;letter-spacing: normal;text-align: left;text-indent: 0px;background-color: #ffffff;float: none\">DUCATI Hypermotard 2010-2011 (796cc)<\/span><br style=\"color: #000000;font-family: 'Open Sans', sans-serif;font-size: 16px;font-style: normal;font-weight: normal;letter-spacing: normal;text-align: left;text-indent: 0px;background-color: #ffffff\" \/><span style=\"color: #000000;font-family: 'Open Sans', sans-serif;font-size: 16px;font-style: normal;font-weight: normal;letter-spacing: normal;text-align: left;text-indent: 0px;background-color: #ffffff;float: none\">DUCATI MONSTER 1100 2009-2011<\/span><br style=\"color: #000000;font-family: 'Open Sans', sans-serif;font-size: 16px;font-style: normal;font-weight: normal;letter-spacing: normal;text-align: left;text-indent: 0px;background-color: #ffffff\" \/><span style=\"color: #000000;font-family: 'Open Sans', sans-serif;font-size: 16px;font-style: normal;font-weight: normal;letter-spacing: normal;text-align: left;text-indent: 0px;background-color: #ffffff;float: none\">DUCATI MONSTER 696 2008-2011<\/span><br style=\"color: #000000;font-family: 'Open Sans', sans-serif;font-size: 16px;font-style: normal;font-weight: normal;letter-spacing: normal;text-align: left;text-indent: 0px;background-color: #ffffff\" \/><span style=\"color: #000000;font-family: 'Open Sans', sans-serif;font-size: 16px;font-style: normal;font-weight: normal;letter-spacing: normal;text-align: left;text-indent: 0px;background-color: #ffffff;float: none\">DUCATI MULTISTRADA 1100 2009-2011<\/span><br style=\"color: #000000;font-family: 'Open Sans', sans-serif;font-size: 16px;font-style: normal;font-weight: normal;letter-spacing: normal;text-align: left;text-indent: 0px;background-color: #ffffff\" \/><span style=\"color: #000000;font-family: 'Open Sans', sans-serif;font-size: 16px;font-style: normal;font-weight: normal;letter-spacing: normal;text-align: left;text-indent: 0px;background-color: #ffffff;float: none\">DUCATI MULTISTRADA 1200 2010-2011<\/span><br style=\"color: #000000;font-family: 'Open Sans', sans-serif;font-size: 16px;font-style: normal;font-weight: normal;letter-spacing: normal;text-align: left;text-indent: 0px;background-color: #ffffff\" \/><span style=\"color: #000000;font-family: 'Open Sans', sans-serif;font-size: 16px;font-style: normal;font-weight: normal;letter-spacing: normal;text-align: left;text-indent: 0px;background-color: #ffffff;float: none\">DUCATI STREET FIGHTER 2009-2011 (Inclui S)<\/span><br style=\"color: #000000;font-family: 'Open Sans', sans-serif;font-size: 16px;font-style: normal;font-weight: normal;letter-spacing: normal;text-align: left;text-indent: 0px;background-color: #ffffff\" \/><br style=\"color: #000000;font-family: 'Open Sans', sans-serif;font-size: 16px;font-style: normal;font-weight: normal;letter-spacing: normal;text-align: left;text-indent: 0px;background-color: #ffffff\" \/><span style=\"color: #000000;font-family: 'Open Sans', sans-serif;font-size: 16px;font-style: normal;font-weight: normal;letter-spacing: normal;text-align: left;text-indent: 0px;background-color: #ffffff;float: none\">KAWASAKI ZX-10R 2004-2010<\/span><br style=\"color: #000000;font-family: 'Open Sans', sans-serif;font-size: 16px;font-style: normal;font-weight: normal;letter-spacing: normal;text-align: left;text-indent: 0px;background-color: #ffffff\" \/><br style=\"color: #000000;font-family: 'Open Sans', sans-serif;font-size: 16px;font-style: normal;font-weight: normal;letter-spacing: normal;text-align: left;text-indent: 0px;background-color: #ffffff\" \/><span style=\"color: #000000;font-family: 'Open Sans', sans-serif;font-size: 16px;font-style: normal;font-weight: normal;letter-spacing: normal;text-align: left;text-indent: 0px;background-color: #ffffff;float: none\">TRIUMPH TIGER 2007-2011 (1050cc)<\/span><br style=\"color: #000000;font-family: 'Open Sans', sans-serif;font-size: 16px;font-style: normal;font-weight: normal;letter-spacing: normal;text-align: left;text-indent: 0px;background-color: #ffffff\" \/><br style=\"color: #000000;font-family: 'Open Sans', sans-serif;font-size: 16px;font-style: normal;font-weight: normal;letter-spacing: normal;text-align: left;text-indent: 0px;background-color: #ffffff\" \/><span style=\"color: #000000;font-family: 'Open Sans', sans-serif;font-size: 16px;font-style: normal;font-weight: normal;letter-spacing: normal;text-align: left;text-indent: 0px;background-color: #ffffff;float: none\">YAMAHA FZ6 2005-2011<\/span><br style=\"color: #000000;font-family: 'Open Sans', sans-serif;font-size: 16px;font-style: normal;font-weight: normal;letter-spacing: normal;text-align: left;text-indent: 0px;background-color: #ffffff\" \/><span style=\"color: #000000;font-family: 'Open Sans', sans-serif;font-size: 16px;font-style: normal;font-weight: normal;letter-spacing: normal;text-align: left;text-indent: 0px;background-color: #ffffff;float: none\">YAMAHA FZ6R 2005-2011<\/span><br style=\"color: #000000;font-family: 'Open Sans', sans-serif;font-size: 16px;font-style: normal;font-weight: normal;letter-spacing: normal;text-align: left;text-indent: 0px;background-color: #ffffff\" \/><span style=\"color: #000000;font-family: 'Open Sans', sans-serif;font-size: 16px;font-style: normal;font-weight: normal;letter-spacing: normal;text-align: left;text-indent: 0px;background-color: #ffffff;float: none\">YAMAHA SRX600 (Todos Atrav\u00e9s 2010)<\/span><br style=\"color: #000000;font-family: 'Open Sans', sans-serif;font-size: 16px;font-style: normal;font-weight: normal;letter-spacing: normal;text-align: left;text-indent: 0px;background-color: #ffffff\" \/><span style=\"color: #000000;font-family: 'Open Sans', sans-serif;font-size: 16px;font-style: normal;font-weight: normal;letter-spacing: normal;text-align: left;text-indent: 0px;background-color: #ffffff;float: none\">YAMAHA V-STAR 650 1998-2011<\/span><br style=\"color: #000000;font-family: 'Open Sans', sans-serif;font-size: 16px;font-style: normal;font-weight: normal;letter-spacing: normal;text-align: left;text-indent: 0px;background-color: #ffffff\" \/><span style=\"color: #000000;font-family: 'Open Sans', sans-serif;font-size: 16px;font-style: normal;font-weight: normal;letter-spacing: normal;text-align: left;text-indent: 0px;background-color: #ffffff;float: none\">YAMAHA YZF-R1 1999-2003<\/span><br style=\"color: #000000;font-family: 'Open Sans', sans-serif;font-size: 16px;font-style: normal;font-weight: normal;letter-spacing: normal;text-align: left;text-indent: 0px;background-color: #ffffff\" \/><span style=\"color: #000000;font-family: 'Open Sans', sans-serif;font-size: 16px;font-style: normal;font-weight: normal;letter-spacing: normal;text-align: left;text-indent: 0px;background-color: #ffffff;float: none\">YAMAHA YZF-R6 1.999-2.000<\/span><\/p>\n","protected":false},"excerpt":{"rendered":"<p>Especifica\u00e7\u00f5es:&#8211; Tens\u00e3o Nominal\/ Voltagem: 12 Volts;\u00a0&#8211; Capacidade Nominal: 11Ah\/Hora;\u00a0&#8211; Dimens\u00f5es(cm): 15,0 x 6,9 x 13,0 (Comp. x Larg. x Alt.);\u00a0&#8211; P\u00f3lo Positivo: Esquerdo; Principais Aplica\u00e7\u00f5es:DUCATI 1098 2007-2009DUCATI 1198 2009-2011DUCATI 848 2008-2011DUCATI DESMOSEDICI RR 2008-2009DUCATI GT1000 (Thru 2009)DUCATI Hypermotard 2007-2011 (1100cc)DUCATI Hypermotard 2010-2011 (796cc)DUCATI MONSTER 1100 2009-2011DUCATI MONSTER 696 2008-2011DUCATI MULTISTRADA 1100 2009-2011DUCATI MULTISTRADA 1200 2010-2011DUCATI [&#8230;]\n","protected":false},"featured_media":366,"template":"","meta":[],"product_brand":[],"product_cat":[36],"product_tag":[],"class_list":{"0":"post-367","1":"product","2":"type-product","3":"status-publish","4":"has-post-thumbnail","6":"product_cat-baterias","8":"first","9":"instock","10":"purchasable","11":"product-type-simple"},"_links":{"self":[{"href":"https:\/\/personalbiker.com.br\/lojapb\/wp-json\/wp\/v2\/product\/367","targetHints":{"allow":["GET"]}}],"collection":[{"href":"https:\/\/personalbiker.com.br\/lojapb\/wp-json\/wp\/v2\/product"}],"about":[{"href":"https:\/\/personalbiker.com.br\/lojapb\/wp-json\/wp\/v2\/types\/product"}],"wp:featuredmedia":[{"embeddable":true,"href":"https:\/\/personalbiker.com.br\/lojapb\/wp-json\/wp\/v2\/media\/366"}],"wp:attachment":[{"href":"https:\/\/personalbiker.com.br\/lojapb\/wp-json\/wp\/v2\/media?parent=367"}],"wp:term":[{"taxonomy":"product_brand","embeddable":true,"href":"https:\/\/personalbiker.com.br\/lojapb\/wp-json\/wp\/v2\/product_brand?post=367"},{"taxonomy":"product_cat","embeddable":true,"href":"https:\/\/personalbiker.com.br\/lojapb\/wp-json\/wp\/v2\/product_cat?post=367"},{"taxonomy":"product_tag","embeddable":true,"href":"https:\/\/personalbiker.com.br\/lojapb\/wp-json\/wp\/v2\/product_tag?post=367"}],"curies":[{"name":"wp","href":"https:\/\/api.w.org\/{rel}","templated":true}]}}