{"id":3611,"date":"2019-03-30T12:06:05","date_gmt":"2019-03-30T15:06:05","guid":{"rendered":"http:\/\/personalbiker.com.br\/lojapb\/?post_type=product&#038;p=3611"},"modified":"2023-08-23T08:30:59","modified_gmt":"2023-08-23T11:30:59","slug":"colete-de-protecao-pro-tork-infantil","status":"publish","type":"product","link":"https:\/\/personalbiker.com.br\/lojapb\/produto\/colete-de-protecao-pro-tork-infantil\/","title":{"rendered":"Colete De Prote\u00e7\u00e3o Pro Tork Infantil"},"content":{"rendered":"","protected":false},"excerpt":{"rendered":"<p>Mais seguran\u00e7a para seu filho, \u00e9 essencial com o Colete Motocross Pro Tork Infantil<\/p>\n<p>proteja o t\u00f3rax e o peito de pedradas e impactos, sem perder a mobilidade.<br \/>\nModelagem anat\u00f4mica com ampla \u00e1rea de prote\u00e7\u00e3o, produzido em DGP, abrange todo o peito, costas, ombros e bra\u00e7os, sem abrir m\u00e3o do conforto e liberdade dos movimentos durante a pilotagem.<br \/>\n\u00c9 um grande sucesso de vendas da linha de prote\u00e7\u00e3o da Pro Tork. Um colete leve e confort\u00e1vel com \u00f3timo custo x benef\u00edcio.<br \/>\nCARACTER\u00cdSTICAS:<br \/>\n&#8211; Produzido em pl\u00e1stico de \u00f3tima resist\u00eancia e sem comprometer a agilidade;<br \/>\n&#8211; Proporciona conforto com sua forra\u00e7\u00e3o em eva;<br \/>\n&#8211; Costas com estrutura refor\u00e7ada, aumentando a prote\u00e7\u00e3o;<br \/>\n&#8211; Prote\u00e7\u00f5es no t\u00f3rax, ombros, antebra\u00e7os e costas;<br \/>\n&#8211; Possui ajustes no antebra\u00e7o e para cintura com engate;<br \/>\n&#8211; Tamanho \u00fanico;<br \/>\n&#8211; Garantia de 90 dias contra defeito de fabrica\u00e7\u00e3o;<br \/>\n&#8211; Conte\u00fado da embalagem: 1 Colete;<br \/>\n&#8211; Material: Pl\u00e1stico injetado;<br \/>\n&#8211; Peso aproximado: 0,600 g;<br \/>\n&#8211; Idade aproximada: 6 at\u00e9 15 anos;<br \/>\n&#8211; Para uma pessoa com peso e altura aproximado: 48 Kg e 1,55 cm.<br \/>\nColete de Prote\u00e7\u00e3o Pro Tork Infantil<\/p>\n<p>IMAGENS MERAMENTE ILUSTRATIVAS<\/p>\n<p>&nbsp;<\/p>\n","protected":false},"featured_media":6209,"template":"","meta":[],"product_brand":[],"product_cat":[21],"product_tag":[],"class_list":{"0":"post-3611","1":"product","2":"type-product","3":"status-publish","4":"has-post-thumbnail","6":"product_cat-acessorios","7":"pa_cor-preto","9":"first","10":"outofstock","11":"shipping-taxable","12":"product-type-simple"},"_links":{"self":[{"href":"https:\/\/personalbiker.com.br\/lojapb\/wp-json\/wp\/v2\/product\/3611","targetHints":{"allow":["GET"]}}],"collection":[{"href":"https:\/\/personalbiker.com.br\/lojapb\/wp-json\/wp\/v2\/product"}],"about":[{"href":"https:\/\/personalbiker.com.br\/lojapb\/wp-json\/wp\/v2\/types\/product"}],"wp:featuredmedia":[{"embeddable":true,"href":"https:\/\/personalbiker.com.br\/lojapb\/wp-json\/wp\/v2\/media\/6209"}],"wp:attachment":[{"href":"https:\/\/personalbiker.com.br\/lojapb\/wp-json\/wp\/v2\/media?parent=3611"}],"wp:term":[{"taxonomy":"product_brand","embeddable":true,"href":"https:\/\/personalbiker.com.br\/lojapb\/wp-json\/wp\/v2\/product_brand?post=3611"},{"taxonomy":"product_cat","embeddable":true,"href":"https:\/\/personalbiker.com.br\/lojapb\/wp-json\/wp\/v2\/product_cat?post=3611"},{"taxonomy":"product_tag","embeddable":true,"href":"https:\/\/personalbiker.com.br\/lojapb\/wp-json\/wp\/v2\/product_tag?post=3611"}],"curies":[{"name":"wp","href":"https:\/\/api.w.org\/{rel}","templated":true}]}}

Colete De Proteção Pro Tork Infantil

<p>Mais segurança para seu filho, é essencial com o Colete Motocross Pro Tork Infantil</p>
<p>proteja o tórax e o peito de pedradas e impactos, sem perder a mobilidade.<br />
Modelagem anatômica com ampla área de proteção, produzido em DGP, abrange todo o peito, costas, ombros e braços, sem abrir mão do conforto e liberdade dos movimentos durante a pilotagem.<br />
É um grande sucesso de vendas da linha de proteção da Pro Tork. Um colete leve e confortável com ótimo custo x benefício.<br />
CARACTERÍSTICAS:<br />
&#8211; Produzido em plástico de ótima resistência e sem comprometer a agilidade;<br />
&#8211; Proporciona conforto com sua forração em eva;<br />
&#8211; Costas com estrutura reforçada, aumentando a proteção;<br />
&#8211; Proteções no tórax, ombros, antebraços e costas;<br />
&#8211; Possui ajustes no antebraço e para cintura com engate;<br />
&#8211; Tamanho único;<br />
&#8211; Garantia de 90 dias contra defeito de fabricação;<br />
&#8211; Conteúdo da embalagem: 1 Colete;<br />
&#8211; Material: Plástico injetado;<br />
&#8211; Peso aproximado: 0,600 g;<br />
&#8211; Idade aproximada: 6 até 15 anos;<br />
&#8211; Para uma pessoa com peso e altura aproximado: 48 Kg e 1,55 cm.<br />
Colete de Proteção Pro Tork Infantil</p>
<p>IMAGENS MERAMENTE ILUSTRATIVAS</p>
<p>&nbsp;</p>
