{"id":3600,"date":"2019-03-30T10:35:33","date_gmt":"2019-03-30T13:35:33","guid":{"rendered":"http:\/\/personalbiker.com.br\/lojapb\/?post_type=product&#038;p=3600"},"modified":"2025-06-23T08:55:59","modified_gmt":"2025-06-23T11:55:59","slug":"mini-moto-cross-laminha-100cc-fun-motors","status":"publish","type":"product","link":"https:\/\/personalbiker.com.br\/lojapb\/produto\/mini-moto-cross-laminha-100cc-fun-motors\/","title":{"rendered":"Mini Moto Cross Laminha 100cc Fun Motors"},"content":{"rendered":"","protected":false},"excerpt":{"rendered":"<p>SUSPENS\u00c3O INVERTIDA, C\u00c2MBIO AUTOM\u00c1TICO,PARTIDA EL\u00c9TRICA<\/p>\n<p>Caracter\u00edsticas<br \/>\nMarca<br \/>\nFun Motors<br \/>\nIdade m\u00ednima recomendada<br \/>\n7 anos<br \/>\nIdade m\u00e1xima recomendada<br \/>\n12 anos<br \/>\nModelo<br \/>\nLaminha 100cc<\/p>\n<p>Descri\u00e7\u00e3o<\/p>\n<p>Nova Laminha 100CC , 4 tempos<\/p>\n<p>Dimens\u00e3o 140x78x85<\/p>\n<p>Peso seco 65 kgs<\/p>\n<p>Quadro tubular em a\u00e7o de alta resist\u00eancia<\/p>\n<p>Capacidade de carga 85 kgs<\/p>\n<p>Rendimento 25km \/ L<\/p>\n<p>Pot\u00eancia m\u00e1xima 7cv \/8000R \/ Min<\/p>\n<p>Motor 4 Tempos com comando de v\u00e1lvula especial<\/p>\n<p>Sistema de Partida el\u00e9trica<\/p>\n<p>Suspens\u00e3o Dianteira &#8211; Invertida Garfo &#8211; Telesc\u00f3pico Hidraulico<\/p>\n<p>Suspens\u00e3o Traseira &#8211; sistema Mono Shock &#8211; Amortecedor Hidr\u00e1ulico Ajust\u00e1vel<\/p>\n<p>Sistema de Alimenta\u00e7\u00e3o &#8211; Carburador KF<\/p>\n<p>Sistema de igni\u00e7\u00e3o &#8211; CDI<\/p>\n<p>Capacidade do tanque 2,4 litros<\/p>\n<p>Sistema de transmiss\u00e3o autom\u00e1tica<\/p>\n<p>Velocidade m\u00e1xima 60 km\/h<\/p>\n<p>Sistema de embreagem &#8211; autom\u00e1tica em banho de \u00f3leo<\/p>\n<p>Rodas dianteiras e traseiras &#8211; 60&#215;100-12 , 80&#215;100-12<\/p>\n<p>Aros dianteiro e traseiro 12 &#8211; 12<\/p>\n<p>Freio dianteiro e traseiro &#8211; Hidr\u00e1ulicos &#8211; Discos de 215mm \/200mm , pin\u00e7as com pist\u00e3o<\/p>\n<table class=\"table table-striped\">\n<tbody>\n<tr>\n<td>TIPO DO MOTOR :<\/td>\n<td>4 TEMPOS, MONOCIL\u00cdNDRICO, REFRIGERADO A AR<\/td>\n<\/tr>\n<tr>\n<td>CILINDRADA :<\/td>\n<td>90CC<\/td>\n<\/tr>\n<tr>\n<td>VELOCIDADE M\u00c1XIMA:<\/td>\n<td>80KM\/H<\/td>\n<\/tr>\n<tr>\n<td>IGNI\u00c7\u00c3O:<\/td>\n<td>CDI<\/td>\n<\/tr>\n<tr>\n<td>PARTIDA :<\/td>\n<td>EL\u00c9TRICA<\/td>\n<\/tr>\n<tr>\n<td>TRANSMISS\u00c3O :<\/td>\n<td>AUTOM\u00c1TICA<\/td>\n<\/tr>\n<tr>\n<td>BATERIA:<\/td>\n<td>12V 5AH<\/td>\n<\/tr>\n<tr>\n<td>TANQUE :<\/td>\n<td>2,4L<\/td>\n<\/tr>\n<tr>\n<td>COMBUST\u00cdVEL:<\/td>\n<td>GASOLINA<\/td>\n<\/tr>\n<\/tbody>\n<\/table>\n<p>Cores Branco\/Vermelho<\/p>\n<p>imagens\u00a0 meramente ilustrativas<\/p>\n<p>Aten\u00e7\u00e3o produto somente\u00a0 enviado por transportadora frete pago pelo cliente<\/p>\n<p>Comp x Larg x Alt = 1570 x 680 x 930mm<\/p>\n","protected":false},"featured_media":9393,"template":"","meta":[],"product_brand":[],"product_cat":[317],"product_tag":[],"class_list":{"0":"post-3600","1":"product","2":"type-product","3":"status-publish","4":"has-post-thumbnail","6":"product_cat-mini-motos-novas-e-seminovas","7":"pa_cor-branco-vermelho-2","9":"first","10":"outofstock","11":"shipping-taxable","12":"product-type-simple"},"_links":{"self":[{"href":"https:\/\/personalbiker.com.br\/lojapb\/wp-json\/wp\/v2\/product\/3600","targetHints":{"allow":["GET"]}}],"collection":[{"href":"https:\/\/personalbiker.com.br\/lojapb\/wp-json\/wp\/v2\/product"}],"about":[{"href":"https:\/\/personalbiker.com.br\/lojapb\/wp-json\/wp\/v2\/types\/product"}],"wp:featuredmedia":[{"embeddable":true,"href":"https:\/\/personalbiker.com.br\/lojapb\/wp-json\/wp\/v2\/media\/9393"}],"wp:attachment":[{"href":"https:\/\/personalbiker.com.br\/lojapb\/wp-json\/wp\/v2\/media?parent=3600"}],"wp:term":[{"taxonomy":"product_brand","embeddable":true,"href":"https:\/\/personalbiker.com.br\/lojapb\/wp-json\/wp\/v2\/product_brand?post=3600"},{"taxonomy":"product_cat","embeddable":true,"href":"https:\/\/personalbiker.com.br\/lojapb\/wp-json\/wp\/v2\/product_cat?post=3600"},{"taxonomy":"product_tag","embeddable":true,"href":"https:\/\/personalbiker.com.br\/lojapb\/wp-json\/wp\/v2\/product_tag?post=3600"}],"curies":[{"name":"wp","href":"https:\/\/api.w.org\/{rel}","templated":true}]}}