{"id":3461,"date":"2019-03-26T10:23:03","date_gmt":"2019-03-26T13:23:03","guid":{"rendered":"http:\/\/personalbiker.com.br\/lojapb\/?post_type=product&#038;p=3461"},"modified":"2019-10-17T16:34:45","modified_gmt":"2019-10-17T19:34:45","slug":"patinete-motorizado-mo-tork-2-marchas-seminovo","status":"publish","type":"product","link":"https:\/\/personalbiker.com.br\/lojapb\/produto\/patinete-motorizado-mo-tork-2-marchas-seminovo\/","title":{"rendered":"Patinete Motorizado MO TORK 2-MARCHAS (Seminovo)"},"content":{"rendered":"","protected":false},"excerpt":{"rendered":"<p>Pe\u00e7a \u00fanica de SEMINOVO (pouco uso)<\/p>\n<p>Equipamento em perfeito estado, revisado,<\/p>\n<p>Partida Manual<\/p>\n<p>Exclusivo c\u00e2mbio com duas marchas<\/p>\n<p>\u2013 Velocidade m\u00e1xima 50km\/h<\/p>\n<p>\u2013 Motor 50cc 2T<\/p>\n<p>\u2013 Alta pot\u00eancia para encarar ladeiras acentuadas<\/p>\n<div class=\"wpb_text_column wpb_content_element \">\n<div class=\"wpb_wrapper\">\n<p><strong>EFICIENTE<\/strong><\/p>\n<p>O MoTork \u00e9 mais que um patinete, \u00e9 um eficiente ve\u00edculo para transporte pessoal. Com apenas 34kg e motor de 50cc, encara ladeiras acentuadas mesmo com carga de at\u00e9 100kg. No plano, o baixo consumo chega a 30km\/l e atinge velocidade de at\u00e9 50km\/h.<\/p>\n<p><strong>DUAS MARCHAS\u00a0\u00a0<\/strong><\/p>\n<p>O maior diferencial deste ve\u00edculo \u00e9 o c\u00e2mbio com duas marchas semi-autom\u00e1tico, exclusivo entre patinetes motorizados. Opte por mais torque ou velocidade selecionando a marcha desejada, apenas apertando um bot\u00e3o, sem necessidade de acionar a embreagem.<\/p>\n<p><strong>SEGURAN\u00c7A\u00a0<\/strong><\/p>\n<p>\u201cPot\u00eancia n\u00e3o \u00e9 nada sem controle\u201d. O MoTork disp\u00f5e de duplo freio a disco (dianteiro e traseiro) de alta-performance que garantem uma frenagem segura.<\/p>\n<p><strong>VERS\u00c1TIL\u00a0<\/strong><\/p>\n<p>Grandes rodas pneum\u00e1ticas permitem o MoTork encarar terrenos\u00a0<em>off-road<\/em>. Terra, grama ou asfalto, o MoTork \u00e9 o equipamento certo para quem procura um ve\u00edculo sem limites.<\/p>\n<p><strong>CONFORTO\u00a0<\/strong><\/p>\n<p>Suspens\u00e3o dianteira e um grande assento em couro com molas proporcionam uma confort\u00e1vel viagem, mesmo em terrenos irregulares.<\/p>\n<p><strong>PORTABILIDADE\u00a0<\/strong><\/p>\n<p>Remova o assento, dobre o quadro e boa viagem! O MoTork lhe acompanha a qualquer lugar, no porta-malas de seu autom\u00f3vel.<\/p>\n<p>DICA! Utilize o MoTork para transporte pessoal na cidade sem abrir m\u00e3o do lazer com a fam\u00edlia na praia ou no campo.<\/p>\n<p><strong>INOXID\u00c1VEL<\/strong><\/p>\n<p>Todas as pe\u00e7as e parafusos s\u00e3o em alum\u00ednio ou a\u00e7o inoxid\u00e1vel (inox) que v\u00e3o manter o ve\u00edculo livre de oxida\u00e7\u00e3o e com boa apar\u00eancia por muito mais tempo.<\/p>\n<p><strong>RESISTENTE A CHUVA<\/strong><\/p>\n<p>Fa\u00e7a chuva ou fa\u00e7a sol, v\u00e1 de MoTork despreocupado. Como um verdadeiro ve\u00edculo, ele enfrenta o mau tempo sem causar danos ao motor ou a qualquer outra parte.<\/p>\n<p><strong>ANTI-FURTO\u00a0<\/strong><\/p>\n<p>Estacione e fique tranquilo. A chave de contato garante ao propriet\u00e1rio que ningu\u00e9m mais poder\u00e1 dar partida ao motor, preservando o MoTork para seu uso exclusivo e pessoal<\/p>\n<\/div>\n<\/div>\n<p>\u2013 Transporta at\u00e9 100kg<\/p>\n<p>\u2013 Assento remov\u00edvel e quadro dobr\u00e1vel<\/p>\n<p>\u2013 Duplo freio a disco (dianteiro e traseiro)<\/p>\n<p>\u2013 Suspens\u00e3o dianteira<\/p>\n<p>\u2013 Grandes rodas pneum\u00e1ticas off-road<\/p>\n<p>\u2013 Chave de contato<\/p>\n<p>\u2013 Resistente \u00e0 chuva<\/p>\n<p>\u2013 Todas as pe\u00e7as inoxid\u00e1veis<\/p>\n<p>\u2013 Design bonito e moderno<\/p>\n<p>\u2013 Baixo consumo (30km\/l)<\/p>\n<p>imagens meramente ilustrativas<\/p>\n<p>&nbsp;<\/p>\n<p>ATEN\u00c7\u00c3O PRODUTO ENVIADO SOMENTE POR TRANSPORTADORA<\/p>\n","protected":false},"featured_media":3469,"template":"","meta":[],"product_brand":[],"product_cat":[206],"product_tag":[],"class_list":{"0":"post-3461","1":"product","2":"type-product","3":"status-publish","4":"has-post-thumbnail","6":"product_cat-patinetes-semi-novo","8":"first","9":"outofstock","10":"shipping-taxable","11":"purchasable","12":"product-type-simple"},"_links":{"self":[{"href":"https:\/\/personalbiker.com.br\/lojapb\/wp-json\/wp\/v2\/product\/3461","targetHints":{"allow":["GET"]}}],"collection":[{"href":"https:\/\/personalbiker.com.br\/lojapb\/wp-json\/wp\/v2\/product"}],"about":[{"href":"https:\/\/personalbiker.com.br\/lojapb\/wp-json\/wp\/v2\/types\/product"}],"wp:featuredmedia":[{"embeddable":true,"href":"https:\/\/personalbiker.com.br\/lojapb\/wp-json\/wp\/v2\/media\/3469"}],"wp:attachment":[{"href":"https:\/\/personalbiker.com.br\/lojapb\/wp-json\/wp\/v2\/media?parent=3461"}],"wp:term":[{"taxonomy":"product_brand","embeddable":true,"href":"https:\/\/personalbiker.com.br\/lojapb\/wp-json\/wp\/v2\/product_brand?post=3461"},{"taxonomy":"product_cat","embeddable":true,"href":"https:\/\/personalbiker.com.br\/lojapb\/wp-json\/wp\/v2\/product_cat?post=3461"},{"taxonomy":"product_tag","embeddable":true,"href":"https:\/\/personalbiker.com.br\/lojapb\/wp-json\/wp\/v2\/product_tag?post=3461"}],"curies":[{"name":"wp","href":"https:\/\/api.w.org\/{rel}","templated":true}]}}