{"id":3291,"date":"2019-03-19T11:27:03","date_gmt":"2019-03-19T14:27:03","guid":{"rendered":"http:\/\/personalbiker.com.br\/lojapb\/?post_type=product&#038;p=3291"},"modified":"2021-07-06T07:49:11","modified_gmt":"2021-07-06T10:49:11","slug":"luva-asw-lazer-infantil-meio-dedo","status":"publish","type":"product","link":"https:\/\/personalbiker.com.br\/lojapb\/produto\/luva-asw-lazer-infantil-meio-dedo\/","title":{"rendered":"Luva Asw Lazer Infantil Meio dedo"},"content":{"rendered":"","protected":false},"excerpt":{"rendered":"<p>A\u00a0LUVA ASW LAZER INFANTIL cont\u00e9m refor\u00e7o na palma da m\u00e3o (interno) para conforto e seguran\u00e7a dos pequeninos que j\u00e1 se aventuram na pr\u00e1tica do esporte, sem falar que \u00e9 um tecido dur\u00e1vel e resistente.Caracter\u00edsticas:Refor\u00e7o do polegar em Clarino\u2122: possui repel\u00eancia \u00e0 \u00e1gua e \u00f3leo, tratamento anti-bactericida al\u00e9m de \u00f3tima resist\u00eancia \u00e0 abras\u00e3o;O tecido do polegar para enxugar o suor \u00e9\u00a0 feito de microfibra e possui antipeeling, antichama, regulador de temperatura (favorece o equil\u00edbrio t\u00e9rmico e prote\u00e7\u00e3o UV).Modelagem infantil.<\/p>\n<p>IMAGENS MERAMENTE ILUSTRATIVAS<\/p>\n","protected":false},"featured_media":3297,"template":"","meta":[],"product_brand":[],"product_cat":[312],"product_tag":[],"class_list":{"0":"post-3291","1":"product","2":"type-product","3":"status-publish","4":"has-post-thumbnail","6":"product_cat-luvas-infantil","7":"pa_cor-preto","8":"pa_tamanho-129","9":"pa_tamanho-128","11":"first","12":"outofstock","13":"shipping-taxable","14":"purchasable","15":"product-type-variable"},"_links":{"self":[{"href":"https:\/\/personalbiker.com.br\/lojapb\/wp-json\/wp\/v2\/product\/3291","targetHints":{"allow":["GET"]}}],"collection":[{"href":"https:\/\/personalbiker.com.br\/lojapb\/wp-json\/wp\/v2\/product"}],"about":[{"href":"https:\/\/personalbiker.com.br\/lojapb\/wp-json\/wp\/v2\/types\/product"}],"wp:featuredmedia":[{"embeddable":true,"href":"https:\/\/personalbiker.com.br\/lojapb\/wp-json\/wp\/v2\/media\/3297"}],"wp:attachment":[{"href":"https:\/\/personalbiker.com.br\/lojapb\/wp-json\/wp\/v2\/media?parent=3291"}],"wp:term":[{"taxonomy":"product_brand","embeddable":true,"href":"https:\/\/personalbiker.com.br\/lojapb\/wp-json\/wp\/v2\/product_brand?post=3291"},{"taxonomy":"product_cat","embeddable":true,"href":"https:\/\/personalbiker.com.br\/lojapb\/wp-json\/wp\/v2\/product_cat?post=3291"},{"taxonomy":"product_tag","embeddable":true,"href":"https:\/\/personalbiker.com.br\/lojapb\/wp-json\/wp\/v2\/product_tag?post=3291"}],"curies":[{"name":"wp","href":"https:\/\/api.w.org\/{rel}","templated":true}]}}

<p>A LUVA ASW LAZER INFANTIL contém reforço na palma da mão (interno) para conforto e segurança dos pequeninos que já se aventuram na prática do esporte, sem falar que é um tecido durável e resistente.Características:Reforço do polegar em Clarino™: possui repelência à água e óleo, tratamento anti-bactericida além de ótima resistência à abrasão;O tecido do polegar para enxugar o suor é  feito de microfibra e possui antipeeling, antichama, regulador de temperatura (favorece o equilíbrio térmico e proteção UV).Modelagem infantil.</p>
<p>IMAGENS MERAMENTE ILUSTRATIVAS</p>
