{"id":3249,"date":"2019-03-19T09:54:19","date_gmt":"2019-03-19T12:54:19","guid":{"rendered":"http:\/\/personalbiker.com.br\/lojapb\/?post_type=product&#038;p=3249"},"modified":"2022-08-22T13:10:50","modified_gmt":"2022-08-22T16:10:50","slug":"luva-asw-factory-16","status":"publish","type":"product","link":"https:\/\/personalbiker.com.br\/lojapb\/produto\/luva-asw-factory-16\/","title":{"rendered":"Luva Asw Factory 16"},"content":{"rendered":"","protected":false},"excerpt":{"rendered":"<p>Indicada para os pilotos que est\u00e3o iniciando no esporte ou para os atletas de finais de semanas, a LUVA ASW FACTORY 16 \u00e9 a escolha mais pr\u00e1tica e eficiente para as trilhas e pistas. Esta \u00e9 a melhor op\u00e7\u00e3o para quem procura por um bom equipamento com o melhor custo benef\u00edcio do mercado.Caracter\u00edsticas:Palma da m\u00e3o em CLARINO\u00ae;Entre dedos confeccionado em Lycra\u00ae;Refor\u00e7o do polegar e da palma da m\u00e3o em Clarino\u2122: oferece resist\u00eancia a abras\u00e3o;Punhos com SPANDEX\u00ae<\/p>\n<p>imagens meramente ilustrativas<\/p>\n","protected":false},"featured_media":3269,"template":"","meta":[],"product_brand":[],"product_cat":[17],"product_tag":[],"class_list":{"0":"post-3249","1":"product","2":"type-product","3":"status-publish","4":"has-post-thumbnail","6":"product_cat-luvas","7":"pa_cor-azul","8":"pa_cor-preto","9":"pa_cor-preto-amarelo","10":"pa_tamanho-m","12":"first","13":"outofstock","14":"shipping-taxable","15":"purchasable","16":"product-type-variable"},"_links":{"self":[{"href":"https:\/\/personalbiker.com.br\/lojapb\/wp-json\/wp\/v2\/product\/3249","targetHints":{"allow":["GET"]}}],"collection":[{"href":"https:\/\/personalbiker.com.br\/lojapb\/wp-json\/wp\/v2\/product"}],"about":[{"href":"https:\/\/personalbiker.com.br\/lojapb\/wp-json\/wp\/v2\/types\/product"}],"wp:featuredmedia":[{"embeddable":true,"href":"https:\/\/personalbiker.com.br\/lojapb\/wp-json\/wp\/v2\/media\/3269"}],"wp:attachment":[{"href":"https:\/\/personalbiker.com.br\/lojapb\/wp-json\/wp\/v2\/media?parent=3249"}],"wp:term":[{"taxonomy":"product_brand","embeddable":true,"href":"https:\/\/personalbiker.com.br\/lojapb\/wp-json\/wp\/v2\/product_brand?post=3249"},{"taxonomy":"product_cat","embeddable":true,"href":"https:\/\/personalbiker.com.br\/lojapb\/wp-json\/wp\/v2\/product_cat?post=3249"},{"taxonomy":"product_tag","embeddable":true,"href":"https:\/\/personalbiker.com.br\/lojapb\/wp-json\/wp\/v2\/product_tag?post=3249"}],"curies":[{"name":"wp","href":"https:\/\/api.w.org\/{rel}","templated":true}]}}