{"id":315,"date":"2015-05-11T17:21:10","date_gmt":"2015-05-11T17:21:10","guid":{"rendered":"http:\/\/personalbiker.com.br\/lojapb\/?product=trava-anti-furto-cabo-de-aco-100m"},"modified":"2019-12-20T15:43:28","modified_gmt":"2019-12-20T18:43:28","slug":"trava-anti-furto-cabo-de-aco-100m","status":"publish","type":"product","link":"https:\/\/personalbiker.com.br\/lojapb\/produto\/trava-anti-furto-cabo-de-aco-100m\/","title":{"rendered":"Trava Anti Furto &#8211; Articulada Cabo de A\u00e7o 1,00M 22MM"},"content":{"rendered":"","protected":false},"excerpt":{"rendered":"<p>TRAVA ANTIFURTO CABO DE A\u00c7O<\/p>\n<p>Steel Max &#8211; Cable Lock Trava antifurto, composto em cabo de A\u00e7o coberto por um resistente pl\u00e1stico. Produto de alt\u00edssima seguran\u00e7a, indicado para uso em moto, port\u00f5es e estepe de carros e pick-ups.<\/p>\n","protected":false},"featured_media":5171,"template":"","meta":[],"product_brand":[],"product_cat":[46],"product_tag":[],"class_list":{"0":"post-315","1":"product","2":"type-product","3":"status-publish","4":"has-post-thumbnail","6":"product_cat-travas-anti-furto","7":"pa_cor-preto","9":"first","10":"outofstock","11":"purchasable","12":"product-type-variable"},"_links":{"self":[{"href":"https:\/\/personalbiker.com.br\/lojapb\/wp-json\/wp\/v2\/product\/315","targetHints":{"allow":["GET"]}}],"collection":[{"href":"https:\/\/personalbiker.com.br\/lojapb\/wp-json\/wp\/v2\/product"}],"about":[{"href":"https:\/\/personalbiker.com.br\/lojapb\/wp-json\/wp\/v2\/types\/product"}],"wp:featuredmedia":[{"embeddable":true,"href":"https:\/\/personalbiker.com.br\/lojapb\/wp-json\/wp\/v2\/media\/5171"}],"wp:attachment":[{"href":"https:\/\/personalbiker.com.br\/lojapb\/wp-json\/wp\/v2\/media?parent=315"}],"wp:term":[{"taxonomy":"product_brand","embeddable":true,"href":"https:\/\/personalbiker.com.br\/lojapb\/wp-json\/wp\/v2\/product_brand?post=315"},{"taxonomy":"product_cat","embeddable":true,"href":"https:\/\/personalbiker.com.br\/lojapb\/wp-json\/wp\/v2\/product_cat?post=315"},{"taxonomy":"product_tag","embeddable":true,"href":"https:\/\/personalbiker.com.br\/lojapb\/wp-json\/wp\/v2\/product_tag?post=315"}],"curies":[{"name":"wp","href":"https:\/\/api.w.org\/{rel}","templated":true}]}}