{"id":3060,"date":"2019-03-16T10:11:55","date_gmt":"2019-03-16T13:11:55","guid":{"rendered":"http:\/\/personalbiker.com.br\/lojapb\/?post_type=product&#038;p=3060"},"modified":"2022-08-17T15:56:42","modified_gmt":"2022-08-17T18:56:42","slug":"capacete-pro-tork-liberty-four-for-girls","status":"publish","type":"product","link":"https:\/\/personalbiker.com.br\/lojapb\/produto\/capacete-pro-tork-liberty-four-for-girls\/","title":{"rendered":"Capacete Pro Tork liberty FOUR FOR GIRLS"},"content":{"rendered":"","protected":false},"excerpt":{"rendered":"<p>O Capacete LIBERTY FOUR FOR GIRLS, lider de vendas no mercado, inova com um toque feminino, trazendo charme e modernidade a este modelo. Desenvolvido com mat\u00e9ria prima de alta qualidade, garante ao motociclista seguran\u00e7a e conforto.<\/p>\n<p>Capacete aprovado pelo INMETRO, com selo autenticando<br \/>\nSelo: INMETRO: 001695-2012 \/ NBR 7471<\/p>\n<p>Caracter\u00edsticas:<br \/>\nCasco: ABS natural de alto impacto<br \/>\nRevestimento de prote\u00e7\u00e3o: EPS (tamb\u00e9m chamado ber\u00e7o) de alto impacto<br \/>\nForro: Nylon pluma duplado antial\u00e9rgico<br \/>\nEspuma: Espessura de 5 mm, densidade de 28 mm<br \/>\nCinta jugular: Nylon e feixe de engate r\u00e1pido<br \/>\nTroca de viseira: Press\u00e3o girat\u00f3ria<br \/>\nPala: Fixada com parafuso philips em a\u00e7o<br \/>\nViseira: Policarbonato de alto impacto com tratamento anti-risco<br \/>\nGr\u00e1fico: Adesivo em vinil pl\u00e1stico flores com logo marca<\/p>\n<p>Marca: Pro Tork<br \/>\nConte\u00fado da embalagem: 1 Capacete<br \/>\nDimens\u00f5es aproximadas da embalagem : 34 x 25 x 26 cm<br \/>\nPeso aproximado da embalagem: 1,3 Kg<br \/>\nInforma\u00e7\u00f5es Adicionais: Manter a parte interna em local seco e arejado.<\/p>\n<p>Imagens meramente ilustrativas<\/p>\n","protected":false},"featured_media":3065,"template":"","meta":[],"product_brand":[],"product_cat":[52],"product_tag":[],"class_list":{"0":"post-3060","1":"product","2":"type-product","3":"status-publish","4":"has-post-thumbnail","6":"product_cat-pro-tork","7":"pa_cor-branco","8":"pa_tamanho-73","10":"first","11":"outofstock","12":"shipping-taxable","13":"purchasable","14":"product-type-variable"},"_links":{"self":[{"href":"https:\/\/personalbiker.com.br\/lojapb\/wp-json\/wp\/v2\/product\/3060","targetHints":{"allow":["GET"]}}],"collection":[{"href":"https:\/\/personalbiker.com.br\/lojapb\/wp-json\/wp\/v2\/product"}],"about":[{"href":"https:\/\/personalbiker.com.br\/lojapb\/wp-json\/wp\/v2\/types\/product"}],"wp:featuredmedia":[{"embeddable":true,"href":"https:\/\/personalbiker.com.br\/lojapb\/wp-json\/wp\/v2\/media\/3065"}],"wp:attachment":[{"href":"https:\/\/personalbiker.com.br\/lojapb\/wp-json\/wp\/v2\/media?parent=3060"}],"wp:term":[{"taxonomy":"product_brand","embeddable":true,"href":"https:\/\/personalbiker.com.br\/lojapb\/wp-json\/wp\/v2\/product_brand?post=3060"},{"taxonomy":"product_cat","embeddable":true,"href":"https:\/\/personalbiker.com.br\/lojapb\/wp-json\/wp\/v2\/product_cat?post=3060"},{"taxonomy":"product_tag","embeddable":true,"href":"https:\/\/personalbiker.com.br\/lojapb\/wp-json\/wp\/v2\/product_tag?post=3060"}],"curies":[{"name":"wp","href":"https:\/\/api.w.org\/{rel}","templated":true}]}}