{"id":3047,"date":"2019-03-16T09:58:27","date_gmt":"2019-03-16T12:58:27","guid":{"rendered":"http:\/\/personalbiker.com.br\/lojapb\/?post_type=product&#038;p=3047"},"modified":"2024-04-15T08:16:46","modified_gmt":"2024-04-15T11:16:46","slug":"capacete-pro-tork-liberty-four","status":"publish","type":"product","link":"https:\/\/personalbiker.com.br\/lojapb\/produto\/capacete-pro-tork-liberty-four\/","title":{"rendered":"Capacete Pro Tork liberty FOUR"},"content":{"rendered":"","protected":false},"excerpt":{"rendered":"<p>Marca: Pro Tork<br \/>\nDescri\u00e7\u00e3o:<br \/>\n&#8211; Casco confeccionado em ABS natural de alto impacto;<br \/>\n&#8211; Revestimento de prote\u00e7\u00e3o confeccionado em EPS (tamb\u00e9m chamdo de ber\u00e7o) de alto impacto;<br \/>\n&#8211; Revestimento de conforto (forro) confeccionado em nylon pluma duplado anti-al\u00e9rgico, espuma com espessura de 5mm, densidade 28;<br \/>\n&#8211; Cinta jugular confeccionado em nylon e feixe de engate r\u00e1pido;<br \/>\n&#8211; Viseira injetada de alto impacto, troca de viseira com press\u00e3o girat\u00f3ria;<br \/>\n&#8211; Gr\u00e1fico adesivo em vinil pl\u00e1stico (resistente as a\u00e7\u00f5es do clima) com a logo marca Tork e Liberty 4<br \/>\nDica:<br \/>\nLIMPEZA EXTERNA: Nunca use produto em embalagem aerosol para limpar seu capacete, eles cont\u00e9m substancias que danificam os orif\u00edcios de ventila\u00e7\u00e3o e o visor. A melhor maneira de se livrar das foligens e de sujeiras causadas pela polui\u00e7\u00e3o, sempre limpando com \u00e1gua morna e sab\u00e3o neutro. Cuidado com os insetos; Se n\u00e3o remove-los o mais r\u00e1pido poss\u00edvel, grudar\u00e3o na superf\u00edcie e poder\u00e3o mancha-la, para remover utilize um papel toalha com \u00e1gua, ao secar passe um pano seco e limpo para dar acabamento. Use uma escova de dentes com \u00e1gua morna e sab\u00e3o neutro para limpar os orif\u00edcios de ventila\u00e7\u00e3o e lubrifique o visor com \u00f3leo de silicone pelo menos uma vez ao ano.<br \/>\nLIMPEZA INTERNA: A maioria dos capacetes foram projetados com forro remov\u00edvel, nesse caso, retire o forro e lave em \u00e1gua morna, n\u00e3o utilize m\u00e1quina de lavar, escorra o excesso de \u00e1gua e deixe secar na sombra. Lave o casco do capacete com xampu infantil, eles n\u00e3o possuem sais e subst\u00e2ncias qu\u00edmicas, que podem danificar o material interno. Deixe o casco secar ao ar livre, n\u00e3o use secador de cabelo diretamente no capacete, o ar quente poder\u00e3o derreter a camada protetora. .<\/p>\n<p>IMAGENS MERAMENTE ILUSTRATIVAS<\/p>\n","protected":false},"featured_media":3057,"template":"","meta":[],"product_brand":[],"product_cat":[52],"product_tag":[],"class_list":{"0":"post-3047","1":"product","2":"type-product","3":"status-publish","4":"has-post-thumbnail","6":"product_cat-pro-tork","7":"pa_cor-preto","8":"pa_tamanho-73","10":"first","11":"outofstock","12":"shipping-taxable","13":"purchasable","14":"product-type-simple"},"_links":{"self":[{"href":"https:\/\/personalbiker.com.br\/lojapb\/wp-json\/wp\/v2\/product\/3047","targetHints":{"allow":["GET"]}}],"collection":[{"href":"https:\/\/personalbiker.com.br\/lojapb\/wp-json\/wp\/v2\/product"}],"about":[{"href":"https:\/\/personalbiker.com.br\/lojapb\/wp-json\/wp\/v2\/types\/product"}],"wp:featuredmedia":[{"embeddable":true,"href":"https:\/\/personalbiker.com.br\/lojapb\/wp-json\/wp\/v2\/media\/3057"}],"wp:attachment":[{"href":"https:\/\/personalbiker.com.br\/lojapb\/wp-json\/wp\/v2\/media?parent=3047"}],"wp:term":[{"taxonomy":"product_brand","embeddable":true,"href":"https:\/\/personalbiker.com.br\/lojapb\/wp-json\/wp\/v2\/product_brand?post=3047"},{"taxonomy":"product_cat","embeddable":true,"href":"https:\/\/personalbiker.com.br\/lojapb\/wp-json\/wp\/v2\/product_cat?post=3047"},{"taxonomy":"product_tag","embeddable":true,"href":"https:\/\/personalbiker.com.br\/lojapb\/wp-json\/wp\/v2\/product_tag?post=3047"}],"curies":[{"name":"wp","href":"https:\/\/api.w.org\/{rel}","templated":true}]}}

<p>Marca: Pro Tork<br />
Descrição:<br />
&#8211; Casco confeccionado em ABS natural de alto impacto;<br />
&#8211; Revestimento de proteção confeccionado em EPS (também chamdo de berço) de alto impacto;<br />
&#8211; Revestimento de conforto (forro) confeccionado em nylon pluma duplado anti-alérgico, espuma com espessura de 5mm, densidade 28;<br />
&#8211; Cinta jugular confeccionado em nylon e feixe de engate rápido;<br />
&#8211; Viseira injetada de alto impacto, troca de viseira com pressão giratória;<br />
&#8211; Gráfico adesivo em vinil plástico (resistente as ações do clima) com a logo marca Tork e Liberty 4<br />
Dica:<br />
LIMPEZA EXTERNA: Nunca use produto em embalagem aerosol para limpar seu capacete, eles contém substancias que danificam os orifícios de ventilação e o visor. A melhor maneira de se livrar das foligens e de sujeiras causadas pela poluição, sempre limpando com água morna e sabão neutro. Cuidado com os insetos; Se não remove-los o mais rápido possível, grudarão na superfície e poderão mancha-la, para remover utilize um papel toalha com água, ao secar passe um pano seco e limpo para dar acabamento. Use uma escova de dentes com água morna e sabão neutro para limpar os orifícios de ventilação e lubrifique o visor com óleo de silicone pelo menos uma vez ao ano.<br />
LIMPEZA INTERNA: A maioria dos capacetes foram projetados com forro removível, nesse caso, retire o forro e lave em água morna, não utilize máquina de lavar, escorra o excesso de água e deixe secar na sombra. Lave o casco do capacete com xampu infantil, eles não possuem sais e substâncias químicas, que podem danificar o material interno. Deixe o casco secar ao ar livre, não use secador de cabelo diretamente no capacete, o ar quente poderão derreter a camada protetora. .</p>
<p>IMAGENS MERAMENTE ILUSTRATIVAS</p>
