{"id":2973,"date":"2019-03-15T15:49:21","date_gmt":"2019-03-15T18:49:21","guid":{"rendered":"http:\/\/personalbiker.com.br\/lojapb\/?post_type=product&#038;p=2973"},"modified":"2022-08-17T16:10:42","modified_gmt":"2022-08-17T19:10:42","slug":"capacete-pro-tork-evolution-788-g6-pro-series-tech","status":"publish","type":"product","link":"https:\/\/personalbiker.com.br\/lojapb\/produto\/capacete-pro-tork-evolution-788-g6-pro-series-tech\/","title":{"rendered":"Capacete Pro Tork Evolution 788 g6  PRO S\u00c9RIES TECH"},"content":{"rendered":"","protected":false},"excerpt":{"rendered":"<p>Capacete Evolution G6 Pro Series Tech<\/p>\n<p>Apresentamos o novo modelo Liberty Evolution 788 G6 PRO Series Tech.<\/p>\n<p>O modelo possui grafismos diferenciados, muito mais modernos e agressivos, contando com uma proposta \u00fanica no mercado. Acabamento fosco no casco e novo design de aerof\u00f3lio, mais aerodin\u00e2mico.<\/p>\n<p>O capacete \u00e9 super leve e conta com um novo forro termoformado em Cacharrel, material que oferece extremo conforto ao motociclista. O modelo ainda possu\u00ed entradas e sa\u00eddas de ar regul\u00e1veis, fecho microm\u00e9trico e uma resistente viseira cristal de dupla curvatura em policarbonato de 2mm de espessura. O casco \u00e9 injetado em ABS de alta resist\u00eancia e o EPS interno \u00e9 projetado para absorver e dissipar melhor os impactos.<\/p>\n<p>IMAGENS MERAMENTE ILUSTRATIVAS<\/p>\n","protected":false},"featured_media":10021,"template":"","meta":[],"product_brand":[],"product_cat":[52],"product_tag":[],"class_list":{"0":"post-2973","1":"product","2":"type-product","3":"status-publish","4":"has-post-thumbnail","6":"product_cat-pro-tork","7":"pa_cor-azul","8":"pa_cor-vermelho","9":"pa_tamanho-73","10":"pa_tamanho-74","11":"pa_tamanho-75","13":"first","14":"outofstock","15":"shipping-taxable","16":"purchasable","17":"product-type-variable"},"_links":{"self":[{"href":"https:\/\/personalbiker.com.br\/lojapb\/wp-json\/wp\/v2\/product\/2973","targetHints":{"allow":["GET"]}}],"collection":[{"href":"https:\/\/personalbiker.com.br\/lojapb\/wp-json\/wp\/v2\/product"}],"about":[{"href":"https:\/\/personalbiker.com.br\/lojapb\/wp-json\/wp\/v2\/types\/product"}],"wp:featuredmedia":[{"embeddable":true,"href":"https:\/\/personalbiker.com.br\/lojapb\/wp-json\/wp\/v2\/media\/10021"}],"wp:attachment":[{"href":"https:\/\/personalbiker.com.br\/lojapb\/wp-json\/wp\/v2\/media?parent=2973"}],"wp:term":[{"taxonomy":"product_brand","embeddable":true,"href":"https:\/\/personalbiker.com.br\/lojapb\/wp-json\/wp\/v2\/product_brand?post=2973"},{"taxonomy":"product_cat","embeddable":true,"href":"https:\/\/personalbiker.com.br\/lojapb\/wp-json\/wp\/v2\/product_cat?post=2973"},{"taxonomy":"product_tag","embeddable":true,"href":"https:\/\/personalbiker.com.br\/lojapb\/wp-json\/wp\/v2\/product_tag?post=2973"}],"curies":[{"name":"wp","href":"https:\/\/api.w.org\/{rel}","templated":true}]}}

Capacete Pro Tork Evolution 788 g6  PRO SÉRIES TECH

<p>Capacete Evolution G6 Pro Series Tech</p>
<p>Apresentamos o novo modelo Liberty Evolution 788 G6 PRO Series Tech.</p>
<p>O modelo possui grafismos diferenciados, muito mais modernos e agressivos, contando com uma proposta única no mercado. Acabamento fosco no casco e novo design de aerofólio, mais aerodinâmico.</p>
<p>O capacete é super leve e conta com um novo forro termoformado em Cacharrel, material que oferece extremo conforto ao motociclista. O modelo ainda possuí entradas e saídas de ar reguláveis, fecho micrométrico e uma resistente viseira cristal de dupla curvatura em policarbonato de 2mm de espessura. O casco é injetado em ABS de alta resistência e o EPS interno é projetado para absorver e dissipar melhor os impactos.</p>
<p>IMAGENS MERAMENTE ILUSTRATIVAS</p>
