{"id":2950,"date":"2019-03-15T14:44:49","date_gmt":"2019-03-15T17:44:49","guid":{"rendered":"http:\/\/personalbiker.com.br\/lojapb\/?post_type=product&#038;p=2950"},"modified":"2019-10-01T13:30:41","modified_gmt":"2019-10-01T16:30:41","slug":"capacete-pro-tork-evolution-788-g6-pro-neon","status":"publish","type":"product","link":"https:\/\/personalbiker.com.br\/lojapb\/produto\/capacete-pro-tork-evolution-788-g6-pro-neon\/","title":{"rendered":"Capacete Pro Tork Evolution 788 g6  pro"},"content":{"rendered":"","protected":false},"excerpt":{"rendered":"<p>possui grafismos diferenciados, modernos e agressivos, contando com uma proposta \u00fanica no mercado. Acabamento fosco no casco e novo design de aerof\u00f3lio, mais aerodin\u00e2mico. Possui forra\u00e7\u00e3o antial\u00e9rgica, entradas e sa\u00eddas de ar regul\u00e1veis, fecho microm\u00e9trico e uma resistente viseira cristal em policarbonato de 2mm de espessura. O casco \u00e9 injetado em ABS de alta resist\u00eancia e o EPS interno \u00e9 projetado para absorver e dissipar melhor os impactos. Segue as normas de seguran\u00e7a do INMETRO e DOT americano.<\/p>\n<p>Caracter\u00edsticas do Capacete:<\/p>\n<p>Modelo com grafismos diferenciados e modernos exclusivos da marca;<br \/>\nSeu acabamento \u00e9 feito na cor fosca;<br \/>\nNovo design de aerof\u00f3lio;<br \/>\nForra\u00e7\u00e3o antial\u00e9rgico;<br \/>\nEntradas de ar regul\u00e1veis;<br \/>\nFecho microm\u00e9trico;<br \/>\nViseira em Policarbonato de 2mm;<br \/>\nCasco injetado em ABS;<br \/>\nSegue as normas de seguran\u00e7a do INMETRO e DOT americano;<br \/>\nGarantia de 90 dias contra defeitos de fabrica\u00e7\u00e3o;<br \/>\nFabricante: Pro Tork;<br \/>\n\u00c9 importante escolher um capacete bem justo, pois a tend\u00eancia \u00e9 que ele se alargue com o uso. Portanto, se a sua medida \u00e9 56 ou 57 cm, escolha um 56 sem medo<br \/>\nSELO INMETRO 843218011 REGISTRO 0017032012 NBR7471<\/p>\n<p>&nbsp;<\/p>\n<p>IMAGENS MERAMENTE ILUSTRATIVAS<\/p>\n<p>&nbsp;<\/p>\n","protected":false},"featured_media":2962,"template":"","meta":[],"product_brand":[],"product_cat":[52],"product_tag":[],"class_list":{"0":"post-2950","1":"product","2":"type-product","3":"status-publish","4":"has-post-thumbnail","6":"product_cat-pro-tork","7":"pa_cor-preto-fosco-laranja","8":"pa_cor-preto-fosco-vermelho","9":"pa_cor-preto-fosco-azul-2","10":"pa_tamanho-74","11":"pa_tamanho-75","13":"first","14":"outofstock","15":"shipping-taxable","16":"purchasable","17":"product-type-variable"},"_links":{"self":[{"href":"https:\/\/personalbiker.com.br\/lojapb\/wp-json\/wp\/v2\/product\/2950","targetHints":{"allow":["GET"]}}],"collection":[{"href":"https:\/\/personalbiker.com.br\/lojapb\/wp-json\/wp\/v2\/product"}],"about":[{"href":"https:\/\/personalbiker.com.br\/lojapb\/wp-json\/wp\/v2\/types\/product"}],"wp:featuredmedia":[{"embeddable":true,"href":"https:\/\/personalbiker.com.br\/lojapb\/wp-json\/wp\/v2\/media\/2962"}],"wp:attachment":[{"href":"https:\/\/personalbiker.com.br\/lojapb\/wp-json\/wp\/v2\/media?parent=2950"}],"wp:term":[{"taxonomy":"product_brand","embeddable":true,"href":"https:\/\/personalbiker.com.br\/lojapb\/wp-json\/wp\/v2\/product_brand?post=2950"},{"taxonomy":"product_cat","embeddable":true,"href":"https:\/\/personalbiker.com.br\/lojapb\/wp-json\/wp\/v2\/product_cat?post=2950"},{"taxonomy":"product_tag","embeddable":true,"href":"https:\/\/personalbiker.com.br\/lojapb\/wp-json\/wp\/v2\/product_tag?post=2950"}],"curies":[{"name":"wp","href":"https:\/\/api.w.org\/{rel}","templated":true}]}}

<p>possui grafismos diferenciados, modernos e agressivos, contando com uma proposta única no mercado. Acabamento fosco no casco e novo design de aerofólio, mais aerodinâmico. Possui forração antialérgica, entradas e saídas de ar reguláveis, fecho micrométrico e uma resistente viseira cristal em policarbonato de 2mm de espessura. O casco é injetado em ABS de alta resistência e o EPS interno é projetado para absorver e dissipar melhor os impactos. Segue as normas de segurança do INMETRO e DOT americano.</p>
<p>Características do Capacete:</p>
<p>Modelo com grafismos diferenciados e modernos exclusivos da marca;<br />
Seu acabamento é feito na cor fosca;<br />
Novo design de aerofólio;<br />
Forração antialérgico;<br />
Entradas de ar reguláveis;<br />
Fecho micrométrico;<br />
Viseira em Policarbonato de 2mm;<br />
Casco injetado em ABS;<br />
Segue as normas de segurança do INMETRO e DOT americano;<br />
Garantia de 90 dias contra defeitos de fabricação;<br />
Fabricante: Pro Tork;<br />
É importante escolher um capacete bem justo, pois a tendência é que ele se alargue com o uso. Portanto, se a sua medida é 56 ou 57 cm, escolha um 56 sem medo<br />
SELO INMETRO 843218011 REGISTRO 0017032012 NBR7471</p>
<p>&nbsp;</p>
<p>IMAGENS MERAMENTE ILUSTRATIVAS</p>
<p>&nbsp;</p>
