{"id":2935,"date":"2019-03-15T14:18:03","date_gmt":"2019-03-15T17:18:03","guid":{"rendered":"http:\/\/personalbiker.com.br\/lojapb\/?post_type=product&#038;p=2935"},"modified":"2019-10-01T13:33:08","modified_gmt":"2019-10-01T16:33:08","slug":"capacete-pro-tork-evolution-788-g6-pro-colocor","status":"publish","type":"product","link":"https:\/\/personalbiker.com.br\/lojapb\/produto\/capacete-pro-tork-evolution-788-g6-pro-colocor\/","title":{"rendered":"Capacete Pro Tork Evolution 788 g6  PRO COLOCOR"},"content":{"rendered":"","protected":false},"excerpt":{"rendered":"<p>Apresentamos o novo modelo Liberty Evolution 788 G6 Color. Possui grafismos diferenciados, muito mais modernos e agressivos, contando com uma proposta \u00fanica no mercado. Novo design de aerof\u00f3lio, mais aerodin\u00e2mico. Possui forra\u00e7\u00e3o antial\u00e9rgica, entradas e sa\u00eddas de ar regul\u00e1veis, fecho microm\u00e9trico e uma resistente viseira cristal em policarbonato de 2mm de espessura. O casco \u00e9 injetado em ABS de alta resist\u00eancia e o EPS interno \u00e9 projetado para absorver e dissipar melhor os impactos.<\/p>\n<p>IMAGENS MERAMENTE ILUSTRATIVAS<\/p>\n","protected":false},"featured_media":2944,"template":"","meta":[],"product_brand":[],"product_cat":[52],"product_tag":[],"class_list":{"0":"post-2935","1":"product","2":"type-product","3":"status-publish","4":"has-post-thumbnail","6":"product_cat-pro-tork","7":"pa_cor-branco-azul","8":"pa_cor-preto-amarelo","9":"pa_tamanho-74","11":"first","12":"outofstock","13":"shipping-taxable","14":"purchasable","15":"product-type-variable"},"_links":{"self":[{"href":"https:\/\/personalbiker.com.br\/lojapb\/wp-json\/wp\/v2\/product\/2935","targetHints":{"allow":["GET"]}}],"collection":[{"href":"https:\/\/personalbiker.com.br\/lojapb\/wp-json\/wp\/v2\/product"}],"about":[{"href":"https:\/\/personalbiker.com.br\/lojapb\/wp-json\/wp\/v2\/types\/product"}],"wp:featuredmedia":[{"embeddable":true,"href":"https:\/\/personalbiker.com.br\/lojapb\/wp-json\/wp\/v2\/media\/2944"}],"wp:attachment":[{"href":"https:\/\/personalbiker.com.br\/lojapb\/wp-json\/wp\/v2\/media?parent=2935"}],"wp:term":[{"taxonomy":"product_brand","embeddable":true,"href":"https:\/\/personalbiker.com.br\/lojapb\/wp-json\/wp\/v2\/product_brand?post=2935"},{"taxonomy":"product_cat","embeddable":true,"href":"https:\/\/personalbiker.com.br\/lojapb\/wp-json\/wp\/v2\/product_cat?post=2935"},{"taxonomy":"product_tag","embeddable":true,"href":"https:\/\/personalbiker.com.br\/lojapb\/wp-json\/wp\/v2\/product_tag?post=2935"}],"curies":[{"name":"wp","href":"https:\/\/api.w.org\/{rel}","templated":true}]}}