{"id":2861,"date":"2019-03-15T11:31:47","date_gmt":"2019-03-15T14:31:47","guid":{"rendered":"http:\/\/personalbiker.com.br\/lojapb\/?post_type=product&#038;p=2861"},"modified":"2023-08-28T08:43:06","modified_gmt":"2023-08-28T11:43:06","slug":"capacete-pro-tork-evolution-788-g6-factory-edition","status":"publish","type":"product","link":"https:\/\/personalbiker.com.br\/lojapb\/produto\/capacete-pro-tork-evolution-788-g6-factory-edition\/","title":{"rendered":"Capacete Pro Tork Evolution 788 g6 Factory Edition"},"content":{"rendered":"","protected":false},"excerpt":{"rendered":"<p>Apresentamos o novo modelo Liberty Evolution 788 G6 Limited Edition. Possui grafismos diferenciados, muito mais modernos e agressivos, contando com uma proposta \u00fanica no mercado. Acabamento fosco no casco e novo design de aerof\u00f3lio, mais aerodin\u00e2mico. Possui forra\u00e7\u00e3o antial\u00e9rgica, entradas e sa\u00eddas de ar regul\u00e1veis, fecho microm\u00e9trico e uma resistente viseira cristal em policarbonato de 2mm de espessura. O casco \u00e9 injetado em ABS de alta resist\u00eancia e o EPS interno \u00e9 projetado para absorver e dissipar melhor os impactos.<\/p>\n<p>Observa\u00e7\u00f5es:<br \/>\nTodos os capacetes comercializados por nossa empresa est\u00e3o de acordo com as normas brasileiras.<br \/>\nS\u00e3o certificados conforme a Portaria n.\u00ba456 do INMETRO e NBR 7471 e possuem selo de homologa\u00e7\u00e3o.<\/p>\n<p>imagens meramente ilustrativas<\/p>\n<p>&nbsp;<\/p>\n","protected":false},"featured_media":2873,"template":"","meta":[],"product_brand":[],"product_cat":[52],"product_tag":[],"class_list":{"0":"post-2861","1":"product","2":"type-product","3":"status-publish","4":"has-post-thumbnail","6":"product_cat-pro-tork","7":"pa_cor-branco-vermelho","8":"pa_tamanho-74","9":"pa_tamanho-75","11":"first","12":"outofstock","13":"shipping-taxable","14":"product-type-simple"},"_links":{"self":[{"href":"https:\/\/personalbiker.com.br\/lojapb\/wp-json\/wp\/v2\/product\/2861","targetHints":{"allow":["GET"]}}],"collection":[{"href":"https:\/\/personalbiker.com.br\/lojapb\/wp-json\/wp\/v2\/product"}],"about":[{"href":"https:\/\/personalbiker.com.br\/lojapb\/wp-json\/wp\/v2\/types\/product"}],"wp:featuredmedia":[{"embeddable":true,"href":"https:\/\/personalbiker.com.br\/lojapb\/wp-json\/wp\/v2\/media\/2873"}],"wp:attachment":[{"href":"https:\/\/personalbiker.com.br\/lojapb\/wp-json\/wp\/v2\/media?parent=2861"}],"wp:term":[{"taxonomy":"product_brand","embeddable":true,"href":"https:\/\/personalbiker.com.br\/lojapb\/wp-json\/wp\/v2\/product_brand?post=2861"},{"taxonomy":"product_cat","embeddable":true,"href":"https:\/\/personalbiker.com.br\/lojapb\/wp-json\/wp\/v2\/product_cat?post=2861"},{"taxonomy":"product_tag","embeddable":true,"href":"https:\/\/personalbiker.com.br\/lojapb\/wp-json\/wp\/v2\/product_tag?post=2861"}],"curies":[{"name":"wp","href":"https:\/\/api.w.org\/{rel}","templated":true}]}}