{"id":2849,"date":"2019-03-15T11:01:52","date_gmt":"2019-03-15T14:01:52","guid":{"rendered":"http:\/\/personalbiker.com.br\/lojapb\/?post_type=product&#038;p=2849"},"modified":"2022-08-17T16:13:18","modified_gmt":"2022-08-17T19:13:18","slug":"capacete-pro-tork-evolution-788-g6-eagle-neon","status":"publish","type":"product","link":"https:\/\/personalbiker.com.br\/lojapb\/produto\/capacete-pro-tork-evolution-788-g6-eagle-neon\/","title":{"rendered":"Capacete Pro Tork Evolution 788 g6  Eagle Neon"},"content":{"rendered":"","protected":false},"excerpt":{"rendered":"<p>Novo Design com Grafismos em Transfer mais agressivos e modernos;<br \/>\nViseira de dupla curvatura em policarbonato com 2mm de espessura;<br \/>\nFechamento de Engate Microm\u00e9trico;<br \/>\nEntradas de ar frontais;<br \/>\nIsopor interno com aletas para absor\u00e7\u00e3o e dissipa\u00e7\u00e3o de choque;<br \/>\nNovo aerof\u00f3lio em material transparente e nova forra\u00e7\u00e3o antial\u00e9rgica;<\/p>\n<p>IMAGENS MERAMENTE ILUSTRATIVAS<\/p>\n","protected":false},"featured_media":10014,"template":"","meta":[],"product_brand":[],"product_cat":[52],"product_tag":[],"class_list":{"0":"post-2849","1":"product","2":"type-product","3":"status-publish","4":"has-post-thumbnail","6":"product_cat-pro-tork","7":"pa_cor-preto-azul","8":"pa_tamanho-74","10":"first","11":"outofstock","12":"shipping-taxable","13":"purchasable","14":"product-type-variable"},"_links":{"self":[{"href":"https:\/\/personalbiker.com.br\/lojapb\/wp-json\/wp\/v2\/product\/2849","targetHints":{"allow":["GET"]}}],"collection":[{"href":"https:\/\/personalbiker.com.br\/lojapb\/wp-json\/wp\/v2\/product"}],"about":[{"href":"https:\/\/personalbiker.com.br\/lojapb\/wp-json\/wp\/v2\/types\/product"}],"wp:featuredmedia":[{"embeddable":true,"href":"https:\/\/personalbiker.com.br\/lojapb\/wp-json\/wp\/v2\/media\/10014"}],"wp:attachment":[{"href":"https:\/\/personalbiker.com.br\/lojapb\/wp-json\/wp\/v2\/media?parent=2849"}],"wp:term":[{"taxonomy":"product_brand","embeddable":true,"href":"https:\/\/personalbiker.com.br\/lojapb\/wp-json\/wp\/v2\/product_brand?post=2849"},{"taxonomy":"product_cat","embeddable":true,"href":"https:\/\/personalbiker.com.br\/lojapb\/wp-json\/wp\/v2\/product_cat?post=2849"},{"taxonomy":"product_tag","embeddable":true,"href":"https:\/\/personalbiker.com.br\/lojapb\/wp-json\/wp\/v2\/product_tag?post=2849"}],"curies":[{"name":"wp","href":"https:\/\/api.w.org\/{rel}","templated":true}]}}

<p>Novo Design com Grafismos em Transfer mais agressivos e modernos;<br />
Viseira de dupla curvatura em policarbonato com 2mm de espessura;<br />
Fechamento de Engate Micrométrico;<br />
Entradas de ar frontais;<br />
Isopor interno com aletas para absorção e dissipação de choque;<br />
Novo aerofólio em material transparente e nova forração antialérgica;</p>
<p>IMAGENS MERAMENTE ILUSTRATIVAS</p>
