{"id":2843,"date":"2019-03-15T10:24:19","date_gmt":"2019-03-15T13:24:19","guid":{"rendered":"http:\/\/personalbiker.com.br\/lojapb\/?post_type=product&#038;p=2843"},"modified":"2022-08-17T16:14:41","modified_gmt":"2022-08-17T19:14:41","slug":"capacete-pro-tork-evolution-788-g5-carbon-evon","status":"publish","type":"product","link":"https:\/\/personalbiker.com.br\/lojapb\/produto\/capacete-pro-tork-evolution-788-g5-carbon-evon\/","title":{"rendered":"Capacete Pro Tork Evolution 788 g5 CARBON EVON"},"content":{"rendered":"","protected":false},"excerpt":{"rendered":"<div class=\"_-6UNl\">\n<article>\n<section class=\"EeCU_\">\n<div class=\"_3b8oP cell\">\n<section class=\"_2RbVQ\" data-hook=\"description-wrapper\">\n<div class=\"_3nbVj\">\n<div class=\"_3cRjW\" data-hook=\"content-wrapper\">\n<p>Novo design com grafismos em transfer mais agressivo e moderno, possui viseira de dupla curvatura em policarbonato com 2 mm de espessura, fechamento de engate r\u00e1pido, entradas de ar frontais, isopor Interno com aletas para absor\u00e7\u00e3o e dissipa\u00e7\u00e3o de choque, mais resistente e seguro e novo aerof\u00f3lio em material transparente e nova forra\u00e7\u00e3o<\/p>\n<\/div>\n<\/div>\n<\/section>\n<\/div>\n<div class=\"_1-Y_M cell\">\n<div class=\"_2YYDK\" data-hook=\"product-options\">\n<div data-hook=\"product-options-inputs\">IMAGENS MERAMENTE ILUSTRATIVAS<\/div>\n<\/div>\n<\/div>\n<\/section>\n<\/article>\n<\/div>\n","protected":false},"featured_media":10028,"template":"","meta":[],"product_brand":[],"product_cat":[52],"product_tag":[],"class_list":{"0":"post-2843","1":"product","2":"type-product","3":"status-publish","4":"has-post-thumbnail","6":"product_cat-pro-tork","7":"pa_cor-preto-cinza","8":"pa_cor-preto-rosa","9":"pa_tamanho-74","11":"first","12":"outofstock","13":"shipping-taxable","14":"purchasable","15":"product-type-variable"},"_links":{"self":[{"href":"https:\/\/personalbiker.com.br\/lojapb\/wp-json\/wp\/v2\/product\/2843","targetHints":{"allow":["GET"]}}],"collection":[{"href":"https:\/\/personalbiker.com.br\/lojapb\/wp-json\/wp\/v2\/product"}],"about":[{"href":"https:\/\/personalbiker.com.br\/lojapb\/wp-json\/wp\/v2\/types\/product"}],"wp:featuredmedia":[{"embeddable":true,"href":"https:\/\/personalbiker.com.br\/lojapb\/wp-json\/wp\/v2\/media\/10028"}],"wp:attachment":[{"href":"https:\/\/personalbiker.com.br\/lojapb\/wp-json\/wp\/v2\/media?parent=2843"}],"wp:term":[{"taxonomy":"product_brand","embeddable":true,"href":"https:\/\/personalbiker.com.br\/lojapb\/wp-json\/wp\/v2\/product_brand?post=2843"},{"taxonomy":"product_cat","embeddable":true,"href":"https:\/\/personalbiker.com.br\/lojapb\/wp-json\/wp\/v2\/product_cat?post=2843"},{"taxonomy":"product_tag","embeddable":true,"href":"https:\/\/personalbiker.com.br\/lojapb\/wp-json\/wp\/v2\/product_tag?post=2843"}],"curies":[{"name":"wp","href":"https:\/\/api.w.org\/{rel}","templated":true}]}}

<div class="_-6UNl">
<article>
<section class="EeCU_">
<div class="_3b8oP cell">
<section class="_2RbVQ" data-hook="description-wrapper">
<div class="_3nbVj">
<div class="_3cRjW" data-hook="content-wrapper">
<p>Novo design com grafismos em transfer mais agressivo e moderno, possui viseira de dupla curvatura em policarbonato com 2 mm de espessura, fechamento de engate rápido, entradas de ar frontais, isopor Interno com aletas para absorção e dissipação de choque, mais resistente e seguro e novo aerofólio em material transparente e nova forração</p>
</div>
</div>
</section>
</div>
<div class="_1-Y_M cell">
<div class="_2YYDK" data-hook="product-options">
<div data-hook="product-options-inputs">IMAGENS MERAMENTE ILUSTRATIVAS</div>
</div>
</div>
</section>
</article>
</div>
