{"id":2766,"date":"2019-03-13T14:14:39","date_gmt":"2019-03-13T17:14:39","guid":{"rendered":"http:\/\/personalbiker.com.br\/lojapb\/?post_type=product&#038;p=2766"},"modified":"2019-11-26T12:55:29","modified_gmt":"2019-11-26T15:55:29","slug":"viseira-bieffe-b12r-cristal-anto-risco-1635tc","status":"publish","type":"product","link":"https:\/\/personalbiker.com.br\/lojapb\/produto\/viseira-bieffe-b12r-cristal-anto-risco-1635tc\/","title":{"rendered":"Viseira BIEFFE B12R CRISTAL ANTI RISCO 1635TC"},"content":{"rendered":"<p>Posso usar capacete com viseira cristal, fum\u00ea e espelhada?<br \/>\nO Contran estabelece que a viseira poder\u00e1 ser no padr\u00e3o cristal, camale\u00e3o, cromada, dourada, fum\u00ea e iridium, para uso diurno. J\u00e1 para uso noturno somente a de padr\u00e3o cristal.<\/p>\n<p>Existe alguma lei que pro\u00edbe?<br \/>\nN\u00e3o h\u00e1 lei que pro\u00edba o uso de viseira do tipo fum\u00ea ou espelhada de modo geral, mas elas s\u00e3o sim proibidas de usar \u00e0 noite.<\/p>\n<p>&nbsp;<\/p>\n<p><strong>OBS: IMAGENS ILUSTRATIVAS! PRODUTO ANUNCIADO \u00c9 NA COR CRISTAL! OUTRAS FOTOS SOMENTE PARA DEMONSTRA\u00c7\u00c3O DO ENCAIXE DA VISEIRA.<\/strong><\/p>\n","protected":false},"excerpt":{"rendered":"<p>Posso usar capacete com viseira cristal, fum\u00ea e espelhada? O Contran estabelece que a viseira poder\u00e1 ser no padr\u00e3o cristal, camale\u00e3o, cromada, dourada, fum\u00ea e iridium, para uso diurno. J\u00e1 para uso noturno somente a de padr\u00e3o cristal. Existe alguma lei que pro\u00edbe? N\u00e3o h\u00e1 lei que pro\u00edba o uso de viseira do tipo fum\u00ea [&#8230;]\n","protected":false},"featured_media":3633,"template":"","meta":[],"product_brand":[],"product_cat":[307],"product_tag":[],"class_list":{"0":"post-2766","1":"product","2":"type-product","3":"status-publish","4":"has-post-thumbnail","6":"product_cat-viseiras","8":"first","9":"outofstock","10":"shipping-taxable","11":"purchasable","12":"product-type-simple"},"_links":{"self":[{"href":"https:\/\/personalbiker.com.br\/lojapb\/wp-json\/wp\/v2\/product\/2766","targetHints":{"allow":["GET"]}}],"collection":[{"href":"https:\/\/personalbiker.com.br\/lojapb\/wp-json\/wp\/v2\/product"}],"about":[{"href":"https:\/\/personalbiker.com.br\/lojapb\/wp-json\/wp\/v2\/types\/product"}],"wp:featuredmedia":[{"embeddable":true,"href":"https:\/\/personalbiker.com.br\/lojapb\/wp-json\/wp\/v2\/media\/3633"}],"wp:attachment":[{"href":"https:\/\/personalbiker.com.br\/lojapb\/wp-json\/wp\/v2\/media?parent=2766"}],"wp:term":[{"taxonomy":"product_brand","embeddable":true,"href":"https:\/\/personalbiker.com.br\/lojapb\/wp-json\/wp\/v2\/product_brand?post=2766"},{"taxonomy":"product_cat","embeddable":true,"href":"https:\/\/personalbiker.com.br\/lojapb\/wp-json\/wp\/v2\/product_cat?post=2766"},{"taxonomy":"product_tag","embeddable":true,"href":"https:\/\/personalbiker.com.br\/lojapb\/wp-json\/wp\/v2\/product_tag?post=2766"}],"curies":[{"name":"wp","href":"https:\/\/api.w.org\/{rel}","templated":true}]}}

<p>Posso usar capacete com viseira cristal, fumê e espelhada?<br />
O Contran estabelece que a viseira poderá ser no padrão cristal, camaleão, cromada, dourada, fumê e iridium, para uso diurno. Já para uso noturno somente a de padrão cristal.</p>
<p>Existe alguma lei que proíbe?<br />
Não há lei que proíba o uso de viseira do tipo fumê ou espelhada de modo geral, mas elas são sim proibidas de usar à noite.</p>
<p>&nbsp;</p>
<p><strong>OBS: IMAGENS ILUSTRATIVAS! PRODUTO ANUNCIADO É NA COR CRISTAL! OUTRAS FOTOS SOMENTE PARA DEMONSTRAÇÃO DO ENCAIXE DA VISEIRA.</strong></p>

<p>Posso usar capacete com viseira cristal, fumê e espelhada? O Contran estabelece que a viseira poderá ser no padrão cristal, camaleão, cromada, dourada, fumê e iridium, para uso diurno. Já para uso noturno somente a de padrão cristal. Existe alguma lei que proíbe? Não há lei que proíba o uso de viseira do tipo fumê [&#8230;]
