{"id":2726,"date":"2019-03-11T14:29:15","date_gmt":"2019-03-11T17:29:15","guid":{"rendered":"http:\/\/personalbiker.com.br\/lojapb\/?post_type=product&#038;p=2726"},"modified":"2022-08-12T14:17:24","modified_gmt":"2022-08-12T17:17:24","slug":"viseira-agv-k3-k4-cristal-1704c","status":"publish","type":"product","link":"https:\/\/personalbiker.com.br\/lojapb\/produto\/viseira-agv-k3-k4-cristal-1704c\/","title":{"rendered":"Viseira Agv K3 K4 Cristal  1704c"},"content":{"rendered":"<p>Caracter\u00edsticas: Viseira Injetada 2.2mm;<br \/>\nFeita em policarbonato;<br \/>\nAplica\u00e7\u00e3o: AGV K3\/K4<br \/>\nProte\u00e7\u00e3o contra Raios Uv;<br \/>\nProte\u00e7\u00e3o Anti-Risco;<br \/>\nMaior prote\u00e7\u00e3o, durabilidade, veda\u00e7\u00e3o, transpar\u00eancia, e funcionalidade no capacete;<br \/>\nCores: Cristal<\/p>\n<p>imagens meramente ilustrativas<\/p>\n","protected":false},"excerpt":{"rendered":"<p>imagens meramente ilustrativas<\/p>\n","protected":false},"featured_media":3649,"template":"","meta":[],"product_brand":[],"product_cat":[307],"product_tag":[],"class_list":{"0":"post-2726","1":"product","2":"type-product","3":"status-publish","4":"has-post-thumbnail","6":"product_cat-viseiras","8":"first","9":"instock","10":"shipping-taxable","11":"purchasable","12":"product-type-simple"},"_links":{"self":[{"href":"https:\/\/personalbiker.com.br\/lojapb\/wp-json\/wp\/v2\/product\/2726","targetHints":{"allow":["GET"]}}],"collection":[{"href":"https:\/\/personalbiker.com.br\/lojapb\/wp-json\/wp\/v2\/product"}],"about":[{"href":"https:\/\/personalbiker.com.br\/lojapb\/wp-json\/wp\/v2\/types\/product"}],"wp:featuredmedia":[{"embeddable":true,"href":"https:\/\/personalbiker.com.br\/lojapb\/wp-json\/wp\/v2\/media\/3649"}],"wp:attachment":[{"href":"https:\/\/personalbiker.com.br\/lojapb\/wp-json\/wp\/v2\/media?parent=2726"}],"wp:term":[{"taxonomy":"product_brand","embeddable":true,"href":"https:\/\/personalbiker.com.br\/lojapb\/wp-json\/wp\/v2\/product_brand?post=2726"},{"taxonomy":"product_cat","embeddable":true,"href":"https:\/\/personalbiker.com.br\/lojapb\/wp-json\/wp\/v2\/product_cat?post=2726"},{"taxonomy":"product_tag","embeddable":true,"href":"https:\/\/personalbiker.com.br\/lojapb\/wp-json\/wp\/v2\/product_tag?post=2726"}],"curies":[{"name":"wp","href":"https:\/\/api.w.org\/{rel}","templated":true}]}}

<p>Características: Viseira Injetada 2.2mm;<br />
Feita em policarbonato;<br />
Aplicação: AGV K3/K4<br />
Proteção contra Raios Uv;<br />
Proteção Anti-Risco;<br />
Maior proteção, durabilidade, vedação, transparência, e funcionalidade no capacete;<br />
Cores: Cristal</p>
<p>imagens meramente ilustrativas</p>
