{"id":2704,"date":"2019-03-11T13:03:13","date_gmt":"2019-03-11T16:03:13","guid":{"rendered":"http:\/\/personalbiker.com.br\/lojapb\/?post_type=product&#038;p=2704"},"modified":"2019-11-26T14:20:29","modified_gmt":"2019-11-26T17:20:29","slug":"capacete-mt-thunder-3-effect-matt","status":"publish","type":"product","link":"https:\/\/personalbiker.com.br\/lojapb\/produto\/capacete-mt-thunder-3-effect-matt\/","title":{"rendered":"Capacete  MT THUNDER 3 EFFECT MATT"},"content":{"rendered":"","protected":false},"excerpt":{"rendered":"<p>Caracter\u00edsticas<\/p>\n<p>O capacete Mt Thunder 3 \u00e9 ideal para o dia a dia e longas viagens, possui caracter\u00edsticas racing com tecnologia, muita ergonomia e alto n\u00edvel de prote\u00e7\u00e3o e conforto<\/p>\n<p>Especifica\u00e7\u00f5es T\u00e9cnicas<\/p>\n<p>&#8211; Estrutura externa do Casco Bi Composto, possui policarbonato em sua composi\u00e7\u00e3o que proporciona alta absor\u00e7\u00e3o de impacto, al\u00e9m de proporcionar um casco mais leve<\/p>\n<p>&#8211; Design aerodin\u00e2mico<\/p>\n<p>&#8211; Forro anti-al\u00e9rgico extremamente confort\u00e1vel, composto por m\u00faltiplas densidades de tecidos de secagem ultra r\u00e1pida, al\u00e9m de ser remov\u00edvel e lav\u00e1vel<\/p>\n<p>&#8211; Estrutura interna em Eps com canaletas de m\u00faltiplas densidades para alta absor\u00e7\u00e3o de impacto<\/p>\n<p>&#8211; Sistema de ventila\u00e7\u00e3o moderno em perfeita harmonia com o casco e de f\u00e1cil acionamento. Com 02 entradas de ar frontais e 1 sa\u00edda de ar traseira com aerof\u00f3lio anti-turbul\u00eancia, que criam uma \u00f3tima ventila\u00e7\u00e3o interna<\/p>\n<p>&#8211; Forro extremamente confort\u00e1vel de m\u00faltiplas densidades de tecidos especiais com tratamento hipoal\u00e9rgico e antibacteriano. Possui espa\u00e7o para uso de fones de ouvido, al\u00e9m de ser remov\u00edvel e lav\u00e1vel<\/p>\n<p>&#8211; Viseira Max Vision em policarbonato de 2,2 mm, com ampla vis\u00e3o, prote\u00e7\u00e3o anti-risco e Uv que protege contra os raios ultravioleta, j\u00e1 vem preparada para Pinlock\u00ae (pel\u00edcula interna, faz com que a viseira n\u00e3o embace). Seu fechamento \u00e9 perfeito e com \u00f3tima veda\u00e7\u00e3o<\/p>\n<p>&#8211; Sistema de troca r\u00e1pida da viseira, para facilitar o uso das viseiras recomendadas em situa\u00e7\u00f5es diurnas e noturnas<\/p>\n<p>&#8211; Cinta jugular com engate microm\u00e9trico para maior praticidade, conforto e seguran\u00e7a, com acabamento em tecido extremamente confort\u00e1vel<\/p>\n<p>&#8211; Narigueira antiemba\u00e7ante, evita que o ar quente da respira\u00e7\u00e3o se choque diretamente na viseira<\/p>\n<p>&#8211; Bavete, indispens\u00e1vel na redu\u00e7\u00e3o do vento interno, proporcionando maior conforto<\/p>\n<p>&#8211; Acabamentos com visual carbono, entradas e sa\u00edda de ar pintados na cor do casco, proporcionando maior resist\u00eancia, durabilidade e melhor est\u00e9tica.<\/p>\n<p>imagens meramente ilustrativas<\/p>\n","protected":false},"featured_media":8073,"template":"","meta":[],"product_brand":[],"product_cat":[53],"product_tag":[],"class_list":{"0":"post-2704","1":"product","2":"type-product","3":"status-publish","4":"has-post-thumbnail","6":"product_cat-mt","7":"pa_cor-preto-fosco-vermelho","8":"pa_tamanho-58m","10":"first","11":"outofstock","12":"shipping-taxable","13":"purchasable","14":"product-type-variable"},"_links":{"self":[{"href":"https:\/\/personalbiker.com.br\/lojapb\/wp-json\/wp\/v2\/product\/2704","targetHints":{"allow":["GET"]}}],"collection":[{"href":"https:\/\/personalbiker.com.br\/lojapb\/wp-json\/wp\/v2\/product"}],"about":[{"href":"https:\/\/personalbiker.com.br\/lojapb\/wp-json\/wp\/v2\/types\/product"}],"wp:featuredmedia":[{"embeddable":true,"href":"https:\/\/personalbiker.com.br\/lojapb\/wp-json\/wp\/v2\/media\/8073"}],"wp:attachment":[{"href":"https:\/\/personalbiker.com.br\/lojapb\/wp-json\/wp\/v2\/media?parent=2704"}],"wp:term":[{"taxonomy":"product_brand","embeddable":true,"href":"https:\/\/personalbiker.com.br\/lojapb\/wp-json\/wp\/v2\/product_brand?post=2704"},{"taxonomy":"product_cat","embeddable":true,"href":"https:\/\/personalbiker.com.br\/lojapb\/wp-json\/wp\/v2\/product_cat?post=2704"},{"taxonomy":"product_tag","embeddable":true,"href":"https:\/\/personalbiker.com.br\/lojapb\/wp-json\/wp\/v2\/product_tag?post=2704"}],"curies":[{"name":"wp","href":"https:\/\/api.w.org\/{rel}","templated":true}]}}

<p>Características</p>
<p>O capacete Mt Thunder 3 é ideal para o dia a dia e longas viagens, possui características racing com tecnologia, muita ergonomia e alto nível de proteção e conforto</p>
<p>Especificações Técnicas</p>
<p>&#8211; Estrutura externa do Casco Bi Composto, possui policarbonato em sua composição que proporciona alta absorção de impacto, além de proporcionar um casco mais leve</p>
<p>&#8211; Design aerodinâmico</p>
<p>&#8211; Forro anti-alérgico extremamente confortável, composto por múltiplas densidades de tecidos de secagem ultra rápida, além de ser removível e lavável</p>
<p>&#8211; Estrutura interna em Eps com canaletas de múltiplas densidades para alta absorção de impacto</p>
<p>&#8211; Sistema de ventilação moderno em perfeita harmonia com o casco e de fácil acionamento. Com 02 entradas de ar frontais e 1 saída de ar traseira com aerofólio anti-turbulência, que criam uma ótima ventilação interna</p>
<p>&#8211; Forro extremamente confortável de múltiplas densidades de tecidos especiais com tratamento hipoalérgico e antibacteriano. Possui espaço para uso de fones de ouvido, além de ser removível e lavável</p>
<p>&#8211; Viseira Max Vision em policarbonato de 2,2 mm, com ampla visão, proteção anti-risco e Uv que protege contra os raios ultravioleta, já vem preparada para Pinlock® (película interna, faz com que a viseira não embace). Seu fechamento é perfeito e com ótima vedação</p>
<p>&#8211; Sistema de troca rápida da viseira, para facilitar o uso das viseiras recomendadas em situações diurnas e noturnas</p>
<p>&#8211; Cinta jugular com engate micrométrico para maior praticidade, conforto e segurança, com acabamento em tecido extremamente confortável</p>
<p>&#8211; Narigueira antiembaçante, evita que o ar quente da respiração se choque diretamente na viseira</p>
<p>&#8211; Bavete, indispensável na redução do vento interno, proporcionando maior conforto</p>
<p>&#8211; Acabamentos com visual carbono, entradas e saída de ar pintados na cor do casco, proporcionando maior resistência, durabilidade e melhor estética.</p>
<p>imagens meramente ilustrativas</p>
